{"id":92788,"date":"2022-07-11T10:26:36","date_gmt":"2022-07-11T10:26:36","guid":{"rendered":"https:\/\/www.leeb-balkone.com\/de\/?post_type=tribe_events&#038;p=92788"},"modified":"2025-12-17T14:16:00","modified_gmt":"2025-12-17T14:16:00","slug":"thueringen-ausstellung","status":"publish","type":"tribe_events","link":"https:\/\/www.leeb-balkone.com\/de\/messe\/thueringen-ausstellung\/","title":{"rendered":"Th\u00fcringen Ausstellung"},"content":{"rendered":"<p>Mit rund 200 Ausstellern aus dem Baubereich bietet die nun schon 33. Th\u00fcringen Ausstellung privaten Bauinteressierten auf der gr\u00f6\u00dften Baumesse Mitteldeutschlands so viel Information wie nirgendwo sonst. Die zahlreichen Aussteller aus der Baubranche pr\u00e4sentieren ihre reiche Produktpalette und beantworten jegliche Fragen seitens potentieller Interessenten und Kunden.<\/p>\n","protected":false},"excerpt":{"rendered":"","protected":false},"author":3,"featured_media":92790,"template":"","meta":{"_acf_changed":false,"_tribe_events_status":"","_tribe_events_status_reason":"","_tribe_events_is_hybrid":"","_tribe_events_is_virtual":"","_tribe_events_virtual_video_source":"","_tribe_events_virtual_embed_video":"","_tribe_events_virtual_linked_button_text":"","_tribe_events_virtual_linked_button":"","_tribe_events_virtual_show_embed_at":"","_tribe_events_virtual_show_embed_to":[],"_tribe_events_virtual_show_on_event":"","_tribe_events_virtual_show_on_views":"","_tribe_events_virtual_url":"","footnotes":""},"tags":[],"tribe_events_cat":[],"class_list":["post-92788","tribe_events","type-tribe_events","status-publish","has-post-thumbnail","hentry"],"acf":[],"yoast_head":"<!-- This site is optimized with the Yoast SEO plugin v27.2 - https:\/\/yoast.com\/product\/yoast-seo-wordpress\/ -->\n<title>Th\u00fcringen Ausstellung - Leeb Balkone Deutschland<\/title>\n<meta name=\"description\" content=\"Mit rund 200 Ausstellern aus dem Baubereich bietet die nun schon 33. Th\u00fcringen Ausstellung privaten Bauinteressierten auf der gr\u00f6\u00dften Baumesse\" \/>\n<meta name=\"robots\" content=\"index, follow, max-snippet:-1, max-image-preview:large, max-video-preview:-1\" \/>\n<meta property=\"og:locale\" content=\"de_DE\" \/>\n<meta property=\"og:type\" content=\"article\" \/>\n<meta property=\"og:title\" content=\"Th\u00fcringen Ausstellung - Leeb Balkone\" \/>\n<meta property=\"og:description\" content=\"Mit rund 200 Ausstellern aus dem Baubereich bietet die nun schon 33. Th\u00fcringen Ausstellung privaten Bauinteressierten auf der gr\u00f6\u00dften Baumesse\" \/>\n<meta property=\"og:url\" content=\"https:\/\/www.leeb-balkone.com\/de\/messe\/thueringen-ausstellung\/\" \/>\n<meta property=\"og:site_name\" content=\"Leeb Balkone\" \/>\n<meta property=\"article:publisher\" content=\"https:\/\/www.facebook.com\/balkone\/\" \/>\n<meta property=\"article:modified_time\" content=\"2025-12-17T14:16:00+00:00\" \/>\n<meta property=\"og:image\" content=\"https:\/\/www.leeb-balkone.com\/app\/uploads\/2022\/07\/Thu\u0308ringer-Ausstellung.jpg\" \/>\n\t<meta property=\"og:image:width\" content=\"395\" \/>\n\t<meta property=\"og:image:height\" content=\"395\" \/>\n\t<meta property=\"og:image:type\" content=\"image\/jpeg\" \/>\n<meta name=\"twitter:card\" content=\"summary_large_image\" \/>\n<script type=\"application\/ld+json\" class=\"yoast-schema-graph\">{\"@context\":\"https:\/\/schema.org\",\"@graph\":[{\"@type\":\"WebPage\",\"@id\":\"https:\/\/www.leeb-balkone.com\/de\/messe\/thueringen-ausstellung\/\",\"url\":\"https:\/\/www.leeb-balkone.com\/de\/messe\/thueringen-ausstellung\/\",\"name\":\"Th\u00fcringen Ausstellung - Leeb Balkone\",\"isPartOf\":{\"@id\":\"https:\/\/www.leeb-balkone.com\/de\/#website\"},\"primaryImageOfPage\":{\"@id\":\"https:\/\/www.leeb-balkone.com\/de\/messe\/thueringen-ausstellung\/#primaryimage\"},\"image\":{\"@id\":\"https:\/\/www.leeb-balkone.com\/de\/messe\/thueringen-ausstellung\/#primaryimage\"},\"thumbnailUrl\":\"https:\/\/www.leeb-balkone.com\/app\/uploads\/2022\/07\/Thu\u0308ringer-Ausstellung.jpg\",\"datePublished\":\"2022-07-11T10:26:36+00:00\",\"dateModified\":\"2025-12-17T14:16:00+00:00\",\"description\":\"Mit rund 200 Ausstellern aus dem Baubereich bietet die nun schon 33. Th\u00fcringen Ausstellung privaten Bauinteressierten auf der gr\u00f6\u00dften Baumesse\",\"breadcrumb\":{\"@id\":\"https:\/\/www.leeb-balkone.com\/de\/messe\/thueringen-ausstellung\/#breadcrumb\"},\"inLanguage\":\"de\",\"potentialAction\":[{\"@type\":\"ReadAction\",\"target\":[\"https:\/\/www.leeb-balkone.com\/de\/messe\/thueringen-ausstellung\/\"]}]},{\"@type\":\"ImageObject\",\"inLanguage\":\"de\",\"@id\":\"https:\/\/www.leeb-balkone.com\/de\/messe\/thueringen-ausstellung\/#primaryimage\",\"url\":\"https:\/\/www.leeb-balkone.com\/app\/uploads\/2022\/07\/Thu\u0308ringer-Ausstellung.jpg\",\"contentUrl\":\"https:\/\/www.leeb-balkone.com\/app\/uploads\/2022\/07\/Thu\u0308ringer-Ausstellung.jpg\",\"width\":395,\"height\":395},{\"@type\":\"BreadcrumbList\",\"@id\":\"https:\/\/www.leeb-balkone.com\/de\/messe\/thueringen-ausstellung\/#breadcrumb\",\"itemListElement\":[{\"@type\":\"ListItem\",\"position\":1,\"name\":\"Home\",\"item\":\"https:\/\/www.leeb-balkone.com\/de\/\"},{\"@type\":\"ListItem\",\"position\":2,\"name\":\"Veranstaltungen\",\"item\":\"https:\/\/www.leeb-balkone.com\/de\/messe\/\"},{\"@type\":\"ListItem\",\"position\":3,\"name\":\"Th\u00fcringen Ausstellung\"}]},{\"@type\":\"WebSite\",\"@id\":\"https:\/\/www.leeb-balkone.com\/de\/#website\",\"url\":\"https:\/\/www.leeb-balkone.com\/de\/\",\"name\":\"Leeb Balkone\",\"description\":\"Balkone und Z\u00e4une\",\"publisher\":{\"@id\":\"https:\/\/www.leeb-balkone.com\/de\/#organization\"},\"potentialAction\":[{\"@type\":\"SearchAction\",\"target\":{\"@type\":\"EntryPoint\",\"urlTemplate\":\"https:\/\/www.leeb-balkone.com\/de\/?s={search_term_string}\"},\"query-input\":{\"@type\":\"PropertyValueSpecification\",\"valueRequired\":true,\"valueName\":\"search_term_string\"}}],\"inLanguage\":\"de\"},{\"@type\":\"Organization\",\"@id\":\"https:\/\/www.leeb-balkone.com\/de\/#organization\",\"name\":\"Leeb Balkone Gmbh\",\"url\":\"https:\/\/www.leeb-balkone.com\/de\/\",\"logo\":{\"@type\":\"ImageObject\",\"inLanguage\":\"de\",\"@id\":\"https:\/\/www.leeb-balkone.com\/de\/#\/schema\/logo\/image\/\",\"url\":\"https:\/\/www.leeb-balkone.com\/app\/uploads\/2020\/11\/leeb-logo.svg\",\"contentUrl\":\"https:\/\/www.leeb-balkone.com\/app\/uploads\/2020\/11\/leeb-logo.svg\",\"width\":741,\"height\":204,\"caption\":\"Leeb Balkone Gmbh\"},\"image\":{\"@id\":\"https:\/\/www.leeb-balkone.com\/de\/#\/schema\/logo\/image\/\"},\"sameAs\":[\"https:\/\/www.facebook.com\/balkone\/\",\"https:\/\/www.trustedshops.at\/bewertung\/info_X4587CCF5833E31AFE0B11F47D86999F2.html\",\"https:\/\/www.trustedshops.de\/bewertung\/info_X7BA536A7A0BDC86D36C4718E4DCAEEEF.html\",\"https:\/\/www.google.com\/maps\/place\/?q=place_id:ChIJ5-zH19-IcEcR9HonWRTllHI\"]}]}<\/script>\n<!-- \/ Yoast SEO plugin. -->","yoast_head_json":{"title":"Th\u00fcringen Ausstellung - Leeb Balkone Deutschland","description":"Mit rund 200 Ausstellern aus dem Baubereich bietet die nun schon 33. Th\u00fcringen Ausstellung privaten Bauinteressierten auf der gr\u00f6\u00dften Baumesse","robots":{"index":"index","follow":"follow","max-snippet":"max-snippet:-1","max-image-preview":"max-image-preview:large","max-video-preview":"max-video-preview:-1"},"og_locale":"de_DE","og_type":"article","og_title":"Th\u00fcringen Ausstellung - Leeb Balkone","og_description":"Mit rund 200 Ausstellern aus dem Baubereich bietet die nun schon 33. Th\u00fcringen Ausstellung privaten Bauinteressierten auf der gr\u00f6\u00dften Baumesse","og_url":"https:\/\/www.leeb-balkone.com\/de\/messe\/thueringen-ausstellung\/","og_site_name":"Leeb Balkone","article_publisher":"https:\/\/www.facebook.com\/balkone\/","article_modified_time":"2025-12-17T14:16:00+00:00","og_image":[{"width":395,"height":395,"url":"https:\/\/www.leeb-balkone.com\/app\/uploads\/2022\/07\/Thu\u0308ringer-Ausstellung.jpg","type":"image\/jpeg"}],"twitter_card":"summary_large_image","schema":{"@context":"https:\/\/schema.org","@graph":[{"@type":"WebPage","@id":"https:\/\/www.leeb-balkone.com\/de\/messe\/thueringen-ausstellung\/","url":"https:\/\/www.leeb-balkone.com\/de\/messe\/thueringen-ausstellung\/","name":"Th\u00fcringen Ausstellung - Leeb Balkone","isPartOf":{"@id":"https:\/\/www.leeb-balkone.com\/de\/#website"},"primaryImageOfPage":{"@id":"https:\/\/www.leeb-balkone.com\/de\/messe\/thueringen-ausstellung\/#primaryimage"},"image":{"@id":"https:\/\/www.leeb-balkone.com\/de\/messe\/thueringen-ausstellung\/#primaryimage"},"thumbnailUrl":"https:\/\/www.leeb-balkone.com\/app\/uploads\/2022\/07\/Thu\u0308ringer-Ausstellung.jpg","datePublished":"2022-07-11T10:26:36+00:00","dateModified":"2025-12-17T14:16:00+00:00","description":"Mit rund 200 Ausstellern aus dem Baubereich bietet die nun schon 33. Th\u00fcringen Ausstellung privaten Bauinteressierten auf der gr\u00f6\u00dften Baumesse","breadcrumb":{"@id":"https:\/\/www.leeb-balkone.com\/de\/messe\/thueringen-ausstellung\/#breadcrumb"},"inLanguage":"de","potentialAction":[{"@type":"ReadAction","target":["https:\/\/www.leeb-balkone.com\/de\/messe\/thueringen-ausstellung\/"]}]},{"@type":"ImageObject","inLanguage":"de","@id":"https:\/\/www.leeb-balkone.com\/de\/messe\/thueringen-ausstellung\/#primaryimage","url":"https:\/\/www.leeb-balkone.com\/app\/uploads\/2022\/07\/Thu\u0308ringer-Ausstellung.jpg","contentUrl":"https:\/\/www.leeb-balkone.com\/app\/uploads\/2022\/07\/Thu\u0308ringer-Ausstellung.jpg","width":395,"height":395},{"@type":"BreadcrumbList","@id":"https:\/\/www.leeb-balkone.com\/de\/messe\/thueringen-ausstellung\/#breadcrumb","itemListElement":[{"@type":"ListItem","position":1,"name":"Home","item":"https:\/\/www.leeb-balkone.com\/de\/"},{"@type":"ListItem","position":2,"name":"Veranstaltungen","item":"https:\/\/www.leeb-balkone.com\/de\/messe\/"},{"@type":"ListItem","position":3,"name":"Th\u00fcringen Ausstellung"}]},{"@type":"WebSite","@id":"https:\/\/www.leeb-balkone.com\/de\/#website","url":"https:\/\/www.leeb-balkone.com\/de\/","name":"Leeb Balkone","description":"Balkone und Z\u00e4une","publisher":{"@id":"https:\/\/www.leeb-balkone.com\/de\/#organization"},"potentialAction":[{"@type":"SearchAction","target":{"@type":"EntryPoint","urlTemplate":"https:\/\/www.leeb-balkone.com\/de\/?s={search_term_string}"},"query-input":{"@type":"PropertyValueSpecification","valueRequired":true,"valueName":"search_term_string"}}],"inLanguage":"de"},{"@type":"Organization","@id":"https:\/\/www.leeb-balkone.com\/de\/#organization","name":"Leeb Balkone Gmbh","url":"https:\/\/www.leeb-balkone.com\/de\/","logo":{"@type":"ImageObject","inLanguage":"de","@id":"https:\/\/www.leeb-balkone.com\/de\/#\/schema\/logo\/image\/","url":"https:\/\/www.leeb-balkone.com\/app\/uploads\/2020\/11\/leeb-logo.svg","contentUrl":"https:\/\/www.leeb-balkone.com\/app\/uploads\/2020\/11\/leeb-logo.svg","width":741,"height":204,"caption":"Leeb Balkone Gmbh"},"image":{"@id":"https:\/\/www.leeb-balkone.com\/de\/#\/schema\/logo\/image\/"},"sameAs":["https:\/\/www.facebook.com\/balkone\/","https:\/\/www.trustedshops.at\/bewertung\/info_X4587CCF5833E31AFE0B11F47D86999F2.html","https:\/\/www.trustedshops.de\/bewertung\/info_X7BA536A7A0BDC86D36C4718E4DCAEEEF.html","https:\/\/www.google.com\/maps\/place\/?q=place_id:ChIJ5-zH19-IcEcR9HonWRTllHI"]}]}},"_links":{"self":[{"href":"https:\/\/www.leeb-balkone.com\/de\/wp-json\/wp\/v2\/tribe_events\/92788","targetHints":{"allow":["GET"]}}],"collection":[{"href":"https:\/\/www.leeb-balkone.com\/de\/wp-json\/wp\/v2\/tribe_events"}],"about":[{"href":"https:\/\/www.leeb-balkone.com\/de\/wp-json\/wp\/v2\/types\/tribe_events"}],"author":[{"embeddable":true,"href":"https:\/\/www.leeb-balkone.com\/de\/wp-json\/wp\/v2\/users\/3"}],"version-history":[{"count":1,"href":"https:\/\/www.leeb-balkone.com\/de\/wp-json\/wp\/v2\/tribe_events\/92788\/revisions"}],"predecessor-version":[{"id":143582,"href":"https:\/\/www.leeb-balkone.com\/de\/wp-json\/wp\/v2\/tribe_events\/92788\/revisions\/143582"}],"wp:featuredmedia":[{"embeddable":true,"href":"https:\/\/www.leeb-balkone.com\/de\/wp-json\/wp\/v2\/media\/92790"}],"wp:attachment":[{"href":"https:\/\/www.leeb-balkone.com\/de\/wp-json\/wp\/v2\/media?parent=92788"}],"wp:term":[{"taxonomy":"post_tag","embeddable":true,"href":"https:\/\/www.leeb-balkone.com\/de\/wp-json\/wp\/v2\/tags?post=92788"},{"taxonomy":"tribe_events_cat","embeddable":true,"href":"https:\/\/www.leeb-balkone.com\/de\/wp-json\/wp\/v2\/tribe_events_cat?post=92788"}],"curies":[{"name":"wp","href":"https:\/\/api.w.org\/{rel}","templated":true}]}}

Thüringen Ausstellung

<p>Mit rund 200 Ausstellern aus dem Baubereich bietet die nun schon 33. Thüringen Ausstellung privaten Bauinteressierten auf der größten Baumesse Mitteldeutschlands so viel Information wie nirgendwo sonst. Die zahlreichen Aussteller aus der Baubranche präsentieren ihre reiche Produktpalette und beantworten jegliche Fragen seitens potentieller Interessenten und Kunden.</p>

<!-- This site is optimized with the Yoast SEO plugin v27.2 - https://yoast.com/product/yoast-seo-wordpress/ -->
<title>Thüringen Ausstellung - Leeb Balkone Deutschland</title>
<meta name="description" content="Mit rund 200 Ausstellern aus dem Baubereich bietet die nun schon 33. Thüringen Ausstellung privaten Bauinteressierten auf der größten Baumesse" />
<meta name="robots" content="index, follow, max-snippet:-1, max-image-preview:large, max-video-preview:-1" />
<meta property="og:locale" content="de_DE" />
<meta property="og:type" content="article" />
<meta property="og:title" content="Thüringen Ausstellung - Leeb Balkone" />
<meta property="og:description" content="Mit rund 200 Ausstellern aus dem Baubereich bietet die nun schon 33. Thüringen Ausstellung privaten Bauinteressierten auf der größten Baumesse" />
<meta property="og:url" content="https://www.leeb-balkone.com/de/messe/thueringen-ausstellung/" />
<meta property="og:site_name" content="Leeb Balkone" />
<meta property="article:publisher" content="https://www.facebook.com/balkone/" />
<meta property="article:modified_time" content="2025-12-17T14:16:00+00:00" />
<meta property="og:image" content="https://www.leeb-balkone.com/app/uploads/2022/07/Thüringer-Ausstellung.jpg" />
	<meta property="og:image:width" content="395" />
	<meta property="og:image:height" content="395" />
	<meta property="og:image:type" content="image/jpeg" />
<meta name="twitter:card" content="summary_large_image" />
<script type="application/ld+json" class="yoast-schema-graph">{"@context":"https://schema.org","@graph":[{"@type":"WebPage","@id":"https://www.leeb-balkone.com/de/messe/thueringen-ausstellung/","url":"https://www.leeb-balkone.com/de/messe/thueringen-ausstellung/","name":"Thüringen Ausstellung - Leeb Balkone","isPartOf":{"@id":"https://www.leeb-balkone.com/de/#website"},"primaryImageOfPage":{"@id":"https://www.leeb-balkone.com/de/messe/thueringen-ausstellung/#primaryimage"},"image":{"@id":"https://www.leeb-balkone.com/de/messe/thueringen-ausstellung/#primaryimage"},"thumbnailUrl":"https://www.leeb-balkone.com/app/uploads/2022/07/Thüringer-Ausstellung.jpg","datePublished":"2022-07-11T10:26:36+00:00","dateModified":"2025-12-17T14:16:00+00:00","description":"Mit rund 200 Ausstellern aus dem Baubereich bietet die nun schon 33. Thüringen Ausstellung privaten Bauinteressierten auf der größten Baumesse","breadcrumb":{"@id":"https://www.leeb-balkone.com/de/messe/thueringen-ausstellung/#breadcrumb"},"inLanguage":"de","potentialAction":[{"@type":"ReadAction","target":["https://www.leeb-balkone.com/de/messe/thueringen-ausstellung/"]}]},{"@type":"ImageObject","inLanguage":"de","@id":"https://www.leeb-balkone.com/de/messe/thueringen-ausstellung/#primaryimage","url":"https://www.leeb-balkone.com/app/uploads/2022/07/Thüringer-Ausstellung.jpg","contentUrl":"https://www.leeb-balkone.com/app/uploads/2022/07/Thüringer-Ausstellung.jpg","width":395,"height":395},{"@type":"BreadcrumbList","@id":"https://www.leeb-balkone.com/de/messe/thueringen-ausstellung/#breadcrumb","itemListElement":[{"@type":"ListItem","position":1,"name":"Home","item":"https://www.leeb-balkone.com/de/"},{"@type":"ListItem","position":2,"name":"Veranstaltungen","item":"https://www.leeb-balkone.com/de/messe/"},{"@type":"ListItem","position":3,"name":"Thüringen Ausstellung"}]},{"@type":"WebSite","@id":"https://www.leeb-balkone.com/de/#website","url":"https://www.leeb-balkone.com/de/","name":"Leeb Balkone","description":"Balkone und Zäune","publisher":{"@id":"https://www.leeb-balkone.com/de/#organization"},"potentialAction":[{"@type":"SearchAction","target":{"@type":"EntryPoint","urlTemplate":"https://www.leeb-balkone.com/de/?s={search_term_string}"},"query-input":{"@type":"PropertyValueSpecification","valueRequired":true,"valueName":"search_term_string"}}],"inLanguage":"de"},{"@type":"Organization","@id":"https://www.leeb-balkone.com/de/#organization","name":"Leeb Balkone Gmbh","url":"https://www.leeb-balkone.com/de/","logo":{"@type":"ImageObject","inLanguage":"de","@id":"https://www.leeb-balkone.com/de/#/schema/logo/image/","url":"https://www.leeb-balkone.com/app/uploads/2020/11/leeb-logo.svg","contentUrl":"https://www.leeb-balkone.com/app/uploads/2020/11/leeb-logo.svg","width":741,"height":204,"caption":"Leeb Balkone Gmbh"},"image":{"@id":"https://www.leeb-balkone.com/de/#/schema/logo/image/"},"sameAs":["https://www.facebook.com/balkone/","https://www.trustedshops.at/bewertung/info_X4587CCF5833E31AFE0B11F47D86999F2.html","https://www.trustedshops.de/bewertung/info_X7BA536A7A0BDC86D36C4718E4DCAEEEF.html","https://www.google.com/maps/place/?q=place_id:ChIJ5-zH19-IcEcR9HonWRTllHI"]}]}</script>
<!-- / Yoast SEO plugin. -->

Thüringen Ausstellung - Leeb Balkone Deutschland

Mit rund 200 Ausstellern aus dem Baubereich bietet die nun schon 33. Thüringen Ausstellung privaten Bauinteressierten auf der größten Baumesse

Thüringen Ausstellung - Leeb Balkone

Balkone und Zäune
