{"id":9205,"date":"2022-05-06T06:59:50","date_gmt":"2022-05-06T06:59:50","guid":{"rendered":"https:\/\/www.leeb-balkone.com\/de\/?post_type=tribe_events&#038;p=9205"},"modified":"2024-03-25T08:00:19","modified_gmt":"2024-03-25T08:00:19","slug":"wohnen-bauen-ambiente-hof","status":"publish","type":"tribe_events","link":"https:\/\/www.leeb-balkone.com\/de\/messe\/wohnen-bauen-ambiente-hof\/","title":{"rendered":"Wohnen Bauen &#038; Ambiente Hof"},"content":{"rendered":"<p>Die Messe Wohnen Bauen Ambiente Hof ist eine regionale Informations- und Verkaufsmesse. Zahlreiche ausgew\u00e4hlte Aussteller pr\u00e4sentieren auf der Wohnen Bauen Ambiente Messe Hof ihre exklusiven Produkte aus vielen Bereichen des t\u00e4glichen Lebens sowie eine Vielzahl individueller L\u00f6sungen rund um den Hausbau, Renovierung, Einrichtung, Gartengestaltung und Lifestyle mit Phantasie und Sinnlichkeit. Umfangreiche Tipps und Informationen, unter anderem zu den Themen Wohneinrichtung oder Haussicherung, runden das Angebot der Hofer Wohnen Bauen Ambiente Messe ab.<\/p>\n","protected":false},"excerpt":{"rendered":"","protected":false},"author":3,"featured_media":84646,"template":"","meta":{"_acf_changed":false,"_tribe_events_status":"","_tribe_events_status_reason":"","_tribe_events_is_hybrid":"","_tribe_events_is_virtual":"","_tribe_events_virtual_video_source":"","_tribe_events_virtual_embed_video":"","_tribe_events_virtual_linked_button_text":"","_tribe_events_virtual_linked_button":"","_tribe_events_virtual_show_embed_at":"","_tribe_events_virtual_show_embed_to":[],"_tribe_events_virtual_show_on_event":"","_tribe_events_virtual_show_on_views":"","_tribe_events_virtual_url":"","footnotes":""},"tags":[],"tribe_events_cat":[],"class_list":["post-9205","tribe_events","type-tribe_events","status-publish","has-post-thumbnail","hentry"],"acf":[],"yoast_head":"<!-- This site is optimized with the Yoast SEO plugin v27.2 - https:\/\/yoast.com\/product\/yoast-seo-wordpress\/ -->\n<title>Wohnen Bauen &amp; Ambiente Hof - Leeb Balkone Deutschland<\/title>\n<meta name=\"description\" content=\"Die Messe Wohnen Bauen Ambiente Hof ist eine regionale Informations- und Verkaufsmesse. Zahlreiche ausgew\u00e4hlte Aussteller pr\u00e4sentieren auf der Wohnen\" \/>\n<meta name=\"robots\" content=\"index, follow, max-snippet:-1, max-image-preview:large, max-video-preview:-1\" \/>\n<meta property=\"og:locale\" content=\"de_DE\" \/>\n<meta property=\"og:type\" content=\"article\" \/>\n<meta property=\"og:title\" content=\"Wohnen Bauen &amp; Ambiente Hof - Leeb Balkone\" \/>\n<meta property=\"og:description\" content=\"Die Messe Wohnen Bauen Ambiente Hof ist eine regionale Informations- und Verkaufsmesse. Zahlreiche ausgew\u00e4hlte Aussteller pr\u00e4sentieren auf der Wohnen\" \/>\n<meta property=\"og:url\" content=\"https:\/\/www.leeb-balkone.com\/de\/messe\/wohnen-bauen-ambiente-hof\/\" \/>\n<meta property=\"og:site_name\" content=\"Leeb Balkone\" \/>\n<meta property=\"article:publisher\" content=\"https:\/\/www.facebook.com\/balkone\/\" \/>\n<meta property=\"article:modified_time\" content=\"2024-03-25T08:00:19+00:00\" \/>\n<meta property=\"og:image\" content=\"https:\/\/www.leeb-balkone.com\/app\/uploads\/2022\/05\/messe-wohnen_bauen_ambiente_logo_.webp\" \/>\n\t<meta property=\"og:image:width\" content=\"200\" \/>\n\t<meta property=\"og:image:height\" content=\"200\" \/>\n\t<meta property=\"og:image:type\" content=\"image\/webp\" \/>\n<meta name=\"twitter:card\" content=\"summary_large_image\" \/>\n<script type=\"application\/ld+json\" class=\"yoast-schema-graph\">{\"@context\":\"https:\/\/schema.org\",\"@graph\":[{\"@type\":\"WebPage\",\"@id\":\"https:\/\/www.leeb-balkone.com\/de\/messe\/wohnen-bauen-ambiente-hof\/\",\"url\":\"https:\/\/www.leeb-balkone.com\/de\/messe\/wohnen-bauen-ambiente-hof\/\",\"name\":\"Wohnen Bauen & Ambiente Hof - Leeb Balkone\",\"isPartOf\":{\"@id\":\"https:\/\/www.leeb-balkone.com\/de\/#website\"},\"primaryImageOfPage\":{\"@id\":\"https:\/\/www.leeb-balkone.com\/de\/messe\/wohnen-bauen-ambiente-hof\/#primaryimage\"},\"image\":{\"@id\":\"https:\/\/www.leeb-balkone.com\/de\/messe\/wohnen-bauen-ambiente-hof\/#primaryimage\"},\"thumbnailUrl\":\"https:\/\/www.leeb-balkone.com\/app\/uploads\/2022\/05\/messe-wohnen_bauen_ambiente_logo_.webp\",\"datePublished\":\"2022-05-06T06:59:50+00:00\",\"dateModified\":\"2024-03-25T08:00:19+00:00\",\"description\":\"Die Messe Wohnen Bauen Ambiente Hof ist eine regionale Informations- und Verkaufsmesse. Zahlreiche ausgew\u00e4hlte Aussteller pr\u00e4sentieren auf der Wohnen\",\"breadcrumb\":{\"@id\":\"https:\/\/www.leeb-balkone.com\/de\/messe\/wohnen-bauen-ambiente-hof\/#breadcrumb\"},\"inLanguage\":\"de\",\"potentialAction\":[{\"@type\":\"ReadAction\",\"target\":[\"https:\/\/www.leeb-balkone.com\/de\/messe\/wohnen-bauen-ambiente-hof\/\"]}]},{\"@type\":\"ImageObject\",\"inLanguage\":\"de\",\"@id\":\"https:\/\/www.leeb-balkone.com\/de\/messe\/wohnen-bauen-ambiente-hof\/#primaryimage\",\"url\":\"https:\/\/www.leeb-balkone.com\/app\/uploads\/2022\/05\/messe-wohnen_bauen_ambiente_logo_.webp\",\"contentUrl\":\"https:\/\/www.leeb-balkone.com\/app\/uploads\/2022\/05\/messe-wohnen_bauen_ambiente_logo_.webp\",\"width\":200,\"height\":200},{\"@type\":\"BreadcrumbList\",\"@id\":\"https:\/\/www.leeb-balkone.com\/de\/messe\/wohnen-bauen-ambiente-hof\/#breadcrumb\",\"itemListElement\":[{\"@type\":\"ListItem\",\"position\":1,\"name\":\"Home\",\"item\":\"https:\/\/www.leeb-balkone.com\/de\/\"},{\"@type\":\"ListItem\",\"position\":2,\"name\":\"Veranstaltungen\",\"item\":\"https:\/\/www.leeb-balkone.com\/de\/messe\/\"},{\"@type\":\"ListItem\",\"position\":3,\"name\":\"Wohnen Bauen &#038; Ambiente Hof\"}]},{\"@type\":\"WebSite\",\"@id\":\"https:\/\/www.leeb-balkone.com\/de\/#website\",\"url\":\"https:\/\/www.leeb-balkone.com\/de\/\",\"name\":\"Leeb Balkone\",\"description\":\"Balkone und Z\u00e4une\",\"publisher\":{\"@id\":\"https:\/\/www.leeb-balkone.com\/de\/#organization\"},\"potentialAction\":[{\"@type\":\"SearchAction\",\"target\":{\"@type\":\"EntryPoint\",\"urlTemplate\":\"https:\/\/www.leeb-balkone.com\/de\/?s={search_term_string}\"},\"query-input\":{\"@type\":\"PropertyValueSpecification\",\"valueRequired\":true,\"valueName\":\"search_term_string\"}}],\"inLanguage\":\"de\"},{\"@type\":\"Organization\",\"@id\":\"https:\/\/www.leeb-balkone.com\/de\/#organization\",\"name\":\"Leeb Balkone Gmbh\",\"url\":\"https:\/\/www.leeb-balkone.com\/de\/\",\"logo\":{\"@type\":\"ImageObject\",\"inLanguage\":\"de\",\"@id\":\"https:\/\/www.leeb-balkone.com\/de\/#\/schema\/logo\/image\/\",\"url\":\"https:\/\/www.leeb-balkone.com\/app\/uploads\/2020\/11\/leeb-logo.svg\",\"contentUrl\":\"https:\/\/www.leeb-balkone.com\/app\/uploads\/2020\/11\/leeb-logo.svg\",\"width\":741,\"height\":204,\"caption\":\"Leeb Balkone Gmbh\"},\"image\":{\"@id\":\"https:\/\/www.leeb-balkone.com\/de\/#\/schema\/logo\/image\/\"},\"sameAs\":[\"https:\/\/www.facebook.com\/balkone\/\",\"https:\/\/www.trustedshops.at\/bewertung\/info_X4587CCF5833E31AFE0B11F47D86999F2.html\",\"https:\/\/www.trustedshops.de\/bewertung\/info_X7BA536A7A0BDC86D36C4718E4DCAEEEF.html\",\"https:\/\/www.google.com\/maps\/place\/?q=place_id:ChIJ5-zH19-IcEcR9HonWRTllHI\"]}]}<\/script>\n<!-- \/ Yoast SEO plugin. -->","yoast_head_json":{"title":"Wohnen Bauen & Ambiente Hof - Leeb Balkone Deutschland","description":"Die Messe Wohnen Bauen Ambiente Hof ist eine regionale Informations- und Verkaufsmesse. Zahlreiche ausgew\u00e4hlte Aussteller pr\u00e4sentieren auf der Wohnen","robots":{"index":"index","follow":"follow","max-snippet":"max-snippet:-1","max-image-preview":"max-image-preview:large","max-video-preview":"max-video-preview:-1"},"og_locale":"de_DE","og_type":"article","og_title":"Wohnen Bauen & Ambiente Hof - Leeb Balkone","og_description":"Die Messe Wohnen Bauen Ambiente Hof ist eine regionale Informations- und Verkaufsmesse. Zahlreiche ausgew\u00e4hlte Aussteller pr\u00e4sentieren auf der Wohnen","og_url":"https:\/\/www.leeb-balkone.com\/de\/messe\/wohnen-bauen-ambiente-hof\/","og_site_name":"Leeb Balkone","article_publisher":"https:\/\/www.facebook.com\/balkone\/","article_modified_time":"2024-03-25T08:00:19+00:00","og_image":[{"width":200,"height":200,"url":"https:\/\/www.leeb-balkone.com\/app\/uploads\/2022\/05\/messe-wohnen_bauen_ambiente_logo_.webp","type":"image\/webp"}],"twitter_card":"summary_large_image","schema":{"@context":"https:\/\/schema.org","@graph":[{"@type":"WebPage","@id":"https:\/\/www.leeb-balkone.com\/de\/messe\/wohnen-bauen-ambiente-hof\/","url":"https:\/\/www.leeb-balkone.com\/de\/messe\/wohnen-bauen-ambiente-hof\/","name":"Wohnen Bauen & Ambiente Hof - Leeb Balkone","isPartOf":{"@id":"https:\/\/www.leeb-balkone.com\/de\/#website"},"primaryImageOfPage":{"@id":"https:\/\/www.leeb-balkone.com\/de\/messe\/wohnen-bauen-ambiente-hof\/#primaryimage"},"image":{"@id":"https:\/\/www.leeb-balkone.com\/de\/messe\/wohnen-bauen-ambiente-hof\/#primaryimage"},"thumbnailUrl":"https:\/\/www.leeb-balkone.com\/app\/uploads\/2022\/05\/messe-wohnen_bauen_ambiente_logo_.webp","datePublished":"2022-05-06T06:59:50+00:00","dateModified":"2024-03-25T08:00:19+00:00","description":"Die Messe Wohnen Bauen Ambiente Hof ist eine regionale Informations- und Verkaufsmesse. Zahlreiche ausgew\u00e4hlte Aussteller pr\u00e4sentieren auf der Wohnen","breadcrumb":{"@id":"https:\/\/www.leeb-balkone.com\/de\/messe\/wohnen-bauen-ambiente-hof\/#breadcrumb"},"inLanguage":"de","potentialAction":[{"@type":"ReadAction","target":["https:\/\/www.leeb-balkone.com\/de\/messe\/wohnen-bauen-ambiente-hof\/"]}]},{"@type":"ImageObject","inLanguage":"de","@id":"https:\/\/www.leeb-balkone.com\/de\/messe\/wohnen-bauen-ambiente-hof\/#primaryimage","url":"https:\/\/www.leeb-balkone.com\/app\/uploads\/2022\/05\/messe-wohnen_bauen_ambiente_logo_.webp","contentUrl":"https:\/\/www.leeb-balkone.com\/app\/uploads\/2022\/05\/messe-wohnen_bauen_ambiente_logo_.webp","width":200,"height":200},{"@type":"BreadcrumbList","@id":"https:\/\/www.leeb-balkone.com\/de\/messe\/wohnen-bauen-ambiente-hof\/#breadcrumb","itemListElement":[{"@type":"ListItem","position":1,"name":"Home","item":"https:\/\/www.leeb-balkone.com\/de\/"},{"@type":"ListItem","position":2,"name":"Veranstaltungen","item":"https:\/\/www.leeb-balkone.com\/de\/messe\/"},{"@type":"ListItem","position":3,"name":"Wohnen Bauen &#038; Ambiente Hof"}]},{"@type":"WebSite","@id":"https:\/\/www.leeb-balkone.com\/de\/#website","url":"https:\/\/www.leeb-balkone.com\/de\/","name":"Leeb Balkone","description":"Balkone und Z\u00e4une","publisher":{"@id":"https:\/\/www.leeb-balkone.com\/de\/#organization"},"potentialAction":[{"@type":"SearchAction","target":{"@type":"EntryPoint","urlTemplate":"https:\/\/www.leeb-balkone.com\/de\/?s={search_term_string}"},"query-input":{"@type":"PropertyValueSpecification","valueRequired":true,"valueName":"search_term_string"}}],"inLanguage":"de"},{"@type":"Organization","@id":"https:\/\/www.leeb-balkone.com\/de\/#organization","name":"Leeb Balkone Gmbh","url":"https:\/\/www.leeb-balkone.com\/de\/","logo":{"@type":"ImageObject","inLanguage":"de","@id":"https:\/\/www.leeb-balkone.com\/de\/#\/schema\/logo\/image\/","url":"https:\/\/www.leeb-balkone.com\/app\/uploads\/2020\/11\/leeb-logo.svg","contentUrl":"https:\/\/www.leeb-balkone.com\/app\/uploads\/2020\/11\/leeb-logo.svg","width":741,"height":204,"caption":"Leeb Balkone Gmbh"},"image":{"@id":"https:\/\/www.leeb-balkone.com\/de\/#\/schema\/logo\/image\/"},"sameAs":["https:\/\/www.facebook.com\/balkone\/","https:\/\/www.trustedshops.at\/bewertung\/info_X4587CCF5833E31AFE0B11F47D86999F2.html","https:\/\/www.trustedshops.de\/bewertung\/info_X7BA536A7A0BDC86D36C4718E4DCAEEEF.html","https:\/\/www.google.com\/maps\/place\/?q=place_id:ChIJ5-zH19-IcEcR9HonWRTllHI"]}]}},"_links":{"self":[{"href":"https:\/\/www.leeb-balkone.com\/de\/wp-json\/wp\/v2\/tribe_events\/9205","targetHints":{"allow":["GET"]}}],"collection":[{"href":"https:\/\/www.leeb-balkone.com\/de\/wp-json\/wp\/v2\/tribe_events"}],"about":[{"href":"https:\/\/www.leeb-balkone.com\/de\/wp-json\/wp\/v2\/types\/tribe_events"}],"author":[{"embeddable":true,"href":"https:\/\/www.leeb-balkone.com\/de\/wp-json\/wp\/v2\/users\/3"}],"version-history":[{"count":0,"href":"https:\/\/www.leeb-balkone.com\/de\/wp-json\/wp\/v2\/tribe_events\/9205\/revisions"}],"wp:featuredmedia":[{"embeddable":true,"href":"https:\/\/www.leeb-balkone.com\/de\/wp-json\/wp\/v2\/media\/84646"}],"wp:attachment":[{"href":"https:\/\/www.leeb-balkone.com\/de\/wp-json\/wp\/v2\/media?parent=9205"}],"wp:term":[{"taxonomy":"post_tag","embeddable":true,"href":"https:\/\/www.leeb-balkone.com\/de\/wp-json\/wp\/v2\/tags?post=9205"},{"taxonomy":"tribe_events_cat","embeddable":true,"href":"https:\/\/www.leeb-balkone.com\/de\/wp-json\/wp\/v2\/tribe_events_cat?post=9205"}],"curies":[{"name":"wp","href":"https:\/\/api.w.org\/{rel}","templated":true}]}}

<p>Die Messe Wohnen Bauen Ambiente Hof ist eine regionale Informations- und Verkaufsmesse. Zahlreiche ausgewählte Aussteller präsentieren auf der Wohnen Bauen Ambiente Messe Hof ihre exklusiven Produkte aus vielen Bereichen des täglichen Lebens sowie eine Vielzahl individueller Lösungen rund um den Hausbau, Renovierung, Einrichtung, Gartengestaltung und Lifestyle mit Phantasie und Sinnlichkeit. Umfangreiche Tipps und Informationen, unter anderem zu den Themen Wohneinrichtung oder Haussicherung, runden das Angebot der Hofer Wohnen Bauen Ambiente Messe ab.</p>

<!-- This site is optimized with the Yoast SEO plugin v27.2 - https://yoast.com/product/yoast-seo-wordpress/ -->
<title>Wohnen Bauen &amp; Ambiente Hof - Leeb Balkone Deutschland</title>
<meta name="description" content="Die Messe Wohnen Bauen Ambiente Hof ist eine regionale Informations- und Verkaufsmesse. Zahlreiche ausgewählte Aussteller präsentieren auf der Wohnen" />
<meta name="robots" content="index, follow, max-snippet:-1, max-image-preview:large, max-video-preview:-1" />
<meta property="og:locale" content="de_DE" />
<meta property="og:type" content="article" />
<meta property="og:title" content="Wohnen Bauen &amp; Ambiente Hof - Leeb Balkone" />
<meta property="og:description" content="Die Messe Wohnen Bauen Ambiente Hof ist eine regionale Informations- und Verkaufsmesse. Zahlreiche ausgewählte Aussteller präsentieren auf der Wohnen" />
<meta property="og:url" content="https://www.leeb-balkone.com/de/messe/wohnen-bauen-ambiente-hof/" />
<meta property="og:site_name" content="Leeb Balkone" />
<meta property="article:publisher" content="https://www.facebook.com/balkone/" />
<meta property="article:modified_time" content="2024-03-25T08:00:19+00:00" />
<meta property="og:image" content="https://www.leeb-balkone.com/app/uploads/2022/05/messe-wohnen_bauen_ambiente_logo_.webp" />
	<meta property="og:image:width" content="200" />
	<meta property="og:image:height" content="200" />
	<meta property="og:image:type" content="image/webp" />
<meta name="twitter:card" content="summary_large_image" />
<script type="application/ld+json" class="yoast-schema-graph">{"@context":"https://schema.org","@graph":[{"@type":"WebPage","@id":"https://www.leeb-balkone.com/de/messe/wohnen-bauen-ambiente-hof/","url":"https://www.leeb-balkone.com/de/messe/wohnen-bauen-ambiente-hof/","name":"Wohnen Bauen & Ambiente Hof - Leeb Balkone","isPartOf":{"@id":"https://www.leeb-balkone.com/de/#website"},"primaryImageOfPage":{"@id":"https://www.leeb-balkone.com/de/messe/wohnen-bauen-ambiente-hof/#primaryimage"},"image":{"@id":"https://www.leeb-balkone.com/de/messe/wohnen-bauen-ambiente-hof/#primaryimage"},"thumbnailUrl":"https://www.leeb-balkone.com/app/uploads/2022/05/messe-wohnen_bauen_ambiente_logo_.webp","datePublished":"2022-05-06T06:59:50+00:00","dateModified":"2024-03-25T08:00:19+00:00","description":"Die Messe Wohnen Bauen Ambiente Hof ist eine regionale Informations- und Verkaufsmesse. Zahlreiche ausgewählte Aussteller präsentieren auf der Wohnen","breadcrumb":{"@id":"https://www.leeb-balkone.com/de/messe/wohnen-bauen-ambiente-hof/#breadcrumb"},"inLanguage":"de","potentialAction":[{"@type":"ReadAction","target":["https://www.leeb-balkone.com/de/messe/wohnen-bauen-ambiente-hof/"]}]},{"@type":"ImageObject","inLanguage":"de","@id":"https://www.leeb-balkone.com/de/messe/wohnen-bauen-ambiente-hof/#primaryimage","url":"https://www.leeb-balkone.com/app/uploads/2022/05/messe-wohnen_bauen_ambiente_logo_.webp","contentUrl":"https://www.leeb-balkone.com/app/uploads/2022/05/messe-wohnen_bauen_ambiente_logo_.webp","width":200,"height":200},{"@type":"BreadcrumbList","@id":"https://www.leeb-balkone.com/de/messe/wohnen-bauen-ambiente-hof/#breadcrumb","itemListElement":[{"@type":"ListItem","position":1,"name":"Home","item":"https://www.leeb-balkone.com/de/"},{"@type":"ListItem","position":2,"name":"Veranstaltungen","item":"https://www.leeb-balkone.com/de/messe/"},{"@type":"ListItem","position":3,"name":"Wohnen Bauen &#038; Ambiente Hof"}]},{"@type":"WebSite","@id":"https://www.leeb-balkone.com/de/#website","url":"https://www.leeb-balkone.com/de/","name":"Leeb Balkone","description":"Balkone und Zäune","publisher":{"@id":"https://www.leeb-balkone.com/de/#organization"},"potentialAction":[{"@type":"SearchAction","target":{"@type":"EntryPoint","urlTemplate":"https://www.leeb-balkone.com/de/?s={search_term_string}"},"query-input":{"@type":"PropertyValueSpecification","valueRequired":true,"valueName":"search_term_string"}}],"inLanguage":"de"},{"@type":"Organization","@id":"https://www.leeb-balkone.com/de/#organization","name":"Leeb Balkone Gmbh","url":"https://www.leeb-balkone.com/de/","logo":{"@type":"ImageObject","inLanguage":"de","@id":"https://www.leeb-balkone.com/de/#/schema/logo/image/","url":"https://www.leeb-balkone.com/app/uploads/2020/11/leeb-logo.svg","contentUrl":"https://www.leeb-balkone.com/app/uploads/2020/11/leeb-logo.svg","width":741,"height":204,"caption":"Leeb Balkone Gmbh"},"image":{"@id":"https://www.leeb-balkone.com/de/#/schema/logo/image/"},"sameAs":["https://www.facebook.com/balkone/","https://www.trustedshops.at/bewertung/info_X4587CCF5833E31AFE0B11F47D86999F2.html","https://www.trustedshops.de/bewertung/info_X7BA536A7A0BDC86D36C4718E4DCAEEEF.html","https://www.google.com/maps/place/?q=place_id:ChIJ5-zH19-IcEcR9HonWRTllHI"]}]}</script>
<!-- / Yoast SEO plugin. -->

Die Messe Wohnen Bauen Ambiente Hof ist eine regionale Informations- und Verkaufsmesse. Zahlreiche ausgewählte Aussteller präsentieren auf der Wohnen

Balkone und Zäune
