{"id":7395,"date":"2020-09-18T12:10:44","date_gmt":"2020-09-18T12:10:44","guid":{"rendered":"https:\/\/www.leeb-balkone.com\/de\/?post_type=tribe_events&#038;p=7395"},"modified":"2026-02-02T09:58:41","modified_gmt":"2026-02-02T09:58:41","slug":"freizeit-messe-nuernberg","status":"publish","type":"tribe_events","link":"https:\/\/www.leeb-balkone.com\/de\/messe\/freizeit-messe-nuernberg\/","title":{"rendered":"Freizeit Messe N\u00fcrnberg"},"content":{"rendered":"<p><strong>Die\u00a0Messe Freizeit\u00a0in\u00a0N\u00fcrnberg\u00a0ist Nordbayerns gr\u00f6\u00dfte Urlaubs-, Reise- und\u00a0Freizeitmesse. Rund 1.000 Aussteller pr\u00e4sentieren auf der Freizeit-Messe N\u00fcrnberg in 9 Hallen Reise- und Urlaubsangebote f\u00fcr nah und fern, alles f\u00fcr Haus und Garten, die neuesten Caravans und Reisemobile sowie Campingbedarf.<\/strong><\/p>\n<p>Freizeit in N\u00fcrnberg ist eine Messe f\u00fcr die sch\u00f6nsten Tage des Jahres. Die Sonderschau \u201eIt\u2019s BBQ-Time\u201c widmet sich dem Grillvergn\u00fcgen und Outdoorangebote zeigen die Vielfalt an Outdooraktivit\u00e4ten (Tauchsportschau mit Besuchertauchen und Vorf\u00fchrungen im 40.000 Liter Tauchturm, Running-Area, Zweiradzentrum mit Fahrrad-Testparcours, Kanusport-Zentrum, Klettergarten f\u00fcr Kinder, Golfparcours mit Putting-Wettbewerb). Erlesene Freizeitangebote und Tipps f\u00fcr die aktive Freizeitgestaltung runden das Angebot ab.<\/p>\n","protected":false},"excerpt":{"rendered":"","protected":false},"author":3,"featured_media":7400,"template":"","meta":{"_acf_changed":false,"_tribe_events_status":"","_tribe_events_status_reason":"","_tribe_events_is_hybrid":"","_tribe_events_is_virtual":"","_tribe_events_virtual_video_source":"","_tribe_events_virtual_embed_video":"","_tribe_events_virtual_linked_button_text":"","_tribe_events_virtual_linked_button":"","_tribe_events_virtual_show_embed_at":"","_tribe_events_virtual_show_embed_to":[],"_tribe_events_virtual_show_on_event":"","_tribe_events_virtual_show_on_views":"","_tribe_events_virtual_url":"","footnotes":""},"tags":[],"tribe_events_cat":[],"class_list":["post-7395","tribe_events","type-tribe_events","status-publish","has-post-thumbnail","hentry"],"acf":[],"yoast_head":"<!-- This site is optimized with the Yoast SEO plugin v27.2 - https:\/\/yoast.com\/product\/yoast-seo-wordpress\/ -->\n<title>Freizeit Messe N\u00fcrnberg - Leeb Balkone Deutschland<\/title>\n<meta name=\"description\" content=\"Die\u00a0Messe Freizeit\u00a0in\u00a0N\u00fcrnberg\u00a0ist Nordbayerns gr\u00f6\u00dfte Urlaubs-, Reise- und\u00a0Freizeitmesse. Besuchen Sie Leeb Balkone und Z\u00e4une!\" \/>\n<meta name=\"robots\" content=\"index, follow, max-snippet:-1, max-image-preview:large, max-video-preview:-1\" \/>\n<meta property=\"og:locale\" content=\"de_DE\" \/>\n<meta property=\"og:type\" content=\"article\" \/>\n<meta property=\"og:title\" content=\"Freizeit Messe N\u00fcrnberg - Leeb Balkone\" \/>\n<meta property=\"og:description\" content=\"Die\u00a0Messe Freizeit\u00a0in\u00a0N\u00fcrnberg\u00a0ist Nordbayerns gr\u00f6\u00dfte Urlaubs-, Reise- und\u00a0Freizeitmesse. Besuchen Sie Leeb Balkone und Z\u00e4une!\" \/>\n<meta property=\"og:url\" content=\"https:\/\/www.leeb-balkone.com\/de\/messe\/freizeit-messe-nuernberg\/\" \/>\n<meta property=\"og:site_name\" content=\"Leeb Balkone\" \/>\n<meta property=\"article:publisher\" content=\"https:\/\/www.facebook.com\/balkone\/\" \/>\n<meta property=\"article:modified_time\" content=\"2026-02-02T09:58:41+00:00\" \/>\n<meta property=\"og:image\" content=\"https:\/\/www.leeb-balkone.com\/app\/uploads\/2020\/09\/freizeit-messe-nuernberg-1.jpg\" \/>\n\t<meta property=\"og:image:width\" content=\"390\" \/>\n\t<meta property=\"og:image:height\" content=\"194\" \/>\n\t<meta property=\"og:image:type\" content=\"image\/jpeg\" \/>\n<meta name=\"twitter:card\" content=\"summary_large_image\" \/>\n<script type=\"application\/ld+json\" class=\"yoast-schema-graph\">{\"@context\":\"https:\/\/schema.org\",\"@graph\":[{\"@type\":\"WebPage\",\"@id\":\"https:\/\/www.leeb-balkone.com\/de\/messe\/freizeit-messe-nuernberg\/\",\"url\":\"https:\/\/www.leeb-balkone.com\/de\/messe\/freizeit-messe-nuernberg\/\",\"name\":\"Freizeit Messe N\u00fcrnberg - Leeb Balkone\",\"isPartOf\":{\"@id\":\"https:\/\/www.leeb-balkone.com\/de\/#website\"},\"primaryImageOfPage\":{\"@id\":\"https:\/\/www.leeb-balkone.com\/de\/messe\/freizeit-messe-nuernberg\/#primaryimage\"},\"image\":{\"@id\":\"https:\/\/www.leeb-balkone.com\/de\/messe\/freizeit-messe-nuernberg\/#primaryimage\"},\"thumbnailUrl\":\"https:\/\/www.leeb-balkone.com\/app\/uploads\/2020\/09\/freizeit-messe-nuernberg-1.jpg\",\"datePublished\":\"2020-09-18T12:10:44+00:00\",\"dateModified\":\"2026-02-02T09:58:41+00:00\",\"description\":\"Die\u00a0Messe Freizeit\u00a0in\u00a0N\u00fcrnberg\u00a0ist Nordbayerns gr\u00f6\u00dfte Urlaubs-, Reise- und\u00a0Freizeitmesse. Besuchen Sie Leeb Balkone und Z\u00e4une!\",\"breadcrumb\":{\"@id\":\"https:\/\/www.leeb-balkone.com\/de\/messe\/freizeit-messe-nuernberg\/#breadcrumb\"},\"inLanguage\":\"de\",\"potentialAction\":[{\"@type\":\"ReadAction\",\"target\":[\"https:\/\/www.leeb-balkone.com\/de\/messe\/freizeit-messe-nuernberg\/\"]}]},{\"@type\":\"ImageObject\",\"inLanguage\":\"de\",\"@id\":\"https:\/\/www.leeb-balkone.com\/de\/messe\/freizeit-messe-nuernberg\/#primaryimage\",\"url\":\"https:\/\/www.leeb-balkone.com\/app\/uploads\/2020\/09\/freizeit-messe-nuernberg-1.jpg\",\"contentUrl\":\"https:\/\/www.leeb-balkone.com\/app\/uploads\/2020\/09\/freizeit-messe-nuernberg-1.jpg\",\"width\":390,\"height\":194,\"caption\":\"Die Firma Leeb Balkone ist auf vielen Messen pr\u00e4sent\"},{\"@type\":\"BreadcrumbList\",\"@id\":\"https:\/\/www.leeb-balkone.com\/de\/messe\/freizeit-messe-nuernberg\/#breadcrumb\",\"itemListElement\":[{\"@type\":\"ListItem\",\"position\":1,\"name\":\"Home\",\"item\":\"https:\/\/www.leeb-balkone.com\/de\/\"},{\"@type\":\"ListItem\",\"position\":2,\"name\":\"Veranstaltungen\",\"item\":\"https:\/\/www.leeb-balkone.com\/de\/messe\/\"},{\"@type\":\"ListItem\",\"position\":3,\"name\":\"Freizeit Messe N\u00fcrnberg\"}]},{\"@type\":\"WebSite\",\"@id\":\"https:\/\/www.leeb-balkone.com\/de\/#website\",\"url\":\"https:\/\/www.leeb-balkone.com\/de\/\",\"name\":\"Leeb Balkone\",\"description\":\"Balkone und Z\u00e4une\",\"publisher\":{\"@id\":\"https:\/\/www.leeb-balkone.com\/de\/#organization\"},\"potentialAction\":[{\"@type\":\"SearchAction\",\"target\":{\"@type\":\"EntryPoint\",\"urlTemplate\":\"https:\/\/www.leeb-balkone.com\/de\/?s={search_term_string}\"},\"query-input\":{\"@type\":\"PropertyValueSpecification\",\"valueRequired\":true,\"valueName\":\"search_term_string\"}}],\"inLanguage\":\"de\"},{\"@type\":\"Organization\",\"@id\":\"https:\/\/www.leeb-balkone.com\/de\/#organization\",\"name\":\"Leeb Balkone Gmbh\",\"url\":\"https:\/\/www.leeb-balkone.com\/de\/\",\"logo\":{\"@type\":\"ImageObject\",\"inLanguage\":\"de\",\"@id\":\"https:\/\/www.leeb-balkone.com\/de\/#\/schema\/logo\/image\/\",\"url\":\"https:\/\/www.leeb-balkone.com\/app\/uploads\/2020\/11\/leeb-logo.svg\",\"contentUrl\":\"https:\/\/www.leeb-balkone.com\/app\/uploads\/2020\/11\/leeb-logo.svg\",\"width\":741,\"height\":204,\"caption\":\"Leeb Balkone Gmbh\"},\"image\":{\"@id\":\"https:\/\/www.leeb-balkone.com\/de\/#\/schema\/logo\/image\/\"},\"sameAs\":[\"https:\/\/www.facebook.com\/balkone\/\",\"https:\/\/www.trustedshops.at\/bewertung\/info_X4587CCF5833E31AFE0B11F47D86999F2.html\",\"https:\/\/www.trustedshops.de\/bewertung\/info_X7BA536A7A0BDC86D36C4718E4DCAEEEF.html\",\"https:\/\/www.google.com\/maps\/place\/?q=place_id:ChIJ5-zH19-IcEcR9HonWRTllHI\"]}]}<\/script>\n<!-- \/ Yoast SEO plugin. -->","yoast_head_json":{"title":"Freizeit Messe N\u00fcrnberg - Leeb Balkone Deutschland","description":"Die\u00a0Messe Freizeit\u00a0in\u00a0N\u00fcrnberg\u00a0ist Nordbayerns gr\u00f6\u00dfte Urlaubs-, Reise- und\u00a0Freizeitmesse. Besuchen Sie Leeb Balkone und Z\u00e4une!","robots":{"index":"index","follow":"follow","max-snippet":"max-snippet:-1","max-image-preview":"max-image-preview:large","max-video-preview":"max-video-preview:-1"},"og_locale":"de_DE","og_type":"article","og_title":"Freizeit Messe N\u00fcrnberg - Leeb Balkone","og_description":"Die\u00a0Messe Freizeit\u00a0in\u00a0N\u00fcrnberg\u00a0ist Nordbayerns gr\u00f6\u00dfte Urlaubs-, Reise- und\u00a0Freizeitmesse. Besuchen Sie Leeb Balkone und Z\u00e4une!","og_url":"https:\/\/www.leeb-balkone.com\/de\/messe\/freizeit-messe-nuernberg\/","og_site_name":"Leeb Balkone","article_publisher":"https:\/\/www.facebook.com\/balkone\/","article_modified_time":"2026-02-02T09:58:41+00:00","og_image":[{"width":390,"height":194,"url":"https:\/\/www.leeb-balkone.com\/app\/uploads\/2020\/09\/freizeit-messe-nuernberg-1.jpg","type":"image\/jpeg"}],"twitter_card":"summary_large_image","schema":{"@context":"https:\/\/schema.org","@graph":[{"@type":"WebPage","@id":"https:\/\/www.leeb-balkone.com\/de\/messe\/freizeit-messe-nuernberg\/","url":"https:\/\/www.leeb-balkone.com\/de\/messe\/freizeit-messe-nuernberg\/","name":"Freizeit Messe N\u00fcrnberg - Leeb Balkone","isPartOf":{"@id":"https:\/\/www.leeb-balkone.com\/de\/#website"},"primaryImageOfPage":{"@id":"https:\/\/www.leeb-balkone.com\/de\/messe\/freizeit-messe-nuernberg\/#primaryimage"},"image":{"@id":"https:\/\/www.leeb-balkone.com\/de\/messe\/freizeit-messe-nuernberg\/#primaryimage"},"thumbnailUrl":"https:\/\/www.leeb-balkone.com\/app\/uploads\/2020\/09\/freizeit-messe-nuernberg-1.jpg","datePublished":"2020-09-18T12:10:44+00:00","dateModified":"2026-02-02T09:58:41+00:00","description":"Die\u00a0Messe Freizeit\u00a0in\u00a0N\u00fcrnberg\u00a0ist Nordbayerns gr\u00f6\u00dfte Urlaubs-, Reise- und\u00a0Freizeitmesse. Besuchen Sie Leeb Balkone und Z\u00e4une!","breadcrumb":{"@id":"https:\/\/www.leeb-balkone.com\/de\/messe\/freizeit-messe-nuernberg\/#breadcrumb"},"inLanguage":"de","potentialAction":[{"@type":"ReadAction","target":["https:\/\/www.leeb-balkone.com\/de\/messe\/freizeit-messe-nuernberg\/"]}]},{"@type":"ImageObject","inLanguage":"de","@id":"https:\/\/www.leeb-balkone.com\/de\/messe\/freizeit-messe-nuernberg\/#primaryimage","url":"https:\/\/www.leeb-balkone.com\/app\/uploads\/2020\/09\/freizeit-messe-nuernberg-1.jpg","contentUrl":"https:\/\/www.leeb-balkone.com\/app\/uploads\/2020\/09\/freizeit-messe-nuernberg-1.jpg","width":390,"height":194,"caption":"Die Firma Leeb Balkone ist auf vielen Messen pr\u00e4sent"},{"@type":"BreadcrumbList","@id":"https:\/\/www.leeb-balkone.com\/de\/messe\/freizeit-messe-nuernberg\/#breadcrumb","itemListElement":[{"@type":"ListItem","position":1,"name":"Home","item":"https:\/\/www.leeb-balkone.com\/de\/"},{"@type":"ListItem","position":2,"name":"Veranstaltungen","item":"https:\/\/www.leeb-balkone.com\/de\/messe\/"},{"@type":"ListItem","position":3,"name":"Freizeit Messe N\u00fcrnberg"}]},{"@type":"WebSite","@id":"https:\/\/www.leeb-balkone.com\/de\/#website","url":"https:\/\/www.leeb-balkone.com\/de\/","name":"Leeb Balkone","description":"Balkone und Z\u00e4une","publisher":{"@id":"https:\/\/www.leeb-balkone.com\/de\/#organization"},"potentialAction":[{"@type":"SearchAction","target":{"@type":"EntryPoint","urlTemplate":"https:\/\/www.leeb-balkone.com\/de\/?s={search_term_string}"},"query-input":{"@type":"PropertyValueSpecification","valueRequired":true,"valueName":"search_term_string"}}],"inLanguage":"de"},{"@type":"Organization","@id":"https:\/\/www.leeb-balkone.com\/de\/#organization","name":"Leeb Balkone Gmbh","url":"https:\/\/www.leeb-balkone.com\/de\/","logo":{"@type":"ImageObject","inLanguage":"de","@id":"https:\/\/www.leeb-balkone.com\/de\/#\/schema\/logo\/image\/","url":"https:\/\/www.leeb-balkone.com\/app\/uploads\/2020\/11\/leeb-logo.svg","contentUrl":"https:\/\/www.leeb-balkone.com\/app\/uploads\/2020\/11\/leeb-logo.svg","width":741,"height":204,"caption":"Leeb Balkone Gmbh"},"image":{"@id":"https:\/\/www.leeb-balkone.com\/de\/#\/schema\/logo\/image\/"},"sameAs":["https:\/\/www.facebook.com\/balkone\/","https:\/\/www.trustedshops.at\/bewertung\/info_X4587CCF5833E31AFE0B11F47D86999F2.html","https:\/\/www.trustedshops.de\/bewertung\/info_X7BA536A7A0BDC86D36C4718E4DCAEEEF.html","https:\/\/www.google.com\/maps\/place\/?q=place_id:ChIJ5-zH19-IcEcR9HonWRTllHI"]}]}},"_links":{"self":[{"href":"https:\/\/www.leeb-balkone.com\/de\/wp-json\/wp\/v2\/tribe_events\/7395","targetHints":{"allow":["GET"]}}],"collection":[{"href":"https:\/\/www.leeb-balkone.com\/de\/wp-json\/wp\/v2\/tribe_events"}],"about":[{"href":"https:\/\/www.leeb-balkone.com\/de\/wp-json\/wp\/v2\/types\/tribe_events"}],"author":[{"embeddable":true,"href":"https:\/\/www.leeb-balkone.com\/de\/wp-json\/wp\/v2\/users\/3"}],"version-history":[{"count":1,"href":"https:\/\/www.leeb-balkone.com\/de\/wp-json\/wp\/v2\/tribe_events\/7395\/revisions"}],"predecessor-version":[{"id":142987,"href":"https:\/\/www.leeb-balkone.com\/de\/wp-json\/wp\/v2\/tribe_events\/7395\/revisions\/142987"}],"wp:featuredmedia":[{"embeddable":true,"href":"https:\/\/www.leeb-balkone.com\/de\/wp-json\/wp\/v2\/media\/7400"}],"wp:attachment":[{"href":"https:\/\/www.leeb-balkone.com\/de\/wp-json\/wp\/v2\/media?parent=7395"}],"wp:term":[{"taxonomy":"post_tag","embeddable":true,"href":"https:\/\/www.leeb-balkone.com\/de\/wp-json\/wp\/v2\/tags?post=7395"},{"taxonomy":"tribe_events_cat","embeddable":true,"href":"https:\/\/www.leeb-balkone.com\/de\/wp-json\/wp\/v2\/tribe_events_cat?post=7395"}],"curies":[{"name":"wp","href":"https:\/\/api.w.org\/{rel}","templated":true}]}}

Freizeit Messe Nürnberg

<p><strong>Die Messe Freizeit in Nürnberg ist Nordbayerns größte Urlaubs-, Reise- und Freizeitmesse. Rund 1.000 Aussteller präsentieren auf der Freizeit-Messe Nürnberg in 9 Hallen Reise- und Urlaubsangebote für nah und fern, alles für Haus und Garten, die neuesten Caravans und Reisemobile sowie Campingbedarf.</strong></p>
<p>Freizeit in Nürnberg ist eine Messe für die schönsten Tage des Jahres. Die Sonderschau „It’s BBQ-Time“ widmet sich dem Grillvergnügen und Outdoorangebote zeigen die Vielfalt an Outdooraktivitäten (Tauchsportschau mit Besuchertauchen und Vorführungen im 40.000 Liter Tauchturm, Running-Area, Zweiradzentrum mit Fahrrad-Testparcours, Kanusport-Zentrum, Klettergarten für Kinder, Golfparcours mit Putting-Wettbewerb). Erlesene Freizeitangebote und Tipps für die aktive Freizeitgestaltung runden das Angebot ab.</p>

<!-- This site is optimized with the Yoast SEO plugin v27.2 - https://yoast.com/product/yoast-seo-wordpress/ -->
<title>Freizeit Messe Nürnberg - Leeb Balkone Deutschland</title>
<meta name="description" content="Die Messe Freizeit in Nürnberg ist Nordbayerns größte Urlaubs-, Reise- und Freizeitmesse. Besuchen Sie Leeb Balkone und Zäune!" />
<meta name="robots" content="index, follow, max-snippet:-1, max-image-preview:large, max-video-preview:-1" />
<meta property="og:locale" content="de_DE" />
<meta property="og:type" content="article" />
<meta property="og:title" content="Freizeit Messe Nürnberg - Leeb Balkone" />
<meta property="og:description" content="Die Messe Freizeit in Nürnberg ist Nordbayerns größte Urlaubs-, Reise- und Freizeitmesse. Besuchen Sie Leeb Balkone und Zäune!" />
<meta property="og:url" content="https://www.leeb-balkone.com/de/messe/freizeit-messe-nuernberg/" />
<meta property="og:site_name" content="Leeb Balkone" />
<meta property="article:publisher" content="https://www.facebook.com/balkone/" />
<meta property="article:modified_time" content="2026-02-02T09:58:41+00:00" />
<meta property="og:image" content="https://www.leeb-balkone.com/app/uploads/2020/09/freizeit-messe-nuernberg-1.jpg" />
	<meta property="og:image:width" content="390" />
	<meta property="og:image:height" content="194" />
	<meta property="og:image:type" content="image/jpeg" />
<meta name="twitter:card" content="summary_large_image" />
<script type="application/ld+json" class="yoast-schema-graph">{"@context":"https://schema.org","@graph":[{"@type":"WebPage","@id":"https://www.leeb-balkone.com/de/messe/freizeit-messe-nuernberg/","url":"https://www.leeb-balkone.com/de/messe/freizeit-messe-nuernberg/","name":"Freizeit Messe Nürnberg - Leeb Balkone","isPartOf":{"@id":"https://www.leeb-balkone.com/de/#website"},"primaryImageOfPage":{"@id":"https://www.leeb-balkone.com/de/messe/freizeit-messe-nuernberg/#primaryimage"},"image":{"@id":"https://www.leeb-balkone.com/de/messe/freizeit-messe-nuernberg/#primaryimage"},"thumbnailUrl":"https://www.leeb-balkone.com/app/uploads/2020/09/freizeit-messe-nuernberg-1.jpg","datePublished":"2020-09-18T12:10:44+00:00","dateModified":"2026-02-02T09:58:41+00:00","description":"Die Messe Freizeit in Nürnberg ist Nordbayerns größte Urlaubs-, Reise- und Freizeitmesse. Besuchen Sie Leeb Balkone und Zäune!","breadcrumb":{"@id":"https://www.leeb-balkone.com/de/messe/freizeit-messe-nuernberg/#breadcrumb"},"inLanguage":"de","potentialAction":[{"@type":"ReadAction","target":["https://www.leeb-balkone.com/de/messe/freizeit-messe-nuernberg/"]}]},{"@type":"ImageObject","inLanguage":"de","@id":"https://www.leeb-balkone.com/de/messe/freizeit-messe-nuernberg/#primaryimage","url":"https://www.leeb-balkone.com/app/uploads/2020/09/freizeit-messe-nuernberg-1.jpg","contentUrl":"https://www.leeb-balkone.com/app/uploads/2020/09/freizeit-messe-nuernberg-1.jpg","width":390,"height":194,"caption":"Die Firma Leeb Balkone ist auf vielen Messen präsent"},{"@type":"BreadcrumbList","@id":"https://www.leeb-balkone.com/de/messe/freizeit-messe-nuernberg/#breadcrumb","itemListElement":[{"@type":"ListItem","position":1,"name":"Home","item":"https://www.leeb-balkone.com/de/"},{"@type":"ListItem","position":2,"name":"Veranstaltungen","item":"https://www.leeb-balkone.com/de/messe/"},{"@type":"ListItem","position":3,"name":"Freizeit Messe Nürnberg"}]},{"@type":"WebSite","@id":"https://www.leeb-balkone.com/de/#website","url":"https://www.leeb-balkone.com/de/","name":"Leeb Balkone","description":"Balkone und Zäune","publisher":{"@id":"https://www.leeb-balkone.com/de/#organization"},"potentialAction":[{"@type":"SearchAction","target":{"@type":"EntryPoint","urlTemplate":"https://www.leeb-balkone.com/de/?s={search_term_string}"},"query-input":{"@type":"PropertyValueSpecification","valueRequired":true,"valueName":"search_term_string"}}],"inLanguage":"de"},{"@type":"Organization","@id":"https://www.leeb-balkone.com/de/#organization","name":"Leeb Balkone Gmbh","url":"https://www.leeb-balkone.com/de/","logo":{"@type":"ImageObject","inLanguage":"de","@id":"https://www.leeb-balkone.com/de/#/schema/logo/image/","url":"https://www.leeb-balkone.com/app/uploads/2020/11/leeb-logo.svg","contentUrl":"https://www.leeb-balkone.com/app/uploads/2020/11/leeb-logo.svg","width":741,"height":204,"caption":"Leeb Balkone Gmbh"},"image":{"@id":"https://www.leeb-balkone.com/de/#/schema/logo/image/"},"sameAs":["https://www.facebook.com/balkone/","https://www.trustedshops.at/bewertung/info_X4587CCF5833E31AFE0B11F47D86999F2.html","https://www.trustedshops.de/bewertung/info_X7BA536A7A0BDC86D36C4718E4DCAEEEF.html","https://www.google.com/maps/place/?q=place_id:ChIJ5-zH19-IcEcR9HonWRTllHI"]}]}</script>
<!-- / Yoast SEO plugin. -->

Freizeit Messe Nürnberg - Leeb Balkone Deutschland

Die Messe Freizeit in Nürnberg ist Nordbayerns größte Urlaubs-, Reise- und Freizeitmesse. Besuchen Sie Leeb Balkone und Zäune!

Freizeit Messe Nürnberg - Leeb Balkone

Die Firma Leeb Balkone ist auf vielen Messen präsent

Balkone und Zäune
