{"id":61975,"date":"2021-11-26T09:33:35","date_gmt":"2021-11-26T09:33:35","guid":{"rendered":"https:\/\/www.leeb-balkone.com\/de\/?post_type=tribe_events&#038;p=61975"},"modified":"2024-12-20T10:04:36","modified_gmt":"2024-12-20T10:04:36","slug":"rheinlandpfalz-messe-in-mainz","status":"publish","type":"tribe_events","link":"https:\/\/www.leeb-balkone.com\/de\/messe\/rheinlandpfalz-messe-in-mainz\/","title":{"rendered":"Rheinlandpfalz Messe in Mainz"},"content":{"rendered":"<p>Die gr\u00f6\u00dfte Verbrauchermesse in Rheinland-Pfalz und im gesamten Rhein-Main-Gebiet auf dem Gel\u00e4nde der Messe Mainz.<\/p>\n","protected":false},"excerpt":{"rendered":"","protected":false},"author":3,"featured_media":142766,"template":"","meta":{"_acf_changed":false,"_tribe_events_status":"","_tribe_events_status_reason":"","_tribe_events_is_hybrid":"","_tribe_events_is_virtual":"","_tribe_events_virtual_video_source":"","_tribe_events_virtual_embed_video":"","_tribe_events_virtual_linked_button_text":"","_tribe_events_virtual_linked_button":"","_tribe_events_virtual_show_embed_at":"","_tribe_events_virtual_show_embed_to":[],"_tribe_events_virtual_show_on_event":"","_tribe_events_virtual_show_on_views":"","_tribe_events_virtual_url":"","footnotes":""},"tags":[],"tribe_events_cat":[],"class_list":["post-61975","tribe_events","type-tribe_events","status-publish","has-post-thumbnail","hentry"],"acf":[],"yoast_head":"<!-- This site is optimized with the Yoast SEO plugin v27.2 - https:\/\/yoast.com\/product\/yoast-seo-wordpress\/ -->\n<title>Rheinlandpfalz Messe in Mainz - Leeb Balkone Deutschland<\/title>\n<meta name=\"description\" content=\"Die gr\u00f6\u00dfte Verbrauchermesse in Rheinland-Pfalz und im gesamten Rhein-Main-Gebiet auf dem Gel\u00e4nde der Messe Mainz.\" \/>\n<meta name=\"robots\" content=\"index, follow, max-snippet:-1, max-image-preview:large, max-video-preview:-1\" \/>\n<meta property=\"og:locale\" content=\"de_DE\" \/>\n<meta property=\"og:type\" content=\"article\" \/>\n<meta property=\"og:title\" content=\"Rheinlandpfalz Messe in Mainz - Leeb Balkone\" \/>\n<meta property=\"og:description\" content=\"Die gr\u00f6\u00dfte Verbrauchermesse in Rheinland-Pfalz und im gesamten Rhein-Main-Gebiet auf dem Gel\u00e4nde der Messe Mainz.\" \/>\n<meta property=\"og:url\" content=\"https:\/\/www.leeb-balkone.com\/de\/messe\/rheinlandpfalz-messe-in-mainz\/\" \/>\n<meta property=\"og:site_name\" content=\"Leeb Balkone\" \/>\n<meta property=\"article:publisher\" content=\"https:\/\/www.facebook.com\/balkone\/\" \/>\n<meta property=\"article:modified_time\" content=\"2024-12-20T10:04:36+00:00\" \/>\n<meta property=\"og:image\" content=\"https:\/\/www.leeb-balkone.com\/app\/uploads\/2021\/11\/Messe-Rheinland-Pfalz-2025.png\" \/>\n\t<meta property=\"og:image:width\" content=\"740\" \/>\n\t<meta property=\"og:image:height\" content=\"476\" \/>\n\t<meta property=\"og:image:type\" content=\"image\/png\" \/>\n<meta name=\"twitter:card\" content=\"summary_large_image\" \/>\n<script type=\"application\/ld+json\" class=\"yoast-schema-graph\">{\"@context\":\"https:\/\/schema.org\",\"@graph\":[{\"@type\":\"WebPage\",\"@id\":\"https:\/\/www.leeb-balkone.com\/de\/messe\/rheinlandpfalz-messe-in-mainz\/\",\"url\":\"https:\/\/www.leeb-balkone.com\/de\/messe\/rheinlandpfalz-messe-in-mainz\/\",\"name\":\"Rheinlandpfalz Messe in Mainz - Leeb Balkone\",\"isPartOf\":{\"@id\":\"https:\/\/www.leeb-balkone.com\/de\/#website\"},\"primaryImageOfPage\":{\"@id\":\"https:\/\/www.leeb-balkone.com\/de\/messe\/rheinlandpfalz-messe-in-mainz\/#primaryimage\"},\"image\":{\"@id\":\"https:\/\/www.leeb-balkone.com\/de\/messe\/rheinlandpfalz-messe-in-mainz\/#primaryimage\"},\"thumbnailUrl\":\"https:\/\/www.leeb-balkone.com\/app\/uploads\/2021\/11\/Messe-Rheinland-Pfalz-2025.png\",\"datePublished\":\"2021-11-26T09:33:35+00:00\",\"dateModified\":\"2024-12-20T10:04:36+00:00\",\"description\":\"Die gr\u00f6\u00dfte Verbrauchermesse in Rheinland-Pfalz und im gesamten Rhein-Main-Gebiet auf dem Gel\u00e4nde der Messe Mainz.\",\"breadcrumb\":{\"@id\":\"https:\/\/www.leeb-balkone.com\/de\/messe\/rheinlandpfalz-messe-in-mainz\/#breadcrumb\"},\"inLanguage\":\"de\",\"potentialAction\":[{\"@type\":\"ReadAction\",\"target\":[\"https:\/\/www.leeb-balkone.com\/de\/messe\/rheinlandpfalz-messe-in-mainz\/\"]}]},{\"@type\":\"ImageObject\",\"inLanguage\":\"de\",\"@id\":\"https:\/\/www.leeb-balkone.com\/de\/messe\/rheinlandpfalz-messe-in-mainz\/#primaryimage\",\"url\":\"https:\/\/www.leeb-balkone.com\/app\/uploads\/2021\/11\/Messe-Rheinland-Pfalz-2025.png\",\"contentUrl\":\"https:\/\/www.leeb-balkone.com\/app\/uploads\/2021\/11\/Messe-Rheinland-Pfalz-2025.png\",\"width\":740,\"height\":476},{\"@type\":\"BreadcrumbList\",\"@id\":\"https:\/\/www.leeb-balkone.com\/de\/messe\/rheinlandpfalz-messe-in-mainz\/#breadcrumb\",\"itemListElement\":[{\"@type\":\"ListItem\",\"position\":1,\"name\":\"Home\",\"item\":\"https:\/\/www.leeb-balkone.com\/de\/\"},{\"@type\":\"ListItem\",\"position\":2,\"name\":\"Veranstaltungen\",\"item\":\"https:\/\/www.leeb-balkone.com\/de\/messe\/\"},{\"@type\":\"ListItem\",\"position\":3,\"name\":\"Rheinlandpfalz Messe in Mainz\"}]},{\"@type\":\"WebSite\",\"@id\":\"https:\/\/www.leeb-balkone.com\/de\/#website\",\"url\":\"https:\/\/www.leeb-balkone.com\/de\/\",\"name\":\"Leeb Balkone\",\"description\":\"Balkone und Z\u00e4une\",\"publisher\":{\"@id\":\"https:\/\/www.leeb-balkone.com\/de\/#organization\"},\"potentialAction\":[{\"@type\":\"SearchAction\",\"target\":{\"@type\":\"EntryPoint\",\"urlTemplate\":\"https:\/\/www.leeb-balkone.com\/de\/?s={search_term_string}\"},\"query-input\":{\"@type\":\"PropertyValueSpecification\",\"valueRequired\":true,\"valueName\":\"search_term_string\"}}],\"inLanguage\":\"de\"},{\"@type\":\"Organization\",\"@id\":\"https:\/\/www.leeb-balkone.com\/de\/#organization\",\"name\":\"Leeb Balkone Gmbh\",\"url\":\"https:\/\/www.leeb-balkone.com\/de\/\",\"logo\":{\"@type\":\"ImageObject\",\"inLanguage\":\"de\",\"@id\":\"https:\/\/www.leeb-balkone.com\/de\/#\/schema\/logo\/image\/\",\"url\":\"https:\/\/www.leeb-balkone.com\/app\/uploads\/2020\/11\/leeb-logo.svg\",\"contentUrl\":\"https:\/\/www.leeb-balkone.com\/app\/uploads\/2020\/11\/leeb-logo.svg\",\"width\":741,\"height\":204,\"caption\":\"Leeb Balkone Gmbh\"},\"image\":{\"@id\":\"https:\/\/www.leeb-balkone.com\/de\/#\/schema\/logo\/image\/\"},\"sameAs\":[\"https:\/\/www.facebook.com\/balkone\/\",\"https:\/\/www.trustedshops.at\/bewertung\/info_X4587CCF5833E31AFE0B11F47D86999F2.html\",\"https:\/\/www.trustedshops.de\/bewertung\/info_X7BA536A7A0BDC86D36C4718E4DCAEEEF.html\",\"https:\/\/www.google.com\/maps\/place\/?q=place_id:ChIJ5-zH19-IcEcR9HonWRTllHI\"]}]}<\/script>\n<!-- \/ Yoast SEO plugin. -->","yoast_head_json":{"title":"Rheinlandpfalz Messe in Mainz - Leeb Balkone Deutschland","description":"Die gr\u00f6\u00dfte Verbrauchermesse in Rheinland-Pfalz und im gesamten Rhein-Main-Gebiet auf dem Gel\u00e4nde der Messe Mainz.","robots":{"index":"index","follow":"follow","max-snippet":"max-snippet:-1","max-image-preview":"max-image-preview:large","max-video-preview":"max-video-preview:-1"},"og_locale":"de_DE","og_type":"article","og_title":"Rheinlandpfalz Messe in Mainz - Leeb Balkone","og_description":"Die gr\u00f6\u00dfte Verbrauchermesse in Rheinland-Pfalz und im gesamten Rhein-Main-Gebiet auf dem Gel\u00e4nde der Messe Mainz.","og_url":"https:\/\/www.leeb-balkone.com\/de\/messe\/rheinlandpfalz-messe-in-mainz\/","og_site_name":"Leeb Balkone","article_publisher":"https:\/\/www.facebook.com\/balkone\/","article_modified_time":"2024-12-20T10:04:36+00:00","og_image":[{"width":740,"height":476,"url":"https:\/\/www.leeb-balkone.com\/app\/uploads\/2021\/11\/Messe-Rheinland-Pfalz-2025.png","type":"image\/png"}],"twitter_card":"summary_large_image","schema":{"@context":"https:\/\/schema.org","@graph":[{"@type":"WebPage","@id":"https:\/\/www.leeb-balkone.com\/de\/messe\/rheinlandpfalz-messe-in-mainz\/","url":"https:\/\/www.leeb-balkone.com\/de\/messe\/rheinlandpfalz-messe-in-mainz\/","name":"Rheinlandpfalz Messe in Mainz - Leeb Balkone","isPartOf":{"@id":"https:\/\/www.leeb-balkone.com\/de\/#website"},"primaryImageOfPage":{"@id":"https:\/\/www.leeb-balkone.com\/de\/messe\/rheinlandpfalz-messe-in-mainz\/#primaryimage"},"image":{"@id":"https:\/\/www.leeb-balkone.com\/de\/messe\/rheinlandpfalz-messe-in-mainz\/#primaryimage"},"thumbnailUrl":"https:\/\/www.leeb-balkone.com\/app\/uploads\/2021\/11\/Messe-Rheinland-Pfalz-2025.png","datePublished":"2021-11-26T09:33:35+00:00","dateModified":"2024-12-20T10:04:36+00:00","description":"Die gr\u00f6\u00dfte Verbrauchermesse in Rheinland-Pfalz und im gesamten Rhein-Main-Gebiet auf dem Gel\u00e4nde der Messe Mainz.","breadcrumb":{"@id":"https:\/\/www.leeb-balkone.com\/de\/messe\/rheinlandpfalz-messe-in-mainz\/#breadcrumb"},"inLanguage":"de","potentialAction":[{"@type":"ReadAction","target":["https:\/\/www.leeb-balkone.com\/de\/messe\/rheinlandpfalz-messe-in-mainz\/"]}]},{"@type":"ImageObject","inLanguage":"de","@id":"https:\/\/www.leeb-balkone.com\/de\/messe\/rheinlandpfalz-messe-in-mainz\/#primaryimage","url":"https:\/\/www.leeb-balkone.com\/app\/uploads\/2021\/11\/Messe-Rheinland-Pfalz-2025.png","contentUrl":"https:\/\/www.leeb-balkone.com\/app\/uploads\/2021\/11\/Messe-Rheinland-Pfalz-2025.png","width":740,"height":476},{"@type":"BreadcrumbList","@id":"https:\/\/www.leeb-balkone.com\/de\/messe\/rheinlandpfalz-messe-in-mainz\/#breadcrumb","itemListElement":[{"@type":"ListItem","position":1,"name":"Home","item":"https:\/\/www.leeb-balkone.com\/de\/"},{"@type":"ListItem","position":2,"name":"Veranstaltungen","item":"https:\/\/www.leeb-balkone.com\/de\/messe\/"},{"@type":"ListItem","position":3,"name":"Rheinlandpfalz Messe in Mainz"}]},{"@type":"WebSite","@id":"https:\/\/www.leeb-balkone.com\/de\/#website","url":"https:\/\/www.leeb-balkone.com\/de\/","name":"Leeb Balkone","description":"Balkone und Z\u00e4une","publisher":{"@id":"https:\/\/www.leeb-balkone.com\/de\/#organization"},"potentialAction":[{"@type":"SearchAction","target":{"@type":"EntryPoint","urlTemplate":"https:\/\/www.leeb-balkone.com\/de\/?s={search_term_string}"},"query-input":{"@type":"PropertyValueSpecification","valueRequired":true,"valueName":"search_term_string"}}],"inLanguage":"de"},{"@type":"Organization","@id":"https:\/\/www.leeb-balkone.com\/de\/#organization","name":"Leeb Balkone Gmbh","url":"https:\/\/www.leeb-balkone.com\/de\/","logo":{"@type":"ImageObject","inLanguage":"de","@id":"https:\/\/www.leeb-balkone.com\/de\/#\/schema\/logo\/image\/","url":"https:\/\/www.leeb-balkone.com\/app\/uploads\/2020\/11\/leeb-logo.svg","contentUrl":"https:\/\/www.leeb-balkone.com\/app\/uploads\/2020\/11\/leeb-logo.svg","width":741,"height":204,"caption":"Leeb Balkone Gmbh"},"image":{"@id":"https:\/\/www.leeb-balkone.com\/de\/#\/schema\/logo\/image\/"},"sameAs":["https:\/\/www.facebook.com\/balkone\/","https:\/\/www.trustedshops.at\/bewertung\/info_X4587CCF5833E31AFE0B11F47D86999F2.html","https:\/\/www.trustedshops.de\/bewertung\/info_X7BA536A7A0BDC86D36C4718E4DCAEEEF.html","https:\/\/www.google.com\/maps\/place\/?q=place_id:ChIJ5-zH19-IcEcR9HonWRTllHI"]}]}},"_links":{"self":[{"href":"https:\/\/www.leeb-balkone.com\/de\/wp-json\/wp\/v2\/tribe_events\/61975","targetHints":{"allow":["GET"]}}],"collection":[{"href":"https:\/\/www.leeb-balkone.com\/de\/wp-json\/wp\/v2\/tribe_events"}],"about":[{"href":"https:\/\/www.leeb-balkone.com\/de\/wp-json\/wp\/v2\/types\/tribe_events"}],"author":[{"embeddable":true,"href":"https:\/\/www.leeb-balkone.com\/de\/wp-json\/wp\/v2\/users\/3"}],"version-history":[{"count":1,"href":"https:\/\/www.leeb-balkone.com\/de\/wp-json\/wp\/v2\/tribe_events\/61975\/revisions"}],"predecessor-version":[{"id":142754,"href":"https:\/\/www.leeb-balkone.com\/de\/wp-json\/wp\/v2\/tribe_events\/61975\/revisions\/142754"}],"wp:featuredmedia":[{"embeddable":true,"href":"https:\/\/www.leeb-balkone.com\/de\/wp-json\/wp\/v2\/media\/142766"}],"wp:attachment":[{"href":"https:\/\/www.leeb-balkone.com\/de\/wp-json\/wp\/v2\/media?parent=61975"}],"wp:term":[{"taxonomy":"post_tag","embeddable":true,"href":"https:\/\/www.leeb-balkone.com\/de\/wp-json\/wp\/v2\/tags?post=61975"},{"taxonomy":"tribe_events_cat","embeddable":true,"href":"https:\/\/www.leeb-balkone.com\/de\/wp-json\/wp\/v2\/tribe_events_cat?post=61975"}],"curies":[{"name":"wp","href":"https:\/\/api.w.org\/{rel}","templated":true}]}}

<p>Die größte Verbrauchermesse in Rheinland-Pfalz und im gesamten Rhein-Main-Gebiet auf dem Gelände der Messe Mainz.</p>

<!-- This site is optimized with the Yoast SEO plugin v27.2 - https://yoast.com/product/yoast-seo-wordpress/ -->
<title>Rheinlandpfalz Messe in Mainz - Leeb Balkone Deutschland</title>
<meta name="description" content="Die größte Verbrauchermesse in Rheinland-Pfalz und im gesamten Rhein-Main-Gebiet auf dem Gelände der Messe Mainz." />
<meta name="robots" content="index, follow, max-snippet:-1, max-image-preview:large, max-video-preview:-1" />
<meta property="og:locale" content="de_DE" />
<meta property="og:type" content="article" />
<meta property="og:title" content="Rheinlandpfalz Messe in Mainz - Leeb Balkone" />
<meta property="og:description" content="Die größte Verbrauchermesse in Rheinland-Pfalz und im gesamten Rhein-Main-Gebiet auf dem Gelände der Messe Mainz." />
<meta property="og:url" content="https://www.leeb-balkone.com/de/messe/rheinlandpfalz-messe-in-mainz/" />
<meta property="og:site_name" content="Leeb Balkone" />
<meta property="article:publisher" content="https://www.facebook.com/balkone/" />
<meta property="article:modified_time" content="2024-12-20T10:04:36+00:00" />
<meta property="og:image" content="https://www.leeb-balkone.com/app/uploads/2021/11/Messe-Rheinland-Pfalz-2025.png" />
	<meta property="og:image:width" content="740" />
	<meta property="og:image:height" content="476" />
	<meta property="og:image:type" content="image/png" />
<meta name="twitter:card" content="summary_large_image" />
<script type="application/ld+json" class="yoast-schema-graph">{"@context":"https://schema.org","@graph":[{"@type":"WebPage","@id":"https://www.leeb-balkone.com/de/messe/rheinlandpfalz-messe-in-mainz/","url":"https://www.leeb-balkone.com/de/messe/rheinlandpfalz-messe-in-mainz/","name":"Rheinlandpfalz Messe in Mainz - Leeb Balkone","isPartOf":{"@id":"https://www.leeb-balkone.com/de/#website"},"primaryImageOfPage":{"@id":"https://www.leeb-balkone.com/de/messe/rheinlandpfalz-messe-in-mainz/#primaryimage"},"image":{"@id":"https://www.leeb-balkone.com/de/messe/rheinlandpfalz-messe-in-mainz/#primaryimage"},"thumbnailUrl":"https://www.leeb-balkone.com/app/uploads/2021/11/Messe-Rheinland-Pfalz-2025.png","datePublished":"2021-11-26T09:33:35+00:00","dateModified":"2024-12-20T10:04:36+00:00","description":"Die größte Verbrauchermesse in Rheinland-Pfalz und im gesamten Rhein-Main-Gebiet auf dem Gelände der Messe Mainz.","breadcrumb":{"@id":"https://www.leeb-balkone.com/de/messe/rheinlandpfalz-messe-in-mainz/#breadcrumb"},"inLanguage":"de","potentialAction":[{"@type":"ReadAction","target":["https://www.leeb-balkone.com/de/messe/rheinlandpfalz-messe-in-mainz/"]}]},{"@type":"ImageObject","inLanguage":"de","@id":"https://www.leeb-balkone.com/de/messe/rheinlandpfalz-messe-in-mainz/#primaryimage","url":"https://www.leeb-balkone.com/app/uploads/2021/11/Messe-Rheinland-Pfalz-2025.png","contentUrl":"https://www.leeb-balkone.com/app/uploads/2021/11/Messe-Rheinland-Pfalz-2025.png","width":740,"height":476},{"@type":"BreadcrumbList","@id":"https://www.leeb-balkone.com/de/messe/rheinlandpfalz-messe-in-mainz/#breadcrumb","itemListElement":[{"@type":"ListItem","position":1,"name":"Home","item":"https://www.leeb-balkone.com/de/"},{"@type":"ListItem","position":2,"name":"Veranstaltungen","item":"https://www.leeb-balkone.com/de/messe/"},{"@type":"ListItem","position":3,"name":"Rheinlandpfalz Messe in Mainz"}]},{"@type":"WebSite","@id":"https://www.leeb-balkone.com/de/#website","url":"https://www.leeb-balkone.com/de/","name":"Leeb Balkone","description":"Balkone und Zäune","publisher":{"@id":"https://www.leeb-balkone.com/de/#organization"},"potentialAction":[{"@type":"SearchAction","target":{"@type":"EntryPoint","urlTemplate":"https://www.leeb-balkone.com/de/?s={search_term_string}"},"query-input":{"@type":"PropertyValueSpecification","valueRequired":true,"valueName":"search_term_string"}}],"inLanguage":"de"},{"@type":"Organization","@id":"https://www.leeb-balkone.com/de/#organization","name":"Leeb Balkone Gmbh","url":"https://www.leeb-balkone.com/de/","logo":{"@type":"ImageObject","inLanguage":"de","@id":"https://www.leeb-balkone.com/de/#/schema/logo/image/","url":"https://www.leeb-balkone.com/app/uploads/2020/11/leeb-logo.svg","contentUrl":"https://www.leeb-balkone.com/app/uploads/2020/11/leeb-logo.svg","width":741,"height":204,"caption":"Leeb Balkone Gmbh"},"image":{"@id":"https://www.leeb-balkone.com/de/#/schema/logo/image/"},"sameAs":["https://www.facebook.com/balkone/","https://www.trustedshops.at/bewertung/info_X4587CCF5833E31AFE0B11F47D86999F2.html","https://www.trustedshops.de/bewertung/info_X7BA536A7A0BDC86D36C4718E4DCAEEEF.html","https://www.google.com/maps/place/?q=place_id:ChIJ5-zH19-IcEcR9HonWRTllHI"]}]}</script>
<!-- / Yoast SEO plugin. -->

Die größte Verbrauchermesse in Rheinland-Pfalz und im gesamten Rhein-Main-Gebiet auf dem Gelände der Messe Mainz.

Balkone und Zäune
