{"id":162064,"date":"2025-12-17T10:23:05","date_gmt":"2025-12-17T10:23:05","guid":{"rendered":"https:\/\/www.leeb-balkone.com\/de\/?post_type=tribe_events&#038;p=162064"},"modified":"2025-12-17T10:23:40","modified_gmt":"2025-12-17T10:23:40","slug":"wir-in-altmuehlfranken","status":"publish","type":"tribe_events","link":"https:\/\/www.leeb-balkone.com\/de\/messe\/wir-in-altmuehlfranken\/","title":{"rendered":"WIR in Altm\u00fchlfranken"},"content":{"rendered":"<p>Die Wirtschafts-, Informations- und Regionalausstellung WIR in Altm\u00fchlfranken wird vom 16. bis 19. April, t\u00e4glich von 10 bis 18 Uhr, auf dem Schie\u00dfwasen vermutlich zehntausende Besucher anlocken.<\/p>\n<p>Sie ist eine regionale Verbrauchermesse f\u00fcr die Region Altm\u00fchlfranken und ein wichtiger Treffpunkt f\u00fcr lokale Unternehmen und Besucher, mit Ausstellern aus Handwerk, Handel, Dienstleistung und mehr, oft mit regionalem Fokus. <strong>WIR SIND MIT DABEI!<\/strong><\/p>\n","protected":false},"excerpt":{"rendered":"","protected":false},"author":3,"featured_media":162057,"template":"","meta":{"_acf_changed":false,"_tribe_events_status":"","_tribe_events_status_reason":"","_tribe_events_is_hybrid":"","_tribe_events_is_virtual":"","_tribe_events_virtual_video_source":"","_tribe_events_virtual_embed_video":"","_tribe_events_virtual_linked_button_text":"","_tribe_events_virtual_linked_button":"","_tribe_events_virtual_show_embed_at":"","_tribe_events_virtual_show_embed_to":[],"_tribe_events_virtual_show_on_event":"","_tribe_events_virtual_show_on_views":"","_tribe_events_virtual_url":"","footnotes":""},"tags":[],"tribe_events_cat":[],"class_list":["post-162064","tribe_events","type-tribe_events","status-publish","has-post-thumbnail","hentry"],"acf":[],"yoast_head":"<!-- This site is optimized with the Yoast SEO plugin v27.2 - https:\/\/yoast.com\/product\/yoast-seo-wordpress\/ -->\n<title>WIR in Altm\u00fchlfranken - Leeb Balkone Deutschland<\/title>\n<meta name=\"description\" content=\"Die Wirtschafts-, Informations- und Regionalausstellung WIR in Altm\u00fchlfranken wird vom 16. bis 19. April, t\u00e4glich von 10 bis 18 Uhr, auf dem Schie\u00dfwasen\" \/>\n<meta name=\"robots\" content=\"index, follow, max-snippet:-1, max-image-preview:large, max-video-preview:-1\" \/>\n<meta property=\"og:locale\" content=\"de_DE\" \/>\n<meta property=\"og:type\" content=\"article\" \/>\n<meta property=\"og:title\" content=\"WIR in Altm\u00fchlfranken - Leeb Balkone\" \/>\n<meta property=\"og:description\" content=\"Die Wirtschafts-, Informations- und Regionalausstellung WIR in Altm\u00fchlfranken wird vom 16. bis 19. April, t\u00e4glich von 10 bis 18 Uhr, auf dem Schie\u00dfwasen\" \/>\n<meta property=\"og:url\" content=\"https:\/\/www.leeb-balkone.com\/de\/messe\/wir-in-altmuehlfranken\/\" \/>\n<meta property=\"og:site_name\" content=\"Leeb Balkone\" \/>\n<meta property=\"article:publisher\" content=\"https:\/\/www.facebook.com\/balkone\/\" \/>\n<meta property=\"article:modified_time\" content=\"2025-12-17T10:23:40+00:00\" \/>\n<meta property=\"og:image\" content=\"https:\/\/www.leeb-balkone.com\/app\/uploads\/2025\/12\/WIR-Altmuehlfranken.webp\" \/>\n\t<meta property=\"og:image:width\" content=\"690\" \/>\n\t<meta property=\"og:image:height\" content=\"379\" \/>\n\t<meta property=\"og:image:type\" content=\"image\/webp\" \/>\n<meta name=\"twitter:card\" content=\"summary_large_image\" \/>\n<script type=\"application\/ld+json\" class=\"yoast-schema-graph\">{\"@context\":\"https:\/\/schema.org\",\"@graph\":[{\"@type\":\"WebPage\",\"@id\":\"https:\/\/www.leeb-balkone.com\/de\/messe\/wir-in-altmuehlfranken\/\",\"url\":\"https:\/\/www.leeb-balkone.com\/de\/messe\/wir-in-altmuehlfranken\/\",\"name\":\"WIR in Altm\u00fchlfranken - Leeb Balkone\",\"isPartOf\":{\"@id\":\"https:\/\/www.leeb-balkone.com\/de\/#website\"},\"primaryImageOfPage\":{\"@id\":\"https:\/\/www.leeb-balkone.com\/de\/messe\/wir-in-altmuehlfranken\/#primaryimage\"},\"image\":{\"@id\":\"https:\/\/www.leeb-balkone.com\/de\/messe\/wir-in-altmuehlfranken\/#primaryimage\"},\"thumbnailUrl\":\"https:\/\/www.leeb-balkone.com\/app\/uploads\/2025\/12\/WIR-Altmuehlfranken.webp\",\"datePublished\":\"2025-12-17T10:23:05+00:00\",\"dateModified\":\"2025-12-17T10:23:40+00:00\",\"description\":\"Die Wirtschafts-, Informations- und Regionalausstellung WIR in Altm\u00fchlfranken wird vom 16. bis 19. April, t\u00e4glich von 10 bis 18 Uhr, auf dem Schie\u00dfwasen\",\"breadcrumb\":{\"@id\":\"https:\/\/www.leeb-balkone.com\/de\/messe\/wir-in-altmuehlfranken\/#breadcrumb\"},\"inLanguage\":\"de\",\"potentialAction\":[{\"@type\":\"ReadAction\",\"target\":[\"https:\/\/www.leeb-balkone.com\/de\/messe\/wir-in-altmuehlfranken\/\"]}]},{\"@type\":\"ImageObject\",\"inLanguage\":\"de\",\"@id\":\"https:\/\/www.leeb-balkone.com\/de\/messe\/wir-in-altmuehlfranken\/#primaryimage\",\"url\":\"https:\/\/www.leeb-balkone.com\/app\/uploads\/2025\/12\/WIR-Altmuehlfranken.webp\",\"contentUrl\":\"https:\/\/www.leeb-balkone.com\/app\/uploads\/2025\/12\/WIR-Altmuehlfranken.webp\",\"width\":690,\"height\":379},{\"@type\":\"BreadcrumbList\",\"@id\":\"https:\/\/www.leeb-balkone.com\/de\/messe\/wir-in-altmuehlfranken\/#breadcrumb\",\"itemListElement\":[{\"@type\":\"ListItem\",\"position\":1,\"name\":\"Home\",\"item\":\"https:\/\/www.leeb-balkone.com\/de\/\"},{\"@type\":\"ListItem\",\"position\":2,\"name\":\"Veranstaltungen\",\"item\":\"https:\/\/www.leeb-balkone.com\/de\/messe\/\"},{\"@type\":\"ListItem\",\"position\":3,\"name\":\"WIR in Altm\u00fchlfranken\"}]},{\"@type\":\"WebSite\",\"@id\":\"https:\/\/www.leeb-balkone.com\/de\/#website\",\"url\":\"https:\/\/www.leeb-balkone.com\/de\/\",\"name\":\"Leeb Balkone\",\"description\":\"Balkone und Z\u00e4une\",\"publisher\":{\"@id\":\"https:\/\/www.leeb-balkone.com\/de\/#organization\"},\"potentialAction\":[{\"@type\":\"SearchAction\",\"target\":{\"@type\":\"EntryPoint\",\"urlTemplate\":\"https:\/\/www.leeb-balkone.com\/de\/?s={search_term_string}\"},\"query-input\":{\"@type\":\"PropertyValueSpecification\",\"valueRequired\":true,\"valueName\":\"search_term_string\"}}],\"inLanguage\":\"de\"},{\"@type\":\"Organization\",\"@id\":\"https:\/\/www.leeb-balkone.com\/de\/#organization\",\"name\":\"Leeb Balkone Gmbh\",\"url\":\"https:\/\/www.leeb-balkone.com\/de\/\",\"logo\":{\"@type\":\"ImageObject\",\"inLanguage\":\"de\",\"@id\":\"https:\/\/www.leeb-balkone.com\/de\/#\/schema\/logo\/image\/\",\"url\":\"https:\/\/www.leeb-balkone.com\/app\/uploads\/2020\/11\/leeb-logo.svg\",\"contentUrl\":\"https:\/\/www.leeb-balkone.com\/app\/uploads\/2020\/11\/leeb-logo.svg\",\"width\":741,\"height\":204,\"caption\":\"Leeb Balkone Gmbh\"},\"image\":{\"@id\":\"https:\/\/www.leeb-balkone.com\/de\/#\/schema\/logo\/image\/\"},\"sameAs\":[\"https:\/\/www.facebook.com\/balkone\/\",\"https:\/\/www.trustedshops.at\/bewertung\/info_X4587CCF5833E31AFE0B11F47D86999F2.html\",\"https:\/\/www.trustedshops.de\/bewertung\/info_X7BA536A7A0BDC86D36C4718E4DCAEEEF.html\",\"https:\/\/www.google.com\/maps\/place\/?q=place_id:ChIJ5-zH19-IcEcR9HonWRTllHI\"]}]}<\/script>\n<!-- \/ Yoast SEO plugin. -->","yoast_head_json":{"title":"WIR in Altm\u00fchlfranken - Leeb Balkone Deutschland","description":"Die Wirtschafts-, Informations- und Regionalausstellung WIR in Altm\u00fchlfranken wird vom 16. bis 19. April, t\u00e4glich von 10 bis 18 Uhr, auf dem Schie\u00dfwasen","robots":{"index":"index","follow":"follow","max-snippet":"max-snippet:-1","max-image-preview":"max-image-preview:large","max-video-preview":"max-video-preview:-1"},"og_locale":"de_DE","og_type":"article","og_title":"WIR in Altm\u00fchlfranken - Leeb Balkone","og_description":"Die Wirtschafts-, Informations- und Regionalausstellung WIR in Altm\u00fchlfranken wird vom 16. bis 19. April, t\u00e4glich von 10 bis 18 Uhr, auf dem Schie\u00dfwasen","og_url":"https:\/\/www.leeb-balkone.com\/de\/messe\/wir-in-altmuehlfranken\/","og_site_name":"Leeb Balkone","article_publisher":"https:\/\/www.facebook.com\/balkone\/","article_modified_time":"2025-12-17T10:23:40+00:00","og_image":[{"width":690,"height":379,"url":"https:\/\/www.leeb-balkone.com\/app\/uploads\/2025\/12\/WIR-Altmuehlfranken.webp","type":"image\/webp"}],"twitter_card":"summary_large_image","schema":{"@context":"https:\/\/schema.org","@graph":[{"@type":"WebPage","@id":"https:\/\/www.leeb-balkone.com\/de\/messe\/wir-in-altmuehlfranken\/","url":"https:\/\/www.leeb-balkone.com\/de\/messe\/wir-in-altmuehlfranken\/","name":"WIR in Altm\u00fchlfranken - Leeb Balkone","isPartOf":{"@id":"https:\/\/www.leeb-balkone.com\/de\/#website"},"primaryImageOfPage":{"@id":"https:\/\/www.leeb-balkone.com\/de\/messe\/wir-in-altmuehlfranken\/#primaryimage"},"image":{"@id":"https:\/\/www.leeb-balkone.com\/de\/messe\/wir-in-altmuehlfranken\/#primaryimage"},"thumbnailUrl":"https:\/\/www.leeb-balkone.com\/app\/uploads\/2025\/12\/WIR-Altmuehlfranken.webp","datePublished":"2025-12-17T10:23:05+00:00","dateModified":"2025-12-17T10:23:40+00:00","description":"Die Wirtschafts-, Informations- und Regionalausstellung WIR in Altm\u00fchlfranken wird vom 16. bis 19. April, t\u00e4glich von 10 bis 18 Uhr, auf dem Schie\u00dfwasen","breadcrumb":{"@id":"https:\/\/www.leeb-balkone.com\/de\/messe\/wir-in-altmuehlfranken\/#breadcrumb"},"inLanguage":"de","potentialAction":[{"@type":"ReadAction","target":["https:\/\/www.leeb-balkone.com\/de\/messe\/wir-in-altmuehlfranken\/"]}]},{"@type":"ImageObject","inLanguage":"de","@id":"https:\/\/www.leeb-balkone.com\/de\/messe\/wir-in-altmuehlfranken\/#primaryimage","url":"https:\/\/www.leeb-balkone.com\/app\/uploads\/2025\/12\/WIR-Altmuehlfranken.webp","contentUrl":"https:\/\/www.leeb-balkone.com\/app\/uploads\/2025\/12\/WIR-Altmuehlfranken.webp","width":690,"height":379},{"@type":"BreadcrumbList","@id":"https:\/\/www.leeb-balkone.com\/de\/messe\/wir-in-altmuehlfranken\/#breadcrumb","itemListElement":[{"@type":"ListItem","position":1,"name":"Home","item":"https:\/\/www.leeb-balkone.com\/de\/"},{"@type":"ListItem","position":2,"name":"Veranstaltungen","item":"https:\/\/www.leeb-balkone.com\/de\/messe\/"},{"@type":"ListItem","position":3,"name":"WIR in Altm\u00fchlfranken"}]},{"@type":"WebSite","@id":"https:\/\/www.leeb-balkone.com\/de\/#website","url":"https:\/\/www.leeb-balkone.com\/de\/","name":"Leeb Balkone","description":"Balkone und Z\u00e4une","publisher":{"@id":"https:\/\/www.leeb-balkone.com\/de\/#organization"},"potentialAction":[{"@type":"SearchAction","target":{"@type":"EntryPoint","urlTemplate":"https:\/\/www.leeb-balkone.com\/de\/?s={search_term_string}"},"query-input":{"@type":"PropertyValueSpecification","valueRequired":true,"valueName":"search_term_string"}}],"inLanguage":"de"},{"@type":"Organization","@id":"https:\/\/www.leeb-balkone.com\/de\/#organization","name":"Leeb Balkone Gmbh","url":"https:\/\/www.leeb-balkone.com\/de\/","logo":{"@type":"ImageObject","inLanguage":"de","@id":"https:\/\/www.leeb-balkone.com\/de\/#\/schema\/logo\/image\/","url":"https:\/\/www.leeb-balkone.com\/app\/uploads\/2020\/11\/leeb-logo.svg","contentUrl":"https:\/\/www.leeb-balkone.com\/app\/uploads\/2020\/11\/leeb-logo.svg","width":741,"height":204,"caption":"Leeb Balkone Gmbh"},"image":{"@id":"https:\/\/www.leeb-balkone.com\/de\/#\/schema\/logo\/image\/"},"sameAs":["https:\/\/www.facebook.com\/balkone\/","https:\/\/www.trustedshops.at\/bewertung\/info_X4587CCF5833E31AFE0B11F47D86999F2.html","https:\/\/www.trustedshops.de\/bewertung\/info_X7BA536A7A0BDC86D36C4718E4DCAEEEF.html","https:\/\/www.google.com\/maps\/place\/?q=place_id:ChIJ5-zH19-IcEcR9HonWRTllHI"]}]}},"_links":{"self":[{"href":"https:\/\/www.leeb-balkone.com\/de\/wp-json\/wp\/v2\/tribe_events\/162064","targetHints":{"allow":["GET"]}}],"collection":[{"href":"https:\/\/www.leeb-balkone.com\/de\/wp-json\/wp\/v2\/tribe_events"}],"about":[{"href":"https:\/\/www.leeb-balkone.com\/de\/wp-json\/wp\/v2\/types\/tribe_events"}],"author":[{"embeddable":true,"href":"https:\/\/www.leeb-balkone.com\/de\/wp-json\/wp\/v2\/users\/3"}],"version-history":[{"count":1,"href":"https:\/\/www.leeb-balkone.com\/de\/wp-json\/wp\/v2\/tribe_events\/162064\/revisions"}],"predecessor-version":[{"id":162065,"href":"https:\/\/www.leeb-balkone.com\/de\/wp-json\/wp\/v2\/tribe_events\/162064\/revisions\/162065"}],"wp:featuredmedia":[{"embeddable":true,"href":"https:\/\/www.leeb-balkone.com\/de\/wp-json\/wp\/v2\/media\/162057"}],"wp:attachment":[{"href":"https:\/\/www.leeb-balkone.com\/de\/wp-json\/wp\/v2\/media?parent=162064"}],"wp:term":[{"taxonomy":"post_tag","embeddable":true,"href":"https:\/\/www.leeb-balkone.com\/de\/wp-json\/wp\/v2\/tags?post=162064"},{"taxonomy":"tribe_events_cat","embeddable":true,"href":"https:\/\/www.leeb-balkone.com\/de\/wp-json\/wp\/v2\/tribe_events_cat?post=162064"}],"curies":[{"name":"wp","href":"https:\/\/api.w.org\/{rel}","templated":true}]}}

WIR in Altmühlfranken

<p>Die Wirtschafts-, Informations- und Regionalausstellung WIR in Altmühlfranken wird vom 16. bis 19. April, täglich von 10 bis 18 Uhr, auf dem Schießwasen vermutlich zehntausende Besucher anlocken.</p>
<p>Sie ist eine regionale Verbrauchermesse für die Region Altmühlfranken und ein wichtiger Treffpunkt für lokale Unternehmen und Besucher, mit Ausstellern aus Handwerk, Handel, Dienstleistung und mehr, oft mit regionalem Fokus. <strong>WIR SIND MIT DABEI!</strong></p>

<!-- This site is optimized with the Yoast SEO plugin v27.2 - https://yoast.com/product/yoast-seo-wordpress/ -->
<title>WIR in Altmühlfranken - Leeb Balkone Deutschland</title>
<meta name="description" content="Die Wirtschafts-, Informations- und Regionalausstellung WIR in Altmühlfranken wird vom 16. bis 19. April, täglich von 10 bis 18 Uhr, auf dem Schießwasen" />
<meta name="robots" content="index, follow, max-snippet:-1, max-image-preview:large, max-video-preview:-1" />
<meta property="og:locale" content="de_DE" />
<meta property="og:type" content="article" />
<meta property="og:title" content="WIR in Altmühlfranken - Leeb Balkone" />
<meta property="og:description" content="Die Wirtschafts-, Informations- und Regionalausstellung WIR in Altmühlfranken wird vom 16. bis 19. April, täglich von 10 bis 18 Uhr, auf dem Schießwasen" />
<meta property="og:url" content="https://www.leeb-balkone.com/de/messe/wir-in-altmuehlfranken/" />
<meta property="og:site_name" content="Leeb Balkone" />
<meta property="article:publisher" content="https://www.facebook.com/balkone/" />
<meta property="article:modified_time" content="2025-12-17T10:23:40+00:00" />
<meta property="og:image" content="https://www.leeb-balkone.com/app/uploads/2025/12/WIR-Altmuehlfranken.webp" />
	<meta property="og:image:width" content="690" />
	<meta property="og:image:height" content="379" />
	<meta property="og:image:type" content="image/webp" />
<meta name="twitter:card" content="summary_large_image" />
<script type="application/ld+json" class="yoast-schema-graph">{"@context":"https://schema.org","@graph":[{"@type":"WebPage","@id":"https://www.leeb-balkone.com/de/messe/wir-in-altmuehlfranken/","url":"https://www.leeb-balkone.com/de/messe/wir-in-altmuehlfranken/","name":"WIR in Altmühlfranken - Leeb Balkone","isPartOf":{"@id":"https://www.leeb-balkone.com/de/#website"},"primaryImageOfPage":{"@id":"https://www.leeb-balkone.com/de/messe/wir-in-altmuehlfranken/#primaryimage"},"image":{"@id":"https://www.leeb-balkone.com/de/messe/wir-in-altmuehlfranken/#primaryimage"},"thumbnailUrl":"https://www.leeb-balkone.com/app/uploads/2025/12/WIR-Altmuehlfranken.webp","datePublished":"2025-12-17T10:23:05+00:00","dateModified":"2025-12-17T10:23:40+00:00","description":"Die Wirtschafts-, Informations- und Regionalausstellung WIR in Altmühlfranken wird vom 16. bis 19. April, täglich von 10 bis 18 Uhr, auf dem Schießwasen","breadcrumb":{"@id":"https://www.leeb-balkone.com/de/messe/wir-in-altmuehlfranken/#breadcrumb"},"inLanguage":"de","potentialAction":[{"@type":"ReadAction","target":["https://www.leeb-balkone.com/de/messe/wir-in-altmuehlfranken/"]}]},{"@type":"ImageObject","inLanguage":"de","@id":"https://www.leeb-balkone.com/de/messe/wir-in-altmuehlfranken/#primaryimage","url":"https://www.leeb-balkone.com/app/uploads/2025/12/WIR-Altmuehlfranken.webp","contentUrl":"https://www.leeb-balkone.com/app/uploads/2025/12/WIR-Altmuehlfranken.webp","width":690,"height":379},{"@type":"BreadcrumbList","@id":"https://www.leeb-balkone.com/de/messe/wir-in-altmuehlfranken/#breadcrumb","itemListElement":[{"@type":"ListItem","position":1,"name":"Home","item":"https://www.leeb-balkone.com/de/"},{"@type":"ListItem","position":2,"name":"Veranstaltungen","item":"https://www.leeb-balkone.com/de/messe/"},{"@type":"ListItem","position":3,"name":"WIR in Altmühlfranken"}]},{"@type":"WebSite","@id":"https://www.leeb-balkone.com/de/#website","url":"https://www.leeb-balkone.com/de/","name":"Leeb Balkone","description":"Balkone und Zäune","publisher":{"@id":"https://www.leeb-balkone.com/de/#organization"},"potentialAction":[{"@type":"SearchAction","target":{"@type":"EntryPoint","urlTemplate":"https://www.leeb-balkone.com/de/?s={search_term_string}"},"query-input":{"@type":"PropertyValueSpecification","valueRequired":true,"valueName":"search_term_string"}}],"inLanguage":"de"},{"@type":"Organization","@id":"https://www.leeb-balkone.com/de/#organization","name":"Leeb Balkone Gmbh","url":"https://www.leeb-balkone.com/de/","logo":{"@type":"ImageObject","inLanguage":"de","@id":"https://www.leeb-balkone.com/de/#/schema/logo/image/","url":"https://www.leeb-balkone.com/app/uploads/2020/11/leeb-logo.svg","contentUrl":"https://www.leeb-balkone.com/app/uploads/2020/11/leeb-logo.svg","width":741,"height":204,"caption":"Leeb Balkone Gmbh"},"image":{"@id":"https://www.leeb-balkone.com/de/#/schema/logo/image/"},"sameAs":["https://www.facebook.com/balkone/","https://www.trustedshops.at/bewertung/info_X4587CCF5833E31AFE0B11F47D86999F2.html","https://www.trustedshops.de/bewertung/info_X7BA536A7A0BDC86D36C4718E4DCAEEEF.html","https://www.google.com/maps/place/?q=place_id:ChIJ5-zH19-IcEcR9HonWRTllHI"]}]}</script>
<!-- / Yoast SEO plugin. -->

WIR in Altmühlfranken - Leeb Balkone Deutschland

Die Wirtschafts-, Informations- und Regionalausstellung WIR in Altmühlfranken wird vom 16. bis 19. April, täglich von 10 bis 18 Uhr, auf dem Schießwasen

WIR in Altmühlfranken - Leeb Balkone

Balkone und Zäune
