{"id":146643,"date":"2025-04-30T14:18:12","date_gmt":"2025-04-30T14:18:12","guid":{"rendered":"https:\/\/www.leeb-balkone.com\/de\/?post_type=tribe_events&#038;p=146643"},"modified":"2025-04-30T14:21:09","modified_gmt":"2025-04-30T14:21:09","slug":"ibo-friedrichshafen","status":"publish","type":"tribe_events","link":"https:\/\/www.leeb-balkone.com\/de\/messe\/ibo-friedrichshafen\/","title":{"rendered":"IBO Friedrichshafen"},"content":{"rendered":"<p class=\"\" data-start=\"155\" data-end=\"557\">Besuchen Sie uns auf der IBO \u2013 einer der gr\u00f6\u00dften Fr\u00fchjahrs- und Verbrauchermessen S\u00fcddeutschlands. Wir pr\u00e4sentieren Ihnen auf dem Gel\u00e4nde der Messe Friedrichshafen unsere Produkte und neuesten L\u00f6sungen rund um Balkon, Zaun, \u00dcberdachungen und mehr. Freuen Sie sich auf ein inspirierendes Messeerlebnis mit zahlreichen Themenwelten zu Bauen, Wohnen, Garten, Freizeit und Genuss.<\/p>\n<p class=\"\" data-start=\"559\" data-end=\"591\">Wir freuen uns auf Ihren Besuch!<\/p>\n","protected":false},"excerpt":{"rendered":"","protected":false},"author":12,"featured_media":146684,"template":"","meta":{"_acf_changed":false,"_tribe_events_status":"","_tribe_events_status_reason":"","_tribe_events_is_hybrid":"","_tribe_events_is_virtual":"","_tribe_events_virtual_video_source":"","_tribe_events_virtual_embed_video":"","_tribe_events_virtual_linked_button_text":"","_tribe_events_virtual_linked_button":"","_tribe_events_virtual_show_embed_at":"","_tribe_events_virtual_show_embed_to":[],"_tribe_events_virtual_show_on_event":"","_tribe_events_virtual_show_on_views":"","_tribe_events_virtual_url":"","footnotes":""},"tags":[],"tribe_events_cat":[],"class_list":["post-146643","tribe_events","type-tribe_events","status-publish","has-post-thumbnail","hentry"],"acf":[],"yoast_head":"<!-- This site is optimized with the Yoast SEO plugin v27.2 - https:\/\/yoast.com\/product\/yoast-seo-wordpress\/ -->\n<title>IBO Friedrichshafen - Leeb Balkone Deutschland<\/title>\n<meta name=\"description\" content=\"Besuchen Sie uns auf der IBO \u2013 einer der gr\u00f6\u00dften Fr\u00fchjahrs- und Verbrauchermessen S\u00fcddeutschlands. Wir pr\u00e4sentieren Ihnen auf dem Gel\u00e4nde der Messe\" \/>\n<meta name=\"robots\" content=\"index, follow, max-snippet:-1, max-image-preview:large, max-video-preview:-1\" \/>\n<meta property=\"og:locale\" content=\"de_DE\" \/>\n<meta property=\"og:type\" content=\"article\" \/>\n<meta property=\"og:title\" content=\"IBO Friedrichshafen - Leeb Balkone\" \/>\n<meta property=\"og:description\" content=\"Besuchen Sie uns auf der IBO \u2013 einer der gr\u00f6\u00dften Fr\u00fchjahrs- und Verbrauchermessen S\u00fcddeutschlands. Wir pr\u00e4sentieren Ihnen auf dem Gel\u00e4nde der Messe\" \/>\n<meta property=\"og:url\" content=\"https:\/\/www.leeb-balkone.com\/de\/messe\/ibo-friedrichshafen\/\" \/>\n<meta property=\"og:site_name\" content=\"Leeb Balkone\" \/>\n<meta property=\"article:publisher\" content=\"https:\/\/www.facebook.com\/balkone\/\" \/>\n<meta property=\"article:modified_time\" content=\"2025-04-30T14:21:09+00:00\" \/>\n<meta property=\"og:image\" content=\"https:\/\/www.leeb-balkone.com\/app\/uploads\/2025\/04\/Logo-IBO-Schriftzug_RGB.png\" \/>\n\t<meta property=\"og:image:width\" content=\"465\" \/>\n\t<meta property=\"og:image:height\" content=\"240\" \/>\n\t<meta property=\"og:image:type\" content=\"image\/png\" \/>\n<meta name=\"twitter:card\" content=\"summary_large_image\" \/>\n<script type=\"application\/ld+json\" class=\"yoast-schema-graph\">{\"@context\":\"https:\/\/schema.org\",\"@graph\":[{\"@type\":\"WebPage\",\"@id\":\"https:\/\/www.leeb-balkone.com\/de\/messe\/ibo-friedrichshafen\/\",\"url\":\"https:\/\/www.leeb-balkone.com\/de\/messe\/ibo-friedrichshafen\/\",\"name\":\"IBO Friedrichshafen - Leeb Balkone\",\"isPartOf\":{\"@id\":\"https:\/\/www.leeb-balkone.com\/de\/#website\"},\"primaryImageOfPage\":{\"@id\":\"https:\/\/www.leeb-balkone.com\/de\/messe\/ibo-friedrichshafen\/#primaryimage\"},\"image\":{\"@id\":\"https:\/\/www.leeb-balkone.com\/de\/messe\/ibo-friedrichshafen\/#primaryimage\"},\"thumbnailUrl\":\"https:\/\/www.leeb-balkone.com\/app\/uploads\/2025\/04\/Logo-IBO-Schriftzug_RGB.png\",\"datePublished\":\"2025-04-30T14:18:12+00:00\",\"dateModified\":\"2025-04-30T14:21:09+00:00\",\"description\":\"Besuchen Sie uns auf der IBO \u2013 einer der gr\u00f6\u00dften Fr\u00fchjahrs- und Verbrauchermessen S\u00fcddeutschlands. Wir pr\u00e4sentieren Ihnen auf dem Gel\u00e4nde der Messe\",\"breadcrumb\":{\"@id\":\"https:\/\/www.leeb-balkone.com\/de\/messe\/ibo-friedrichshafen\/#breadcrumb\"},\"inLanguage\":\"de\",\"potentialAction\":[{\"@type\":\"ReadAction\",\"target\":[\"https:\/\/www.leeb-balkone.com\/de\/messe\/ibo-friedrichshafen\/\"]}]},{\"@type\":\"ImageObject\",\"inLanguage\":\"de\",\"@id\":\"https:\/\/www.leeb-balkone.com\/de\/messe\/ibo-friedrichshafen\/#primaryimage\",\"url\":\"https:\/\/www.leeb-balkone.com\/app\/uploads\/2025\/04\/Logo-IBO-Schriftzug_RGB.png\",\"contentUrl\":\"https:\/\/www.leeb-balkone.com\/app\/uploads\/2025\/04\/Logo-IBO-Schriftzug_RGB.png\",\"width\":465,\"height\":240},{\"@type\":\"BreadcrumbList\",\"@id\":\"https:\/\/www.leeb-balkone.com\/de\/messe\/ibo-friedrichshafen\/#breadcrumb\",\"itemListElement\":[{\"@type\":\"ListItem\",\"position\":1,\"name\":\"Home\",\"item\":\"https:\/\/www.leeb-balkone.com\/de\/\"},{\"@type\":\"ListItem\",\"position\":2,\"name\":\"Veranstaltungen\",\"item\":\"https:\/\/www.leeb-balkone.com\/de\/messe\/\"},{\"@type\":\"ListItem\",\"position\":3,\"name\":\"IBO Friedrichshafen\"}]},{\"@type\":\"WebSite\",\"@id\":\"https:\/\/www.leeb-balkone.com\/de\/#website\",\"url\":\"https:\/\/www.leeb-balkone.com\/de\/\",\"name\":\"Leeb Balkone\",\"description\":\"Balkone und Z\u00e4une\",\"publisher\":{\"@id\":\"https:\/\/www.leeb-balkone.com\/de\/#organization\"},\"potentialAction\":[{\"@type\":\"SearchAction\",\"target\":{\"@type\":\"EntryPoint\",\"urlTemplate\":\"https:\/\/www.leeb-balkone.com\/de\/?s={search_term_string}\"},\"query-input\":{\"@type\":\"PropertyValueSpecification\",\"valueRequired\":true,\"valueName\":\"search_term_string\"}}],\"inLanguage\":\"de\"},{\"@type\":\"Organization\",\"@id\":\"https:\/\/www.leeb-balkone.com\/de\/#organization\",\"name\":\"Leeb Balkone Gmbh\",\"url\":\"https:\/\/www.leeb-balkone.com\/de\/\",\"logo\":{\"@type\":\"ImageObject\",\"inLanguage\":\"de\",\"@id\":\"https:\/\/www.leeb-balkone.com\/de\/#\/schema\/logo\/image\/\",\"url\":\"https:\/\/www.leeb-balkone.com\/app\/uploads\/2020\/11\/leeb-logo.svg\",\"contentUrl\":\"https:\/\/www.leeb-balkone.com\/app\/uploads\/2020\/11\/leeb-logo.svg\",\"width\":741,\"height\":204,\"caption\":\"Leeb Balkone Gmbh\"},\"image\":{\"@id\":\"https:\/\/www.leeb-balkone.com\/de\/#\/schema\/logo\/image\/\"},\"sameAs\":[\"https:\/\/www.facebook.com\/balkone\/\",\"https:\/\/www.trustedshops.at\/bewertung\/info_X4587CCF5833E31AFE0B11F47D86999F2.html\",\"https:\/\/www.trustedshops.de\/bewertung\/info_X7BA536A7A0BDC86D36C4718E4DCAEEEF.html\",\"https:\/\/www.google.com\/maps\/place\/?q=place_id:ChIJ5-zH19-IcEcR9HonWRTllHI\"]}]}<\/script>\n<!-- \/ Yoast SEO plugin. -->","yoast_head_json":{"title":"IBO Friedrichshafen - Leeb Balkone Deutschland","description":"Besuchen Sie uns auf der IBO \u2013 einer der gr\u00f6\u00dften Fr\u00fchjahrs- und Verbrauchermessen S\u00fcddeutschlands. Wir pr\u00e4sentieren Ihnen auf dem Gel\u00e4nde der Messe","robots":{"index":"index","follow":"follow","max-snippet":"max-snippet:-1","max-image-preview":"max-image-preview:large","max-video-preview":"max-video-preview:-1"},"og_locale":"de_DE","og_type":"article","og_title":"IBO Friedrichshafen - Leeb Balkone","og_description":"Besuchen Sie uns auf der IBO \u2013 einer der gr\u00f6\u00dften Fr\u00fchjahrs- und Verbrauchermessen S\u00fcddeutschlands. Wir pr\u00e4sentieren Ihnen auf dem Gel\u00e4nde der Messe","og_url":"https:\/\/www.leeb-balkone.com\/de\/messe\/ibo-friedrichshafen\/","og_site_name":"Leeb Balkone","article_publisher":"https:\/\/www.facebook.com\/balkone\/","article_modified_time":"2025-04-30T14:21:09+00:00","og_image":[{"width":465,"height":240,"url":"https:\/\/www.leeb-balkone.com\/app\/uploads\/2025\/04\/Logo-IBO-Schriftzug_RGB.png","type":"image\/png"}],"twitter_card":"summary_large_image","schema":{"@context":"https:\/\/schema.org","@graph":[{"@type":"WebPage","@id":"https:\/\/www.leeb-balkone.com\/de\/messe\/ibo-friedrichshafen\/","url":"https:\/\/www.leeb-balkone.com\/de\/messe\/ibo-friedrichshafen\/","name":"IBO Friedrichshafen - Leeb Balkone","isPartOf":{"@id":"https:\/\/www.leeb-balkone.com\/de\/#website"},"primaryImageOfPage":{"@id":"https:\/\/www.leeb-balkone.com\/de\/messe\/ibo-friedrichshafen\/#primaryimage"},"image":{"@id":"https:\/\/www.leeb-balkone.com\/de\/messe\/ibo-friedrichshafen\/#primaryimage"},"thumbnailUrl":"https:\/\/www.leeb-balkone.com\/app\/uploads\/2025\/04\/Logo-IBO-Schriftzug_RGB.png","datePublished":"2025-04-30T14:18:12+00:00","dateModified":"2025-04-30T14:21:09+00:00","description":"Besuchen Sie uns auf der IBO \u2013 einer der gr\u00f6\u00dften Fr\u00fchjahrs- und Verbrauchermessen S\u00fcddeutschlands. Wir pr\u00e4sentieren Ihnen auf dem Gel\u00e4nde der Messe","breadcrumb":{"@id":"https:\/\/www.leeb-balkone.com\/de\/messe\/ibo-friedrichshafen\/#breadcrumb"},"inLanguage":"de","potentialAction":[{"@type":"ReadAction","target":["https:\/\/www.leeb-balkone.com\/de\/messe\/ibo-friedrichshafen\/"]}]},{"@type":"ImageObject","inLanguage":"de","@id":"https:\/\/www.leeb-balkone.com\/de\/messe\/ibo-friedrichshafen\/#primaryimage","url":"https:\/\/www.leeb-balkone.com\/app\/uploads\/2025\/04\/Logo-IBO-Schriftzug_RGB.png","contentUrl":"https:\/\/www.leeb-balkone.com\/app\/uploads\/2025\/04\/Logo-IBO-Schriftzug_RGB.png","width":465,"height":240},{"@type":"BreadcrumbList","@id":"https:\/\/www.leeb-balkone.com\/de\/messe\/ibo-friedrichshafen\/#breadcrumb","itemListElement":[{"@type":"ListItem","position":1,"name":"Home","item":"https:\/\/www.leeb-balkone.com\/de\/"},{"@type":"ListItem","position":2,"name":"Veranstaltungen","item":"https:\/\/www.leeb-balkone.com\/de\/messe\/"},{"@type":"ListItem","position":3,"name":"IBO Friedrichshafen"}]},{"@type":"WebSite","@id":"https:\/\/www.leeb-balkone.com\/de\/#website","url":"https:\/\/www.leeb-balkone.com\/de\/","name":"Leeb Balkone","description":"Balkone und Z\u00e4une","publisher":{"@id":"https:\/\/www.leeb-balkone.com\/de\/#organization"},"potentialAction":[{"@type":"SearchAction","target":{"@type":"EntryPoint","urlTemplate":"https:\/\/www.leeb-balkone.com\/de\/?s={search_term_string}"},"query-input":{"@type":"PropertyValueSpecification","valueRequired":true,"valueName":"search_term_string"}}],"inLanguage":"de"},{"@type":"Organization","@id":"https:\/\/www.leeb-balkone.com\/de\/#organization","name":"Leeb Balkone Gmbh","url":"https:\/\/www.leeb-balkone.com\/de\/","logo":{"@type":"ImageObject","inLanguage":"de","@id":"https:\/\/www.leeb-balkone.com\/de\/#\/schema\/logo\/image\/","url":"https:\/\/www.leeb-balkone.com\/app\/uploads\/2020\/11\/leeb-logo.svg","contentUrl":"https:\/\/www.leeb-balkone.com\/app\/uploads\/2020\/11\/leeb-logo.svg","width":741,"height":204,"caption":"Leeb Balkone Gmbh"},"image":{"@id":"https:\/\/www.leeb-balkone.com\/de\/#\/schema\/logo\/image\/"},"sameAs":["https:\/\/www.facebook.com\/balkone\/","https:\/\/www.trustedshops.at\/bewertung\/info_X4587CCF5833E31AFE0B11F47D86999F2.html","https:\/\/www.trustedshops.de\/bewertung\/info_X7BA536A7A0BDC86D36C4718E4DCAEEEF.html","https:\/\/www.google.com\/maps\/place\/?q=place_id:ChIJ5-zH19-IcEcR9HonWRTllHI"]}]}},"_links":{"self":[{"href":"https:\/\/www.leeb-balkone.com\/de\/wp-json\/wp\/v2\/tribe_events\/146643","targetHints":{"allow":["GET"]}}],"collection":[{"href":"https:\/\/www.leeb-balkone.com\/de\/wp-json\/wp\/v2\/tribe_events"}],"about":[{"href":"https:\/\/www.leeb-balkone.com\/de\/wp-json\/wp\/v2\/types\/tribe_events"}],"author":[{"embeddable":true,"href":"https:\/\/www.leeb-balkone.com\/de\/wp-json\/wp\/v2\/users\/12"}],"version-history":[{"count":1,"href":"https:\/\/www.leeb-balkone.com\/de\/wp-json\/wp\/v2\/tribe_events\/146643\/revisions"}],"predecessor-version":[{"id":146690,"href":"https:\/\/www.leeb-balkone.com\/de\/wp-json\/wp\/v2\/tribe_events\/146643\/revisions\/146690"}],"wp:featuredmedia":[{"embeddable":true,"href":"https:\/\/www.leeb-balkone.com\/de\/wp-json\/wp\/v2\/media\/146684"}],"wp:attachment":[{"href":"https:\/\/www.leeb-balkone.com\/de\/wp-json\/wp\/v2\/media?parent=146643"}],"wp:term":[{"taxonomy":"post_tag","embeddable":true,"href":"https:\/\/www.leeb-balkone.com\/de\/wp-json\/wp\/v2\/tags?post=146643"},{"taxonomy":"tribe_events_cat","embeddable":true,"href":"https:\/\/www.leeb-balkone.com\/de\/wp-json\/wp\/v2\/tribe_events_cat?post=146643"}],"curies":[{"name":"wp","href":"https:\/\/api.w.org\/{rel}","templated":true}]}}

<p class="" data-start="155" data-end="557">Besuchen Sie uns auf der IBO – einer der größten Frühjahrs- und Verbrauchermessen Süddeutschlands. Wir präsentieren Ihnen auf dem Gelände der Messe Friedrichshafen unsere Produkte und neuesten Lösungen rund um Balkon, Zaun, Überdachungen und mehr. Freuen Sie sich auf ein inspirierendes Messeerlebnis mit zahlreichen Themenwelten zu Bauen, Wohnen, Garten, Freizeit und Genuss.</p>
<p class="" data-start="559" data-end="591">Wir freuen uns auf Ihren Besuch!</p>

<!-- This site is optimized with the Yoast SEO plugin v27.2 - https://yoast.com/product/yoast-seo-wordpress/ -->
<title>IBO Friedrichshafen - Leeb Balkone Deutschland</title>
<meta name="description" content="Besuchen Sie uns auf der IBO – einer der größten Frühjahrs- und Verbrauchermessen Süddeutschlands. Wir präsentieren Ihnen auf dem Gelände der Messe" />
<meta name="robots" content="index, follow, max-snippet:-1, max-image-preview:large, max-video-preview:-1" />
<meta property="og:locale" content="de_DE" />
<meta property="og:type" content="article" />
<meta property="og:title" content="IBO Friedrichshafen - Leeb Balkone" />
<meta property="og:description" content="Besuchen Sie uns auf der IBO – einer der größten Frühjahrs- und Verbrauchermessen Süddeutschlands. Wir präsentieren Ihnen auf dem Gelände der Messe" />
<meta property="og:url" content="https://www.leeb-balkone.com/de/messe/ibo-friedrichshafen/" />
<meta property="og:site_name" content="Leeb Balkone" />
<meta property="article:publisher" content="https://www.facebook.com/balkone/" />
<meta property="article:modified_time" content="2025-04-30T14:21:09+00:00" />
<meta property="og:image" content="https://www.leeb-balkone.com/app/uploads/2025/04/Logo-IBO-Schriftzug_RGB.png" />
	<meta property="og:image:width" content="465" />
	<meta property="og:image:height" content="240" />
	<meta property="og:image:type" content="image/png" />
<meta name="twitter:card" content="summary_large_image" />
<script type="application/ld+json" class="yoast-schema-graph">{"@context":"https://schema.org","@graph":[{"@type":"WebPage","@id":"https://www.leeb-balkone.com/de/messe/ibo-friedrichshafen/","url":"https://www.leeb-balkone.com/de/messe/ibo-friedrichshafen/","name":"IBO Friedrichshafen - Leeb Balkone","isPartOf":{"@id":"https://www.leeb-balkone.com/de/#website"},"primaryImageOfPage":{"@id":"https://www.leeb-balkone.com/de/messe/ibo-friedrichshafen/#primaryimage"},"image":{"@id":"https://www.leeb-balkone.com/de/messe/ibo-friedrichshafen/#primaryimage"},"thumbnailUrl":"https://www.leeb-balkone.com/app/uploads/2025/04/Logo-IBO-Schriftzug_RGB.png","datePublished":"2025-04-30T14:18:12+00:00","dateModified":"2025-04-30T14:21:09+00:00","description":"Besuchen Sie uns auf der IBO – einer der größten Frühjahrs- und Verbrauchermessen Süddeutschlands. Wir präsentieren Ihnen auf dem Gelände der Messe","breadcrumb":{"@id":"https://www.leeb-balkone.com/de/messe/ibo-friedrichshafen/#breadcrumb"},"inLanguage":"de","potentialAction":[{"@type":"ReadAction","target":["https://www.leeb-balkone.com/de/messe/ibo-friedrichshafen/"]}]},{"@type":"ImageObject","inLanguage":"de","@id":"https://www.leeb-balkone.com/de/messe/ibo-friedrichshafen/#primaryimage","url":"https://www.leeb-balkone.com/app/uploads/2025/04/Logo-IBO-Schriftzug_RGB.png","contentUrl":"https://www.leeb-balkone.com/app/uploads/2025/04/Logo-IBO-Schriftzug_RGB.png","width":465,"height":240},{"@type":"BreadcrumbList","@id":"https://www.leeb-balkone.com/de/messe/ibo-friedrichshafen/#breadcrumb","itemListElement":[{"@type":"ListItem","position":1,"name":"Home","item":"https://www.leeb-balkone.com/de/"},{"@type":"ListItem","position":2,"name":"Veranstaltungen","item":"https://www.leeb-balkone.com/de/messe/"},{"@type":"ListItem","position":3,"name":"IBO Friedrichshafen"}]},{"@type":"WebSite","@id":"https://www.leeb-balkone.com/de/#website","url":"https://www.leeb-balkone.com/de/","name":"Leeb Balkone","description":"Balkone und Zäune","publisher":{"@id":"https://www.leeb-balkone.com/de/#organization"},"potentialAction":[{"@type":"SearchAction","target":{"@type":"EntryPoint","urlTemplate":"https://www.leeb-balkone.com/de/?s={search_term_string}"},"query-input":{"@type":"PropertyValueSpecification","valueRequired":true,"valueName":"search_term_string"}}],"inLanguage":"de"},{"@type":"Organization","@id":"https://www.leeb-balkone.com/de/#organization","name":"Leeb Balkone Gmbh","url":"https://www.leeb-balkone.com/de/","logo":{"@type":"ImageObject","inLanguage":"de","@id":"https://www.leeb-balkone.com/de/#/schema/logo/image/","url":"https://www.leeb-balkone.com/app/uploads/2020/11/leeb-logo.svg","contentUrl":"https://www.leeb-balkone.com/app/uploads/2020/11/leeb-logo.svg","width":741,"height":204,"caption":"Leeb Balkone Gmbh"},"image":{"@id":"https://www.leeb-balkone.com/de/#/schema/logo/image/"},"sameAs":["https://www.facebook.com/balkone/","https://www.trustedshops.at/bewertung/info_X4587CCF5833E31AFE0B11F47D86999F2.html","https://www.trustedshops.de/bewertung/info_X7BA536A7A0BDC86D36C4718E4DCAEEEF.html","https://www.google.com/maps/place/?q=place_id:ChIJ5-zH19-IcEcR9HonWRTllHI"]}]}</script>
<!-- / Yoast SEO plugin. -->

Besuchen Sie uns auf der IBO – einer der größten Frühjahrs- und Verbrauchermessen Süddeutschlands. Wir präsentieren Ihnen auf dem Gelände der Messe

Balkone und Zäune
