{"id":143608,"date":"2025-02-14T09:49:36","date_gmt":"2025-02-14T09:49:36","guid":{"rendered":"https:\/\/www.leeb-balkone.com\/de\/?post_type=tribe_events&#038;p=143608"},"modified":"2025-11-18T05:22:53","modified_gmt":"2025-11-18T05:22:53","slug":"hausplus-fulda","status":"publish","type":"tribe_events","link":"https:\/\/www.leeb-balkone.com\/de\/messe\/hausplus-fulda\/","title":{"rendered":"hausplus Fulda"},"content":{"rendered":"<p>Die Messe f\u00fcr Neubau, Umbau und Energieeffizienz. Hier treffen Bauherren auf regionale Handwerksbetriebe und Experten aus den Bereichen Baustoffe, Fertigh\u00e4user, Sanit\u00e4r, Elektro, Fenster, T\u00fcren und mehr. Ideal f\u00fcr alle, die bauen, modernisieren oder eine Immobilie erwerben m\u00f6chten.<\/p>\n","protected":false},"excerpt":{"rendered":"","protected":false},"author":12,"featured_media":143609,"template":"","meta":{"_acf_changed":false,"_tribe_events_status":"","_tribe_events_status_reason":"","_tribe_events_is_hybrid":"","_tribe_events_is_virtual":"","_tribe_events_virtual_video_source":"","_tribe_events_virtual_embed_video":"","_tribe_events_virtual_linked_button_text":"","_tribe_events_virtual_linked_button":"","_tribe_events_virtual_show_embed_at":"","_tribe_events_virtual_show_embed_to":[],"_tribe_events_virtual_show_on_event":"","_tribe_events_virtual_show_on_views":"","_tribe_events_virtual_url":"","footnotes":""},"tags":[],"tribe_events_cat":[],"class_list":["post-143608","tribe_events","type-tribe_events","status-publish","has-post-thumbnail","hentry"],"acf":[],"yoast_head":"<!-- This site is optimized with the Yoast SEO plugin v27.2 - https:\/\/yoast.com\/product\/yoast-seo-wordpress\/ -->\n<title>hausplus Fulda - Leeb Balkone Deutschland<\/title>\n<meta name=\"description\" content=\"Die Messe f\u00fcr Neubau, Umbau und Energieeffizienz. Hier treffen Bauherren auf regionale Handwerksbetriebe und Experten aus den Bereichen Baustoffe,\" \/>\n<meta name=\"robots\" content=\"index, follow, max-snippet:-1, max-image-preview:large, max-video-preview:-1\" \/>\n<meta property=\"og:locale\" content=\"de_DE\" \/>\n<meta property=\"og:type\" content=\"article\" \/>\n<meta property=\"og:title\" content=\"hausplus Fulda - Leeb Balkone\" \/>\n<meta property=\"og:description\" content=\"Die Messe f\u00fcr Neubau, Umbau und Energieeffizienz. Hier treffen Bauherren auf regionale Handwerksbetriebe und Experten aus den Bereichen Baustoffe,\" \/>\n<meta property=\"og:url\" content=\"https:\/\/www.leeb-balkone.com\/de\/messe\/hausplus-fulda\/\" \/>\n<meta property=\"og:site_name\" content=\"Leeb Balkone\" \/>\n<meta property=\"article:publisher\" content=\"https:\/\/www.facebook.com\/balkone\/\" \/>\n<meta property=\"article:modified_time\" content=\"2025-11-18T05:22:53+00:00\" \/>\n<meta property=\"og:image\" content=\"https:\/\/www.leeb-balkone.com\/app\/uploads\/2025\/02\/hausplus-fulda.png\" \/>\n\t<meta property=\"og:image:width\" content=\"238\" \/>\n\t<meta property=\"og:image:height\" content=\"118\" \/>\n\t<meta property=\"og:image:type\" content=\"image\/png\" \/>\n<meta name=\"twitter:card\" content=\"summary_large_image\" \/>\n<script type=\"application\/ld+json\" class=\"yoast-schema-graph\">{\"@context\":\"https:\/\/schema.org\",\"@graph\":[{\"@type\":\"WebPage\",\"@id\":\"https:\/\/www.leeb-balkone.com\/de\/messe\/hausplus-fulda\/\",\"url\":\"https:\/\/www.leeb-balkone.com\/de\/messe\/hausplus-fulda\/\",\"name\":\"hausplus Fulda - Leeb Balkone\",\"isPartOf\":{\"@id\":\"https:\/\/www.leeb-balkone.com\/de\/#website\"},\"primaryImageOfPage\":{\"@id\":\"https:\/\/www.leeb-balkone.com\/de\/messe\/hausplus-fulda\/#primaryimage\"},\"image\":{\"@id\":\"https:\/\/www.leeb-balkone.com\/de\/messe\/hausplus-fulda\/#primaryimage\"},\"thumbnailUrl\":\"https:\/\/www.leeb-balkone.com\/app\/uploads\/2025\/02\/hausplus-fulda.png\",\"datePublished\":\"2025-02-14T09:49:36+00:00\",\"dateModified\":\"2025-11-18T05:22:53+00:00\",\"description\":\"Die Messe f\u00fcr Neubau, Umbau und Energieeffizienz. Hier treffen Bauherren auf regionale Handwerksbetriebe und Experten aus den Bereichen Baustoffe,\",\"breadcrumb\":{\"@id\":\"https:\/\/www.leeb-balkone.com\/de\/messe\/hausplus-fulda\/#breadcrumb\"},\"inLanguage\":\"de\",\"potentialAction\":[{\"@type\":\"ReadAction\",\"target\":[\"https:\/\/www.leeb-balkone.com\/de\/messe\/hausplus-fulda\/\"]}]},{\"@type\":\"ImageObject\",\"inLanguage\":\"de\",\"@id\":\"https:\/\/www.leeb-balkone.com\/de\/messe\/hausplus-fulda\/#primaryimage\",\"url\":\"https:\/\/www.leeb-balkone.com\/app\/uploads\/2025\/02\/hausplus-fulda.png\",\"contentUrl\":\"https:\/\/www.leeb-balkone.com\/app\/uploads\/2025\/02\/hausplus-fulda.png\",\"width\":238,\"height\":118},{\"@type\":\"BreadcrumbList\",\"@id\":\"https:\/\/www.leeb-balkone.com\/de\/messe\/hausplus-fulda\/#breadcrumb\",\"itemListElement\":[{\"@type\":\"ListItem\",\"position\":1,\"name\":\"Home\",\"item\":\"https:\/\/www.leeb-balkone.com\/de\/\"},{\"@type\":\"ListItem\",\"position\":2,\"name\":\"Veranstaltungen\",\"item\":\"https:\/\/www.leeb-balkone.com\/de\/messe\/\"},{\"@type\":\"ListItem\",\"position\":3,\"name\":\"hausplus Fulda\"}]},{\"@type\":\"WebSite\",\"@id\":\"https:\/\/www.leeb-balkone.com\/de\/#website\",\"url\":\"https:\/\/www.leeb-balkone.com\/de\/\",\"name\":\"Leeb Balkone\",\"description\":\"Balkone und Z\u00e4une\",\"publisher\":{\"@id\":\"https:\/\/www.leeb-balkone.com\/de\/#organization\"},\"potentialAction\":[{\"@type\":\"SearchAction\",\"target\":{\"@type\":\"EntryPoint\",\"urlTemplate\":\"https:\/\/www.leeb-balkone.com\/de\/?s={search_term_string}\"},\"query-input\":{\"@type\":\"PropertyValueSpecification\",\"valueRequired\":true,\"valueName\":\"search_term_string\"}}],\"inLanguage\":\"de\"},{\"@type\":\"Organization\",\"@id\":\"https:\/\/www.leeb-balkone.com\/de\/#organization\",\"name\":\"Leeb Balkone Gmbh\",\"url\":\"https:\/\/www.leeb-balkone.com\/de\/\",\"logo\":{\"@type\":\"ImageObject\",\"inLanguage\":\"de\",\"@id\":\"https:\/\/www.leeb-balkone.com\/de\/#\/schema\/logo\/image\/\",\"url\":\"https:\/\/www.leeb-balkone.com\/app\/uploads\/2020\/11\/leeb-logo.svg\",\"contentUrl\":\"https:\/\/www.leeb-balkone.com\/app\/uploads\/2020\/11\/leeb-logo.svg\",\"width\":741,\"height\":204,\"caption\":\"Leeb Balkone Gmbh\"},\"image\":{\"@id\":\"https:\/\/www.leeb-balkone.com\/de\/#\/schema\/logo\/image\/\"},\"sameAs\":[\"https:\/\/www.facebook.com\/balkone\/\",\"https:\/\/www.trustedshops.at\/bewertung\/info_X4587CCF5833E31AFE0B11F47D86999F2.html\",\"https:\/\/www.trustedshops.de\/bewertung\/info_X7BA536A7A0BDC86D36C4718E4DCAEEEF.html\",\"https:\/\/www.google.com\/maps\/place\/?q=place_id:ChIJ5-zH19-IcEcR9HonWRTllHI\"]}]}<\/script>\n<!-- \/ Yoast SEO plugin. -->","yoast_head_json":{"title":"hausplus Fulda - Leeb Balkone Deutschland","description":"Die Messe f\u00fcr Neubau, Umbau und Energieeffizienz. Hier treffen Bauherren auf regionale Handwerksbetriebe und Experten aus den Bereichen Baustoffe,","robots":{"index":"index","follow":"follow","max-snippet":"max-snippet:-1","max-image-preview":"max-image-preview:large","max-video-preview":"max-video-preview:-1"},"og_locale":"de_DE","og_type":"article","og_title":"hausplus Fulda - Leeb Balkone","og_description":"Die Messe f\u00fcr Neubau, Umbau und Energieeffizienz. Hier treffen Bauherren auf regionale Handwerksbetriebe und Experten aus den Bereichen Baustoffe,","og_url":"https:\/\/www.leeb-balkone.com\/de\/messe\/hausplus-fulda\/","og_site_name":"Leeb Balkone","article_publisher":"https:\/\/www.facebook.com\/balkone\/","article_modified_time":"2025-11-18T05:22:53+00:00","og_image":[{"width":238,"height":118,"url":"https:\/\/www.leeb-balkone.com\/app\/uploads\/2025\/02\/hausplus-fulda.png","type":"image\/png"}],"twitter_card":"summary_large_image","schema":{"@context":"https:\/\/schema.org","@graph":[{"@type":"WebPage","@id":"https:\/\/www.leeb-balkone.com\/de\/messe\/hausplus-fulda\/","url":"https:\/\/www.leeb-balkone.com\/de\/messe\/hausplus-fulda\/","name":"hausplus Fulda - Leeb Balkone","isPartOf":{"@id":"https:\/\/www.leeb-balkone.com\/de\/#website"},"primaryImageOfPage":{"@id":"https:\/\/www.leeb-balkone.com\/de\/messe\/hausplus-fulda\/#primaryimage"},"image":{"@id":"https:\/\/www.leeb-balkone.com\/de\/messe\/hausplus-fulda\/#primaryimage"},"thumbnailUrl":"https:\/\/www.leeb-balkone.com\/app\/uploads\/2025\/02\/hausplus-fulda.png","datePublished":"2025-02-14T09:49:36+00:00","dateModified":"2025-11-18T05:22:53+00:00","description":"Die Messe f\u00fcr Neubau, Umbau und Energieeffizienz. Hier treffen Bauherren auf regionale Handwerksbetriebe und Experten aus den Bereichen Baustoffe,","breadcrumb":{"@id":"https:\/\/www.leeb-balkone.com\/de\/messe\/hausplus-fulda\/#breadcrumb"},"inLanguage":"de","potentialAction":[{"@type":"ReadAction","target":["https:\/\/www.leeb-balkone.com\/de\/messe\/hausplus-fulda\/"]}]},{"@type":"ImageObject","inLanguage":"de","@id":"https:\/\/www.leeb-balkone.com\/de\/messe\/hausplus-fulda\/#primaryimage","url":"https:\/\/www.leeb-balkone.com\/app\/uploads\/2025\/02\/hausplus-fulda.png","contentUrl":"https:\/\/www.leeb-balkone.com\/app\/uploads\/2025\/02\/hausplus-fulda.png","width":238,"height":118},{"@type":"BreadcrumbList","@id":"https:\/\/www.leeb-balkone.com\/de\/messe\/hausplus-fulda\/#breadcrumb","itemListElement":[{"@type":"ListItem","position":1,"name":"Home","item":"https:\/\/www.leeb-balkone.com\/de\/"},{"@type":"ListItem","position":2,"name":"Veranstaltungen","item":"https:\/\/www.leeb-balkone.com\/de\/messe\/"},{"@type":"ListItem","position":3,"name":"hausplus Fulda"}]},{"@type":"WebSite","@id":"https:\/\/www.leeb-balkone.com\/de\/#website","url":"https:\/\/www.leeb-balkone.com\/de\/","name":"Leeb Balkone","description":"Balkone und Z\u00e4une","publisher":{"@id":"https:\/\/www.leeb-balkone.com\/de\/#organization"},"potentialAction":[{"@type":"SearchAction","target":{"@type":"EntryPoint","urlTemplate":"https:\/\/www.leeb-balkone.com\/de\/?s={search_term_string}"},"query-input":{"@type":"PropertyValueSpecification","valueRequired":true,"valueName":"search_term_string"}}],"inLanguage":"de"},{"@type":"Organization","@id":"https:\/\/www.leeb-balkone.com\/de\/#organization","name":"Leeb Balkone Gmbh","url":"https:\/\/www.leeb-balkone.com\/de\/","logo":{"@type":"ImageObject","inLanguage":"de","@id":"https:\/\/www.leeb-balkone.com\/de\/#\/schema\/logo\/image\/","url":"https:\/\/www.leeb-balkone.com\/app\/uploads\/2020\/11\/leeb-logo.svg","contentUrl":"https:\/\/www.leeb-balkone.com\/app\/uploads\/2020\/11\/leeb-logo.svg","width":741,"height":204,"caption":"Leeb Balkone Gmbh"},"image":{"@id":"https:\/\/www.leeb-balkone.com\/de\/#\/schema\/logo\/image\/"},"sameAs":["https:\/\/www.facebook.com\/balkone\/","https:\/\/www.trustedshops.at\/bewertung\/info_X4587CCF5833E31AFE0B11F47D86999F2.html","https:\/\/www.trustedshops.de\/bewertung\/info_X7BA536A7A0BDC86D36C4718E4DCAEEEF.html","https:\/\/www.google.com\/maps\/place\/?q=place_id:ChIJ5-zH19-IcEcR9HonWRTllHI"]}]}},"_links":{"self":[{"href":"https:\/\/www.leeb-balkone.com\/de\/wp-json\/wp\/v2\/tribe_events\/143608","targetHints":{"allow":["GET"]}}],"collection":[{"href":"https:\/\/www.leeb-balkone.com\/de\/wp-json\/wp\/v2\/tribe_events"}],"about":[{"href":"https:\/\/www.leeb-balkone.com\/de\/wp-json\/wp\/v2\/types\/tribe_events"}],"author":[{"embeddable":true,"href":"https:\/\/www.leeb-balkone.com\/de\/wp-json\/wp\/v2\/users\/12"}],"version-history":[{"count":2,"href":"https:\/\/www.leeb-balkone.com\/de\/wp-json\/wp\/v2\/tribe_events\/143608\/revisions"}],"predecessor-version":[{"id":161573,"href":"https:\/\/www.leeb-balkone.com\/de\/wp-json\/wp\/v2\/tribe_events\/143608\/revisions\/161573"}],"wp:featuredmedia":[{"embeddable":true,"href":"https:\/\/www.leeb-balkone.com\/de\/wp-json\/wp\/v2\/media\/143609"}],"wp:attachment":[{"href":"https:\/\/www.leeb-balkone.com\/de\/wp-json\/wp\/v2\/media?parent=143608"}],"wp:term":[{"taxonomy":"post_tag","embeddable":true,"href":"https:\/\/www.leeb-balkone.com\/de\/wp-json\/wp\/v2\/tags?post=143608"},{"taxonomy":"tribe_events_cat","embeddable":true,"href":"https:\/\/www.leeb-balkone.com\/de\/wp-json\/wp\/v2\/tribe_events_cat?post=143608"}],"curies":[{"name":"wp","href":"https:\/\/api.w.org\/{rel}","templated":true}]}}

<p>Die Messe für Neubau, Umbau und Energieeffizienz. Hier treffen Bauherren auf regionale Handwerksbetriebe und Experten aus den Bereichen Baustoffe, Fertighäuser, Sanitär, Elektro, Fenster, Türen und mehr. Ideal für alle, die bauen, modernisieren oder eine Immobilie erwerben möchten.</p>

<!-- This site is optimized with the Yoast SEO plugin v27.2 - https://yoast.com/product/yoast-seo-wordpress/ -->
<title>hausplus Fulda - Leeb Balkone Deutschland</title>
<meta name="description" content="Die Messe für Neubau, Umbau und Energieeffizienz. Hier treffen Bauherren auf regionale Handwerksbetriebe und Experten aus den Bereichen Baustoffe," />
<meta name="robots" content="index, follow, max-snippet:-1, max-image-preview:large, max-video-preview:-1" />
<meta property="og:locale" content="de_DE" />
<meta property="og:type" content="article" />
<meta property="og:title" content="hausplus Fulda - Leeb Balkone" />
<meta property="og:description" content="Die Messe für Neubau, Umbau und Energieeffizienz. Hier treffen Bauherren auf regionale Handwerksbetriebe und Experten aus den Bereichen Baustoffe," />
<meta property="og:url" content="https://www.leeb-balkone.com/de/messe/hausplus-fulda/" />
<meta property="og:site_name" content="Leeb Balkone" />
<meta property="article:publisher" content="https://www.facebook.com/balkone/" />
<meta property="article:modified_time" content="2025-11-18T05:22:53+00:00" />
<meta property="og:image" content="https://www.leeb-balkone.com/app/uploads/2025/02/hausplus-fulda.png" />
	<meta property="og:image:width" content="238" />
	<meta property="og:image:height" content="118" />
	<meta property="og:image:type" content="image/png" />
<meta name="twitter:card" content="summary_large_image" />
<script type="application/ld+json" class="yoast-schema-graph">{"@context":"https://schema.org","@graph":[{"@type":"WebPage","@id":"https://www.leeb-balkone.com/de/messe/hausplus-fulda/","url":"https://www.leeb-balkone.com/de/messe/hausplus-fulda/","name":"hausplus Fulda - Leeb Balkone","isPartOf":{"@id":"https://www.leeb-balkone.com/de/#website"},"primaryImageOfPage":{"@id":"https://www.leeb-balkone.com/de/messe/hausplus-fulda/#primaryimage"},"image":{"@id":"https://www.leeb-balkone.com/de/messe/hausplus-fulda/#primaryimage"},"thumbnailUrl":"https://www.leeb-balkone.com/app/uploads/2025/02/hausplus-fulda.png","datePublished":"2025-02-14T09:49:36+00:00","dateModified":"2025-11-18T05:22:53+00:00","description":"Die Messe für Neubau, Umbau und Energieeffizienz. Hier treffen Bauherren auf regionale Handwerksbetriebe und Experten aus den Bereichen Baustoffe,","breadcrumb":{"@id":"https://www.leeb-balkone.com/de/messe/hausplus-fulda/#breadcrumb"},"inLanguage":"de","potentialAction":[{"@type":"ReadAction","target":["https://www.leeb-balkone.com/de/messe/hausplus-fulda/"]}]},{"@type":"ImageObject","inLanguage":"de","@id":"https://www.leeb-balkone.com/de/messe/hausplus-fulda/#primaryimage","url":"https://www.leeb-balkone.com/app/uploads/2025/02/hausplus-fulda.png","contentUrl":"https://www.leeb-balkone.com/app/uploads/2025/02/hausplus-fulda.png","width":238,"height":118},{"@type":"BreadcrumbList","@id":"https://www.leeb-balkone.com/de/messe/hausplus-fulda/#breadcrumb","itemListElement":[{"@type":"ListItem","position":1,"name":"Home","item":"https://www.leeb-balkone.com/de/"},{"@type":"ListItem","position":2,"name":"Veranstaltungen","item":"https://www.leeb-balkone.com/de/messe/"},{"@type":"ListItem","position":3,"name":"hausplus Fulda"}]},{"@type":"WebSite","@id":"https://www.leeb-balkone.com/de/#website","url":"https://www.leeb-balkone.com/de/","name":"Leeb Balkone","description":"Balkone und Zäune","publisher":{"@id":"https://www.leeb-balkone.com/de/#organization"},"potentialAction":[{"@type":"SearchAction","target":{"@type":"EntryPoint","urlTemplate":"https://www.leeb-balkone.com/de/?s={search_term_string}"},"query-input":{"@type":"PropertyValueSpecification","valueRequired":true,"valueName":"search_term_string"}}],"inLanguage":"de"},{"@type":"Organization","@id":"https://www.leeb-balkone.com/de/#organization","name":"Leeb Balkone Gmbh","url":"https://www.leeb-balkone.com/de/","logo":{"@type":"ImageObject","inLanguage":"de","@id":"https://www.leeb-balkone.com/de/#/schema/logo/image/","url":"https://www.leeb-balkone.com/app/uploads/2020/11/leeb-logo.svg","contentUrl":"https://www.leeb-balkone.com/app/uploads/2020/11/leeb-logo.svg","width":741,"height":204,"caption":"Leeb Balkone Gmbh"},"image":{"@id":"https://www.leeb-balkone.com/de/#/schema/logo/image/"},"sameAs":["https://www.facebook.com/balkone/","https://www.trustedshops.at/bewertung/info_X4587CCF5833E31AFE0B11F47D86999F2.html","https://www.trustedshops.de/bewertung/info_X7BA536A7A0BDC86D36C4718E4DCAEEEF.html","https://www.google.com/maps/place/?q=place_id:ChIJ5-zH19-IcEcR9HonWRTllHI"]}]}</script>
<!-- / Yoast SEO plugin. -->

Die Messe für Neubau, Umbau und Energieeffizienz. Hier treffen Bauherren auf regionale Handwerksbetriebe und Experten aus den Bereichen Baustoffe,

Balkone und Zäune
