{"id":139784,"date":"2024-07-24T14:07:17","date_gmt":"2024-07-24T14:07:17","guid":{"rendered":"https:\/\/www.leeb-balkone.com\/de\/?post_type=tribe_events&#038;p=139784"},"modified":"2025-10-10T07:55:43","modified_gmt":"2025-10-10T07:55:43","slug":"oberrhein-messe-offenburg","status":"publish","type":"tribe_events","link":"https:\/\/www.leeb-balkone.com\/de\/messe\/oberrhein-messe-offenburg\/","title":{"rendered":"Oberrhein Messe Offenburg"},"content":{"rendered":"<p>Die Oberrhein Messe in Offenburg z\u00e4hlt j\u00e4hrlich zu den gr\u00f6\u00dften Verbrauchermessen im S\u00fcdwesten Deutschlands.<\/p>\n<p>Vom 27. September bis 05. Oktober 2025 \u00f6ffnet die Messe Offenburg-Ortenau wieder ihre Pforten f\u00fcr die traditionelle Veranstaltung und l\u00e4dt Besucher ein, auf eine spannende Entdeckungsreise durch die vielf\u00e4ltigen Messe-Bereiche und Themenwelten zu gehen und sich inspirieren zu lassen.<\/p>\n<p>Aussteller pr\u00e4sentieren ihre Produkte, Dienstleistungen und aktuelle Informationen zu Energiekonzepten, Bauen, Wohnen und Sanieren, Technik f\u00fcr Heim und Handwerk sowie alles rund um Beauty, Mode und Gesundheit. Ein abwechslungsreiches Rahmenprogramm mit Shows und eine einzigartige Schlemmermeile machen die Oberrhein Messe Offenburg zu einem unvergleichlichen Freizeiterlebnis f\u00fcr Jung und Alt.<\/p>\n","protected":false},"excerpt":{"rendered":"","protected":false},"author":12,"featured_media":153722,"template":"","meta":{"_acf_changed":false,"_tribe_events_status":"","_tribe_events_status_reason":"","_tribe_events_is_hybrid":"","_tribe_events_is_virtual":"","_tribe_events_virtual_video_source":"","_tribe_events_virtual_embed_video":"","_tribe_events_virtual_linked_button_text":"","_tribe_events_virtual_linked_button":"","_tribe_events_virtual_show_embed_at":"","_tribe_events_virtual_show_embed_to":[],"_tribe_events_virtual_show_on_event":"","_tribe_events_virtual_show_on_views":"","_tribe_events_virtual_url":"","footnotes":""},"tags":[],"tribe_events_cat":[],"class_list":["post-139784","tribe_events","type-tribe_events","status-publish","has-post-thumbnail","hentry"],"acf":[],"yoast_head":"<!-- This site is optimized with the Yoast SEO plugin v27.2 - https:\/\/yoast.com\/product\/yoast-seo-wordpress\/ -->\n<title>Oberrhein Messe Offenburg - Leeb Balkone Deutschland<\/title>\n<meta name=\"description\" content=\"Die Oberrhein Messe in Offenburg z\u00e4hlt j\u00e4hrlich zu den gr\u00f6\u00dften Verbrauchermessen im S\u00fcdwesten Deutschlands. Vom 27. September bis 05. Oktober 2025 \u00f6ffnet\" \/>\n<meta name=\"robots\" content=\"index, follow, max-snippet:-1, max-image-preview:large, max-video-preview:-1\" \/>\n<meta property=\"og:locale\" content=\"de_DE\" \/>\n<meta property=\"og:type\" content=\"article\" \/>\n<meta property=\"og:title\" content=\"Oberrhein Messe Offenburg - Leeb Balkone\" \/>\n<meta property=\"og:description\" content=\"Die Oberrhein Messe in Offenburg z\u00e4hlt j\u00e4hrlich zu den gr\u00f6\u00dften Verbrauchermessen im S\u00fcdwesten Deutschlands. Vom 27. September bis 05. Oktober 2025 \u00f6ffnet\" \/>\n<meta property=\"og:url\" content=\"https:\/\/www.leeb-balkone.com\/de\/messe\/oberrhein-messe-offenburg\/\" \/>\n<meta property=\"og:site_name\" content=\"Leeb Balkone\" \/>\n<meta property=\"article:publisher\" content=\"https:\/\/www.facebook.com\/balkone\/\" \/>\n<meta property=\"article:modified_time\" content=\"2025-10-10T07:55:43+00:00\" \/>\n<meta property=\"og:image\" content=\"https:\/\/www.leeb-balkone.com\/app\/uploads\/2024\/07\/orm-logo-neu_transparent.png\" \/>\n\t<meta property=\"og:image:width\" content=\"1151\" \/>\n\t<meta property=\"og:image:height\" content=\"1080\" \/>\n\t<meta property=\"og:image:type\" content=\"image\/png\" \/>\n<meta name=\"twitter:card\" content=\"summary_large_image\" \/>\n<script type=\"application\/ld+json\" class=\"yoast-schema-graph\">{\"@context\":\"https:\/\/schema.org\",\"@graph\":[{\"@type\":\"WebPage\",\"@id\":\"https:\/\/www.leeb-balkone.com\/de\/messe\/oberrhein-messe-offenburg\/\",\"url\":\"https:\/\/www.leeb-balkone.com\/de\/messe\/oberrhein-messe-offenburg\/\",\"name\":\"Oberrhein Messe Offenburg - Leeb Balkone\",\"isPartOf\":{\"@id\":\"https:\/\/www.leeb-balkone.com\/de\/#website\"},\"primaryImageOfPage\":{\"@id\":\"https:\/\/www.leeb-balkone.com\/de\/messe\/oberrhein-messe-offenburg\/#primaryimage\"},\"image\":{\"@id\":\"https:\/\/www.leeb-balkone.com\/de\/messe\/oberrhein-messe-offenburg\/#primaryimage\"},\"thumbnailUrl\":\"https:\/\/www.leeb-balkone.com\/app\/uploads\/2024\/07\/orm-logo-neu_transparent.png\",\"datePublished\":\"2024-07-24T14:07:17+00:00\",\"dateModified\":\"2025-10-10T07:55:43+00:00\",\"description\":\"Die Oberrhein Messe in Offenburg z\u00e4hlt j\u00e4hrlich zu den gr\u00f6\u00dften Verbrauchermessen im S\u00fcdwesten Deutschlands. Vom 27. September bis 05. Oktober 2025 \u00f6ffnet\",\"breadcrumb\":{\"@id\":\"https:\/\/www.leeb-balkone.com\/de\/messe\/oberrhein-messe-offenburg\/#breadcrumb\"},\"inLanguage\":\"de\",\"potentialAction\":[{\"@type\":\"ReadAction\",\"target\":[\"https:\/\/www.leeb-balkone.com\/de\/messe\/oberrhein-messe-offenburg\/\"]}]},{\"@type\":\"ImageObject\",\"inLanguage\":\"de\",\"@id\":\"https:\/\/www.leeb-balkone.com\/de\/messe\/oberrhein-messe-offenburg\/#primaryimage\",\"url\":\"https:\/\/www.leeb-balkone.com\/app\/uploads\/2024\/07\/orm-logo-neu_transparent.png\",\"contentUrl\":\"https:\/\/www.leeb-balkone.com\/app\/uploads\/2024\/07\/orm-logo-neu_transparent.png\",\"width\":1151,\"height\":1080},{\"@type\":\"BreadcrumbList\",\"@id\":\"https:\/\/www.leeb-balkone.com\/de\/messe\/oberrhein-messe-offenburg\/#breadcrumb\",\"itemListElement\":[{\"@type\":\"ListItem\",\"position\":1,\"name\":\"Home\",\"item\":\"https:\/\/www.leeb-balkone.com\/de\/\"},{\"@type\":\"ListItem\",\"position\":2,\"name\":\"Veranstaltungen\",\"item\":\"https:\/\/www.leeb-balkone.com\/de\/messe\/\"},{\"@type\":\"ListItem\",\"position\":3,\"name\":\"Oberrhein Messe Offenburg\"}]},{\"@type\":\"WebSite\",\"@id\":\"https:\/\/www.leeb-balkone.com\/de\/#website\",\"url\":\"https:\/\/www.leeb-balkone.com\/de\/\",\"name\":\"Leeb Balkone\",\"description\":\"Balkone und Z\u00e4une\",\"publisher\":{\"@id\":\"https:\/\/www.leeb-balkone.com\/de\/#organization\"},\"potentialAction\":[{\"@type\":\"SearchAction\",\"target\":{\"@type\":\"EntryPoint\",\"urlTemplate\":\"https:\/\/www.leeb-balkone.com\/de\/?s={search_term_string}\"},\"query-input\":{\"@type\":\"PropertyValueSpecification\",\"valueRequired\":true,\"valueName\":\"search_term_string\"}}],\"inLanguage\":\"de\"},{\"@type\":\"Organization\",\"@id\":\"https:\/\/www.leeb-balkone.com\/de\/#organization\",\"name\":\"Leeb Balkone Gmbh\",\"url\":\"https:\/\/www.leeb-balkone.com\/de\/\",\"logo\":{\"@type\":\"ImageObject\",\"inLanguage\":\"de\",\"@id\":\"https:\/\/www.leeb-balkone.com\/de\/#\/schema\/logo\/image\/\",\"url\":\"https:\/\/www.leeb-balkone.com\/app\/uploads\/2020\/11\/leeb-logo.svg\",\"contentUrl\":\"https:\/\/www.leeb-balkone.com\/app\/uploads\/2020\/11\/leeb-logo.svg\",\"width\":741,\"height\":204,\"caption\":\"Leeb Balkone Gmbh\"},\"image\":{\"@id\":\"https:\/\/www.leeb-balkone.com\/de\/#\/schema\/logo\/image\/\"},\"sameAs\":[\"https:\/\/www.facebook.com\/balkone\/\",\"https:\/\/www.trustedshops.at\/bewertung\/info_X4587CCF5833E31AFE0B11F47D86999F2.html\",\"https:\/\/www.trustedshops.de\/bewertung\/info_X7BA536A7A0BDC86D36C4718E4DCAEEEF.html\",\"https:\/\/www.google.com\/maps\/place\/?q=place_id:ChIJ5-zH19-IcEcR9HonWRTllHI\"]}]}<\/script>\n<!-- \/ Yoast SEO plugin. -->","yoast_head_json":{"title":"Oberrhein Messe Offenburg - Leeb Balkone Deutschland","description":"Die Oberrhein Messe in Offenburg z\u00e4hlt j\u00e4hrlich zu den gr\u00f6\u00dften Verbrauchermessen im S\u00fcdwesten Deutschlands. Vom 27. September bis 05. Oktober 2025 \u00f6ffnet","robots":{"index":"index","follow":"follow","max-snippet":"max-snippet:-1","max-image-preview":"max-image-preview:large","max-video-preview":"max-video-preview:-1"},"og_locale":"de_DE","og_type":"article","og_title":"Oberrhein Messe Offenburg - Leeb Balkone","og_description":"Die Oberrhein Messe in Offenburg z\u00e4hlt j\u00e4hrlich zu den gr\u00f6\u00dften Verbrauchermessen im S\u00fcdwesten Deutschlands. Vom 27. September bis 05. Oktober 2025 \u00f6ffnet","og_url":"https:\/\/www.leeb-balkone.com\/de\/messe\/oberrhein-messe-offenburg\/","og_site_name":"Leeb Balkone","article_publisher":"https:\/\/www.facebook.com\/balkone\/","article_modified_time":"2025-10-10T07:55:43+00:00","og_image":[{"width":1151,"height":1080,"url":"https:\/\/www.leeb-balkone.com\/app\/uploads\/2024\/07\/orm-logo-neu_transparent.png","type":"image\/png"}],"twitter_card":"summary_large_image","schema":{"@context":"https:\/\/schema.org","@graph":[{"@type":"WebPage","@id":"https:\/\/www.leeb-balkone.com\/de\/messe\/oberrhein-messe-offenburg\/","url":"https:\/\/www.leeb-balkone.com\/de\/messe\/oberrhein-messe-offenburg\/","name":"Oberrhein Messe Offenburg - Leeb Balkone","isPartOf":{"@id":"https:\/\/www.leeb-balkone.com\/de\/#website"},"primaryImageOfPage":{"@id":"https:\/\/www.leeb-balkone.com\/de\/messe\/oberrhein-messe-offenburg\/#primaryimage"},"image":{"@id":"https:\/\/www.leeb-balkone.com\/de\/messe\/oberrhein-messe-offenburg\/#primaryimage"},"thumbnailUrl":"https:\/\/www.leeb-balkone.com\/app\/uploads\/2024\/07\/orm-logo-neu_transparent.png","datePublished":"2024-07-24T14:07:17+00:00","dateModified":"2025-10-10T07:55:43+00:00","description":"Die Oberrhein Messe in Offenburg z\u00e4hlt j\u00e4hrlich zu den gr\u00f6\u00dften Verbrauchermessen im S\u00fcdwesten Deutschlands. Vom 27. September bis 05. Oktober 2025 \u00f6ffnet","breadcrumb":{"@id":"https:\/\/www.leeb-balkone.com\/de\/messe\/oberrhein-messe-offenburg\/#breadcrumb"},"inLanguage":"de","potentialAction":[{"@type":"ReadAction","target":["https:\/\/www.leeb-balkone.com\/de\/messe\/oberrhein-messe-offenburg\/"]}]},{"@type":"ImageObject","inLanguage":"de","@id":"https:\/\/www.leeb-balkone.com\/de\/messe\/oberrhein-messe-offenburg\/#primaryimage","url":"https:\/\/www.leeb-balkone.com\/app\/uploads\/2024\/07\/orm-logo-neu_transparent.png","contentUrl":"https:\/\/www.leeb-balkone.com\/app\/uploads\/2024\/07\/orm-logo-neu_transparent.png","width":1151,"height":1080},{"@type":"BreadcrumbList","@id":"https:\/\/www.leeb-balkone.com\/de\/messe\/oberrhein-messe-offenburg\/#breadcrumb","itemListElement":[{"@type":"ListItem","position":1,"name":"Home","item":"https:\/\/www.leeb-balkone.com\/de\/"},{"@type":"ListItem","position":2,"name":"Veranstaltungen","item":"https:\/\/www.leeb-balkone.com\/de\/messe\/"},{"@type":"ListItem","position":3,"name":"Oberrhein Messe Offenburg"}]},{"@type":"WebSite","@id":"https:\/\/www.leeb-balkone.com\/de\/#website","url":"https:\/\/www.leeb-balkone.com\/de\/","name":"Leeb Balkone","description":"Balkone und Z\u00e4une","publisher":{"@id":"https:\/\/www.leeb-balkone.com\/de\/#organization"},"potentialAction":[{"@type":"SearchAction","target":{"@type":"EntryPoint","urlTemplate":"https:\/\/www.leeb-balkone.com\/de\/?s={search_term_string}"},"query-input":{"@type":"PropertyValueSpecification","valueRequired":true,"valueName":"search_term_string"}}],"inLanguage":"de"},{"@type":"Organization","@id":"https:\/\/www.leeb-balkone.com\/de\/#organization","name":"Leeb Balkone Gmbh","url":"https:\/\/www.leeb-balkone.com\/de\/","logo":{"@type":"ImageObject","inLanguage":"de","@id":"https:\/\/www.leeb-balkone.com\/de\/#\/schema\/logo\/image\/","url":"https:\/\/www.leeb-balkone.com\/app\/uploads\/2020\/11\/leeb-logo.svg","contentUrl":"https:\/\/www.leeb-balkone.com\/app\/uploads\/2020\/11\/leeb-logo.svg","width":741,"height":204,"caption":"Leeb Balkone Gmbh"},"image":{"@id":"https:\/\/www.leeb-balkone.com\/de\/#\/schema\/logo\/image\/"},"sameAs":["https:\/\/www.facebook.com\/balkone\/","https:\/\/www.trustedshops.at\/bewertung\/info_X4587CCF5833E31AFE0B11F47D86999F2.html","https:\/\/www.trustedshops.de\/bewertung\/info_X7BA536A7A0BDC86D36C4718E4DCAEEEF.html","https:\/\/www.google.com\/maps\/place\/?q=place_id:ChIJ5-zH19-IcEcR9HonWRTllHI"]}]}},"_links":{"self":[{"href":"https:\/\/www.leeb-balkone.com\/de\/wp-json\/wp\/v2\/tribe_events\/139784","targetHints":{"allow":["GET"]}}],"collection":[{"href":"https:\/\/www.leeb-balkone.com\/de\/wp-json\/wp\/v2\/tribe_events"}],"about":[{"href":"https:\/\/www.leeb-balkone.com\/de\/wp-json\/wp\/v2\/types\/tribe_events"}],"author":[{"embeddable":true,"href":"https:\/\/www.leeb-balkone.com\/de\/wp-json\/wp\/v2\/users\/12"}],"version-history":[{"count":1,"href":"https:\/\/www.leeb-balkone.com\/de\/wp-json\/wp\/v2\/tribe_events\/139784\/revisions"}],"predecessor-version":[{"id":142144,"href":"https:\/\/www.leeb-balkone.com\/de\/wp-json\/wp\/v2\/tribe_events\/139784\/revisions\/142144"}],"wp:featuredmedia":[{"embeddable":true,"href":"https:\/\/www.leeb-balkone.com\/de\/wp-json\/wp\/v2\/media\/153722"}],"wp:attachment":[{"href":"https:\/\/www.leeb-balkone.com\/de\/wp-json\/wp\/v2\/media?parent=139784"}],"wp:term":[{"taxonomy":"post_tag","embeddable":true,"href":"https:\/\/www.leeb-balkone.com\/de\/wp-json\/wp\/v2\/tags?post=139784"},{"taxonomy":"tribe_events_cat","embeddable":true,"href":"https:\/\/www.leeb-balkone.com\/de\/wp-json\/wp\/v2\/tribe_events_cat?post=139784"}],"curies":[{"name":"wp","href":"https:\/\/api.w.org\/{rel}","templated":true}]}}

<p>Die Oberrhein Messe in Offenburg zählt jährlich zu den größten Verbrauchermessen im Südwesten Deutschlands.</p>
<p>Vom 27. September bis 05. Oktober 2025 öffnet die Messe Offenburg-Ortenau wieder ihre Pforten für die traditionelle Veranstaltung und lädt Besucher ein, auf eine spannende Entdeckungsreise durch die vielfältigen Messe-Bereiche und Themenwelten zu gehen und sich inspirieren zu lassen.</p>
<p>Aussteller präsentieren ihre Produkte, Dienstleistungen und aktuelle Informationen zu Energiekonzepten, Bauen, Wohnen und Sanieren, Technik für Heim und Handwerk sowie alles rund um Beauty, Mode und Gesundheit. Ein abwechslungsreiches Rahmenprogramm mit Shows und eine einzigartige Schlemmermeile machen die Oberrhein Messe Offenburg zu einem unvergleichlichen Freizeiterlebnis für Jung und Alt.</p>

<!-- This site is optimized with the Yoast SEO plugin v27.2 - https://yoast.com/product/yoast-seo-wordpress/ -->
<title>Oberrhein Messe Offenburg - Leeb Balkone Deutschland</title>
<meta name="description" content="Die Oberrhein Messe in Offenburg zählt jährlich zu den größten Verbrauchermessen im Südwesten Deutschlands. Vom 27. September bis 05. Oktober 2025 öffnet" />
<meta name="robots" content="index, follow, max-snippet:-1, max-image-preview:large, max-video-preview:-1" />
<meta property="og:locale" content="de_DE" />
<meta property="og:type" content="article" />
<meta property="og:title" content="Oberrhein Messe Offenburg - Leeb Balkone" />
<meta property="og:description" content="Die Oberrhein Messe in Offenburg zählt jährlich zu den größten Verbrauchermessen im Südwesten Deutschlands. Vom 27. September bis 05. Oktober 2025 öffnet" />
<meta property="og:url" content="https://www.leeb-balkone.com/de/messe/oberrhein-messe-offenburg/" />
<meta property="og:site_name" content="Leeb Balkone" />
<meta property="article:publisher" content="https://www.facebook.com/balkone/" />
<meta property="article:modified_time" content="2025-10-10T07:55:43+00:00" />
<meta property="og:image" content="https://www.leeb-balkone.com/app/uploads/2024/07/orm-logo-neu_transparent.png" />
	<meta property="og:image:width" content="1151" />
	<meta property="og:image:height" content="1080" />
	<meta property="og:image:type" content="image/png" />
<meta name="twitter:card" content="summary_large_image" />
<script type="application/ld+json" class="yoast-schema-graph">{"@context":"https://schema.org","@graph":[{"@type":"WebPage","@id":"https://www.leeb-balkone.com/de/messe/oberrhein-messe-offenburg/","url":"https://www.leeb-balkone.com/de/messe/oberrhein-messe-offenburg/","name":"Oberrhein Messe Offenburg - Leeb Balkone","isPartOf":{"@id":"https://www.leeb-balkone.com/de/#website"},"primaryImageOfPage":{"@id":"https://www.leeb-balkone.com/de/messe/oberrhein-messe-offenburg/#primaryimage"},"image":{"@id":"https://www.leeb-balkone.com/de/messe/oberrhein-messe-offenburg/#primaryimage"},"thumbnailUrl":"https://www.leeb-balkone.com/app/uploads/2024/07/orm-logo-neu_transparent.png","datePublished":"2024-07-24T14:07:17+00:00","dateModified":"2025-10-10T07:55:43+00:00","description":"Die Oberrhein Messe in Offenburg zählt jährlich zu den größten Verbrauchermessen im Südwesten Deutschlands. Vom 27. September bis 05. Oktober 2025 öffnet","breadcrumb":{"@id":"https://www.leeb-balkone.com/de/messe/oberrhein-messe-offenburg/#breadcrumb"},"inLanguage":"de","potentialAction":[{"@type":"ReadAction","target":["https://www.leeb-balkone.com/de/messe/oberrhein-messe-offenburg/"]}]},{"@type":"ImageObject","inLanguage":"de","@id":"https://www.leeb-balkone.com/de/messe/oberrhein-messe-offenburg/#primaryimage","url":"https://www.leeb-balkone.com/app/uploads/2024/07/orm-logo-neu_transparent.png","contentUrl":"https://www.leeb-balkone.com/app/uploads/2024/07/orm-logo-neu_transparent.png","width":1151,"height":1080},{"@type":"BreadcrumbList","@id":"https://www.leeb-balkone.com/de/messe/oberrhein-messe-offenburg/#breadcrumb","itemListElement":[{"@type":"ListItem","position":1,"name":"Home","item":"https://www.leeb-balkone.com/de/"},{"@type":"ListItem","position":2,"name":"Veranstaltungen","item":"https://www.leeb-balkone.com/de/messe/"},{"@type":"ListItem","position":3,"name":"Oberrhein Messe Offenburg"}]},{"@type":"WebSite","@id":"https://www.leeb-balkone.com/de/#website","url":"https://www.leeb-balkone.com/de/","name":"Leeb Balkone","description":"Balkone und Zäune","publisher":{"@id":"https://www.leeb-balkone.com/de/#organization"},"potentialAction":[{"@type":"SearchAction","target":{"@type":"EntryPoint","urlTemplate":"https://www.leeb-balkone.com/de/?s={search_term_string}"},"query-input":{"@type":"PropertyValueSpecification","valueRequired":true,"valueName":"search_term_string"}}],"inLanguage":"de"},{"@type":"Organization","@id":"https://www.leeb-balkone.com/de/#organization","name":"Leeb Balkone Gmbh","url":"https://www.leeb-balkone.com/de/","logo":{"@type":"ImageObject","inLanguage":"de","@id":"https://www.leeb-balkone.com/de/#/schema/logo/image/","url":"https://www.leeb-balkone.com/app/uploads/2020/11/leeb-logo.svg","contentUrl":"https://www.leeb-balkone.com/app/uploads/2020/11/leeb-logo.svg","width":741,"height":204,"caption":"Leeb Balkone Gmbh"},"image":{"@id":"https://www.leeb-balkone.com/de/#/schema/logo/image/"},"sameAs":["https://www.facebook.com/balkone/","https://www.trustedshops.at/bewertung/info_X4587CCF5833E31AFE0B11F47D86999F2.html","https://www.trustedshops.de/bewertung/info_X7BA536A7A0BDC86D36C4718E4DCAEEEF.html","https://www.google.com/maps/place/?q=place_id:ChIJ5-zH19-IcEcR9HonWRTllHI"]}]}</script>
<!-- / Yoast SEO plugin. -->

Die Oberrhein Messe in Offenburg zählt jährlich zu den größten Verbrauchermessen im Südwesten Deutschlands. Vom 27. September bis 05. Oktober 2025 öffnet

Balkone und Zäune
