{"id":136733,"date":"2024-03-19T08:42:01","date_gmt":"2024-03-19T08:42:01","guid":{"rendered":"https:\/\/www.leeb-balkone.com\/de\/?post_type=tribe_events&#038;p=136733"},"modified":"2025-10-03T05:47:25","modified_gmt":"2025-10-03T05:47:25","slug":"gartentage-schlosshotel-neufahrn","status":"publish","type":"tribe_events","link":"https:\/\/www.leeb-balkone.com\/de\/messe\/gartentage-schlosshotel-neufahrn\/","title":{"rendered":"Gartentage Schlosshotel Neufahrn"},"content":{"rendered":"<p>Erleben Sie die zauberhaften Gartentage am Schlosshotel Neufahrn, ein wahres Highlight der Saison f\u00fcr Kinder, Familien und all jene, die sich von Live-Musik umgeben lassen m\u00f6chten, w\u00e4hrend sie die Pracht des Schlosses genie\u00dfen. Tauchen Sie ein in eine Welt der kulinarischen Gen\u00fcsse und lassen Sie sich von einem vielf\u00e4ltigen Angebot inspirieren, das sich um Themen wie Garten, Haus, Kulinarik und Mode dreht. Unsere zahlreichen Aussteller pr\u00e4sentieren stolz ihre Produkte und stehen Ihnen gerne f\u00fcr pers\u00f6nliche Beratungsgespr\u00e4che zur Verf\u00fcgung. Erleben Sie unvergessliche Momente und lassen Sie sich von der Magie dieser Veranstaltung verzaubern!<\/p>\n","protected":false},"excerpt":{"rendered":"","protected":false},"author":12,"featured_media":136773,"template":"","meta":{"_acf_changed":false,"_tribe_events_status":"","_tribe_events_status_reason":"","_tribe_events_is_hybrid":"","_tribe_events_is_virtual":"","_tribe_events_virtual_video_source":"","_tribe_events_virtual_embed_video":"","_tribe_events_virtual_linked_button_text":"","_tribe_events_virtual_linked_button":"","_tribe_events_virtual_show_embed_at":"","_tribe_events_virtual_show_embed_to":[],"_tribe_events_virtual_show_on_event":"","_tribe_events_virtual_show_on_views":"","_tribe_events_virtual_url":"","footnotes":""},"tags":[],"tribe_events_cat":[],"class_list":["post-136733","tribe_events","type-tribe_events","status-publish","has-post-thumbnail","hentry"],"acf":[],"yoast_head":"<!-- This site is optimized with the Yoast SEO plugin v27.2 - https:\/\/yoast.com\/product\/yoast-seo-wordpress\/ -->\n<title>Gartentage Schlosshotel Neufahrn - Leeb Balkone Deutschland<\/title>\n<meta name=\"description\" content=\"Erleben Sie die zauberhaften Gartentage am Schlosshotel Neufahrn, ein wahres Highlight der Saison f\u00fcr Kinder, Familien und all jene, die sich von\" \/>\n<meta name=\"robots\" content=\"index, follow, max-snippet:-1, max-image-preview:large, max-video-preview:-1\" \/>\n<meta property=\"og:locale\" content=\"de_DE\" \/>\n<meta property=\"og:type\" content=\"article\" \/>\n<meta property=\"og:title\" content=\"Gartentage Schlosshotel Neufahrn - Leeb Balkone\" \/>\n<meta property=\"og:description\" content=\"Erleben Sie die zauberhaften Gartentage am Schlosshotel Neufahrn, ein wahres Highlight der Saison f\u00fcr Kinder, Familien und all jene, die sich von\" \/>\n<meta property=\"og:url\" content=\"https:\/\/www.leeb-balkone.com\/de\/messe\/gartentage-schlosshotel-neufahrn\/\" \/>\n<meta property=\"og:site_name\" content=\"Leeb Balkone\" \/>\n<meta property=\"article:publisher\" content=\"https:\/\/www.facebook.com\/balkone\/\" \/>\n<meta property=\"article:modified_time\" content=\"2025-10-03T05:47:25+00:00\" \/>\n<meta property=\"og:image\" content=\"https:\/\/www.leeb-balkone.com\/app\/uploads\/2024\/03\/Gartentage-Schlosshotel-Neufahrn.jpeg\" \/>\n\t<meta property=\"og:image:width\" content=\"194\" \/>\n\t<meta property=\"og:image:height\" content=\"386\" \/>\n\t<meta property=\"og:image:type\" content=\"image\/jpeg\" \/>\n<meta name=\"twitter:card\" content=\"summary_large_image\" \/>\n<script type=\"application\/ld+json\" class=\"yoast-schema-graph\">{\"@context\":\"https:\/\/schema.org\",\"@graph\":[{\"@type\":\"WebPage\",\"@id\":\"https:\/\/www.leeb-balkone.com\/de\/messe\/gartentage-schlosshotel-neufahrn\/\",\"url\":\"https:\/\/www.leeb-balkone.com\/de\/messe\/gartentage-schlosshotel-neufahrn\/\",\"name\":\"Gartentage Schlosshotel Neufahrn - Leeb Balkone\",\"isPartOf\":{\"@id\":\"https:\/\/www.leeb-balkone.com\/de\/#website\"},\"primaryImageOfPage\":{\"@id\":\"https:\/\/www.leeb-balkone.com\/de\/messe\/gartentage-schlosshotel-neufahrn\/#primaryimage\"},\"image\":{\"@id\":\"https:\/\/www.leeb-balkone.com\/de\/messe\/gartentage-schlosshotel-neufahrn\/#primaryimage\"},\"thumbnailUrl\":\"https:\/\/www.leeb-balkone.com\/app\/uploads\/2024\/03\/Gartentage-Schlosshotel-Neufahrn.jpeg\",\"datePublished\":\"2024-03-19T08:42:01+00:00\",\"dateModified\":\"2025-10-03T05:47:25+00:00\",\"description\":\"Erleben Sie die zauberhaften Gartentage am Schlosshotel Neufahrn, ein wahres Highlight der Saison f\u00fcr Kinder, Familien und all jene, die sich von\",\"breadcrumb\":{\"@id\":\"https:\/\/www.leeb-balkone.com\/de\/messe\/gartentage-schlosshotel-neufahrn\/#breadcrumb\"},\"inLanguage\":\"de\",\"potentialAction\":[{\"@type\":\"ReadAction\",\"target\":[\"https:\/\/www.leeb-balkone.com\/de\/messe\/gartentage-schlosshotel-neufahrn\/\"]}]},{\"@type\":\"ImageObject\",\"inLanguage\":\"de\",\"@id\":\"https:\/\/www.leeb-balkone.com\/de\/messe\/gartentage-schlosshotel-neufahrn\/#primaryimage\",\"url\":\"https:\/\/www.leeb-balkone.com\/app\/uploads\/2024\/03\/Gartentage-Schlosshotel-Neufahrn.jpeg\",\"contentUrl\":\"https:\/\/www.leeb-balkone.com\/app\/uploads\/2024\/03\/Gartentage-Schlosshotel-Neufahrn.jpeg\",\"width\":194,\"height\":386},{\"@type\":\"BreadcrumbList\",\"@id\":\"https:\/\/www.leeb-balkone.com\/de\/messe\/gartentage-schlosshotel-neufahrn\/#breadcrumb\",\"itemListElement\":[{\"@type\":\"ListItem\",\"position\":1,\"name\":\"Home\",\"item\":\"https:\/\/www.leeb-balkone.com\/de\/\"},{\"@type\":\"ListItem\",\"position\":2,\"name\":\"Veranstaltungen\",\"item\":\"https:\/\/www.leeb-balkone.com\/de\/messe\/\"},{\"@type\":\"ListItem\",\"position\":3,\"name\":\"Gartentage Schlosshotel Neufahrn\"}]},{\"@type\":\"WebSite\",\"@id\":\"https:\/\/www.leeb-balkone.com\/de\/#website\",\"url\":\"https:\/\/www.leeb-balkone.com\/de\/\",\"name\":\"Leeb Balkone\",\"description\":\"Balkone und Z\u00e4une\",\"publisher\":{\"@id\":\"https:\/\/www.leeb-balkone.com\/de\/#organization\"},\"potentialAction\":[{\"@type\":\"SearchAction\",\"target\":{\"@type\":\"EntryPoint\",\"urlTemplate\":\"https:\/\/www.leeb-balkone.com\/de\/?s={search_term_string}\"},\"query-input\":{\"@type\":\"PropertyValueSpecification\",\"valueRequired\":true,\"valueName\":\"search_term_string\"}}],\"inLanguage\":\"de\"},{\"@type\":\"Organization\",\"@id\":\"https:\/\/www.leeb-balkone.com\/de\/#organization\",\"name\":\"Leeb Balkone Gmbh\",\"url\":\"https:\/\/www.leeb-balkone.com\/de\/\",\"logo\":{\"@type\":\"ImageObject\",\"inLanguage\":\"de\",\"@id\":\"https:\/\/www.leeb-balkone.com\/de\/#\/schema\/logo\/image\/\",\"url\":\"https:\/\/www.leeb-balkone.com\/app\/uploads\/2020\/11\/leeb-logo.svg\",\"contentUrl\":\"https:\/\/www.leeb-balkone.com\/app\/uploads\/2020\/11\/leeb-logo.svg\",\"width\":741,\"height\":204,\"caption\":\"Leeb Balkone Gmbh\"},\"image\":{\"@id\":\"https:\/\/www.leeb-balkone.com\/de\/#\/schema\/logo\/image\/\"},\"sameAs\":[\"https:\/\/www.facebook.com\/balkone\/\",\"https:\/\/www.trustedshops.at\/bewertung\/info_X4587CCF5833E31AFE0B11F47D86999F2.html\",\"https:\/\/www.trustedshops.de\/bewertung\/info_X7BA536A7A0BDC86D36C4718E4DCAEEEF.html\",\"https:\/\/www.google.com\/maps\/place\/?q=place_id:ChIJ5-zH19-IcEcR9HonWRTllHI\"]}]}<\/script>\n<!-- \/ Yoast SEO plugin. -->","yoast_head_json":{"title":"Gartentage Schlosshotel Neufahrn - Leeb Balkone Deutschland","description":"Erleben Sie die zauberhaften Gartentage am Schlosshotel Neufahrn, ein wahres Highlight der Saison f\u00fcr Kinder, Familien und all jene, die sich von","robots":{"index":"index","follow":"follow","max-snippet":"max-snippet:-1","max-image-preview":"max-image-preview:large","max-video-preview":"max-video-preview:-1"},"og_locale":"de_DE","og_type":"article","og_title":"Gartentage Schlosshotel Neufahrn - Leeb Balkone","og_description":"Erleben Sie die zauberhaften Gartentage am Schlosshotel Neufahrn, ein wahres Highlight der Saison f\u00fcr Kinder, Familien und all jene, die sich von","og_url":"https:\/\/www.leeb-balkone.com\/de\/messe\/gartentage-schlosshotel-neufahrn\/","og_site_name":"Leeb Balkone","article_publisher":"https:\/\/www.facebook.com\/balkone\/","article_modified_time":"2025-10-03T05:47:25+00:00","og_image":[{"width":194,"height":386,"url":"https:\/\/www.leeb-balkone.com\/app\/uploads\/2024\/03\/Gartentage-Schlosshotel-Neufahrn.jpeg","type":"image\/jpeg"}],"twitter_card":"summary_large_image","schema":{"@context":"https:\/\/schema.org","@graph":[{"@type":"WebPage","@id":"https:\/\/www.leeb-balkone.com\/de\/messe\/gartentage-schlosshotel-neufahrn\/","url":"https:\/\/www.leeb-balkone.com\/de\/messe\/gartentage-schlosshotel-neufahrn\/","name":"Gartentage Schlosshotel Neufahrn - Leeb Balkone","isPartOf":{"@id":"https:\/\/www.leeb-balkone.com\/de\/#website"},"primaryImageOfPage":{"@id":"https:\/\/www.leeb-balkone.com\/de\/messe\/gartentage-schlosshotel-neufahrn\/#primaryimage"},"image":{"@id":"https:\/\/www.leeb-balkone.com\/de\/messe\/gartentage-schlosshotel-neufahrn\/#primaryimage"},"thumbnailUrl":"https:\/\/www.leeb-balkone.com\/app\/uploads\/2024\/03\/Gartentage-Schlosshotel-Neufahrn.jpeg","datePublished":"2024-03-19T08:42:01+00:00","dateModified":"2025-10-03T05:47:25+00:00","description":"Erleben Sie die zauberhaften Gartentage am Schlosshotel Neufahrn, ein wahres Highlight der Saison f\u00fcr Kinder, Familien und all jene, die sich von","breadcrumb":{"@id":"https:\/\/www.leeb-balkone.com\/de\/messe\/gartentage-schlosshotel-neufahrn\/#breadcrumb"},"inLanguage":"de","potentialAction":[{"@type":"ReadAction","target":["https:\/\/www.leeb-balkone.com\/de\/messe\/gartentage-schlosshotel-neufahrn\/"]}]},{"@type":"ImageObject","inLanguage":"de","@id":"https:\/\/www.leeb-balkone.com\/de\/messe\/gartentage-schlosshotel-neufahrn\/#primaryimage","url":"https:\/\/www.leeb-balkone.com\/app\/uploads\/2024\/03\/Gartentage-Schlosshotel-Neufahrn.jpeg","contentUrl":"https:\/\/www.leeb-balkone.com\/app\/uploads\/2024\/03\/Gartentage-Schlosshotel-Neufahrn.jpeg","width":194,"height":386},{"@type":"BreadcrumbList","@id":"https:\/\/www.leeb-balkone.com\/de\/messe\/gartentage-schlosshotel-neufahrn\/#breadcrumb","itemListElement":[{"@type":"ListItem","position":1,"name":"Home","item":"https:\/\/www.leeb-balkone.com\/de\/"},{"@type":"ListItem","position":2,"name":"Veranstaltungen","item":"https:\/\/www.leeb-balkone.com\/de\/messe\/"},{"@type":"ListItem","position":3,"name":"Gartentage Schlosshotel Neufahrn"}]},{"@type":"WebSite","@id":"https:\/\/www.leeb-balkone.com\/de\/#website","url":"https:\/\/www.leeb-balkone.com\/de\/","name":"Leeb Balkone","description":"Balkone und Z\u00e4une","publisher":{"@id":"https:\/\/www.leeb-balkone.com\/de\/#organization"},"potentialAction":[{"@type":"SearchAction","target":{"@type":"EntryPoint","urlTemplate":"https:\/\/www.leeb-balkone.com\/de\/?s={search_term_string}"},"query-input":{"@type":"PropertyValueSpecification","valueRequired":true,"valueName":"search_term_string"}}],"inLanguage":"de"},{"@type":"Organization","@id":"https:\/\/www.leeb-balkone.com\/de\/#organization","name":"Leeb Balkone Gmbh","url":"https:\/\/www.leeb-balkone.com\/de\/","logo":{"@type":"ImageObject","inLanguage":"de","@id":"https:\/\/www.leeb-balkone.com\/de\/#\/schema\/logo\/image\/","url":"https:\/\/www.leeb-balkone.com\/app\/uploads\/2020\/11\/leeb-logo.svg","contentUrl":"https:\/\/www.leeb-balkone.com\/app\/uploads\/2020\/11\/leeb-logo.svg","width":741,"height":204,"caption":"Leeb Balkone Gmbh"},"image":{"@id":"https:\/\/www.leeb-balkone.com\/de\/#\/schema\/logo\/image\/"},"sameAs":["https:\/\/www.facebook.com\/balkone\/","https:\/\/www.trustedshops.at\/bewertung\/info_X4587CCF5833E31AFE0B11F47D86999F2.html","https:\/\/www.trustedshops.de\/bewertung\/info_X7BA536A7A0BDC86D36C4718E4DCAEEEF.html","https:\/\/www.google.com\/maps\/place\/?q=place_id:ChIJ5-zH19-IcEcR9HonWRTllHI"]}]}},"_links":{"self":[{"href":"https:\/\/www.leeb-balkone.com\/de\/wp-json\/wp\/v2\/tribe_events\/136733","targetHints":{"allow":["GET"]}}],"collection":[{"href":"https:\/\/www.leeb-balkone.com\/de\/wp-json\/wp\/v2\/tribe_events"}],"about":[{"href":"https:\/\/www.leeb-balkone.com\/de\/wp-json\/wp\/v2\/types\/tribe_events"}],"author":[{"embeddable":true,"href":"https:\/\/www.leeb-balkone.com\/de\/wp-json\/wp\/v2\/users\/12"}],"version-history":[{"count":1,"href":"https:\/\/www.leeb-balkone.com\/de\/wp-json\/wp\/v2\/tribe_events\/136733\/revisions"}],"predecessor-version":[{"id":145008,"href":"https:\/\/www.leeb-balkone.com\/de\/wp-json\/wp\/v2\/tribe_events\/136733\/revisions\/145008"}],"wp:featuredmedia":[{"embeddable":true,"href":"https:\/\/www.leeb-balkone.com\/de\/wp-json\/wp\/v2\/media\/136773"}],"wp:attachment":[{"href":"https:\/\/www.leeb-balkone.com\/de\/wp-json\/wp\/v2\/media?parent=136733"}],"wp:term":[{"taxonomy":"post_tag","embeddable":true,"href":"https:\/\/www.leeb-balkone.com\/de\/wp-json\/wp\/v2\/tags?post=136733"},{"taxonomy":"tribe_events_cat","embeddable":true,"href":"https:\/\/www.leeb-balkone.com\/de\/wp-json\/wp\/v2\/tribe_events_cat?post=136733"}],"curies":[{"name":"wp","href":"https:\/\/api.w.org\/{rel}","templated":true}]}}

<p>Erleben Sie die zauberhaften Gartentage am Schlosshotel Neufahrn, ein wahres Highlight der Saison für Kinder, Familien und all jene, die sich von Live-Musik umgeben lassen möchten, während sie die Pracht des Schlosses genießen. Tauchen Sie ein in eine Welt der kulinarischen Genüsse und lassen Sie sich von einem vielfältigen Angebot inspirieren, das sich um Themen wie Garten, Haus, Kulinarik und Mode dreht. Unsere zahlreichen Aussteller präsentieren stolz ihre Produkte und stehen Ihnen gerne für persönliche Beratungsgespräche zur Verfügung. Erleben Sie unvergessliche Momente und lassen Sie sich von der Magie dieser Veranstaltung verzaubern!</p>

<!-- This site is optimized with the Yoast SEO plugin v27.2 - https://yoast.com/product/yoast-seo-wordpress/ -->
<title>Gartentage Schlosshotel Neufahrn - Leeb Balkone Deutschland</title>
<meta name="description" content="Erleben Sie die zauberhaften Gartentage am Schlosshotel Neufahrn, ein wahres Highlight der Saison für Kinder, Familien und all jene, die sich von" />
<meta name="robots" content="index, follow, max-snippet:-1, max-image-preview:large, max-video-preview:-1" />
<meta property="og:locale" content="de_DE" />
<meta property="og:type" content="article" />
<meta property="og:title" content="Gartentage Schlosshotel Neufahrn - Leeb Balkone" />
<meta property="og:description" content="Erleben Sie die zauberhaften Gartentage am Schlosshotel Neufahrn, ein wahres Highlight der Saison für Kinder, Familien und all jene, die sich von" />
<meta property="og:url" content="https://www.leeb-balkone.com/de/messe/gartentage-schlosshotel-neufahrn/" />
<meta property="og:site_name" content="Leeb Balkone" />
<meta property="article:publisher" content="https://www.facebook.com/balkone/" />
<meta property="article:modified_time" content="2025-10-03T05:47:25+00:00" />
<meta property="og:image" content="https://www.leeb-balkone.com/app/uploads/2024/03/Gartentage-Schlosshotel-Neufahrn.jpeg" />
	<meta property="og:image:width" content="194" />
	<meta property="og:image:height" content="386" />
	<meta property="og:image:type" content="image/jpeg" />
<meta name="twitter:card" content="summary_large_image" />
<script type="application/ld+json" class="yoast-schema-graph">{"@context":"https://schema.org","@graph":[{"@type":"WebPage","@id":"https://www.leeb-balkone.com/de/messe/gartentage-schlosshotel-neufahrn/","url":"https://www.leeb-balkone.com/de/messe/gartentage-schlosshotel-neufahrn/","name":"Gartentage Schlosshotel Neufahrn - Leeb Balkone","isPartOf":{"@id":"https://www.leeb-balkone.com/de/#website"},"primaryImageOfPage":{"@id":"https://www.leeb-balkone.com/de/messe/gartentage-schlosshotel-neufahrn/#primaryimage"},"image":{"@id":"https://www.leeb-balkone.com/de/messe/gartentage-schlosshotel-neufahrn/#primaryimage"},"thumbnailUrl":"https://www.leeb-balkone.com/app/uploads/2024/03/Gartentage-Schlosshotel-Neufahrn.jpeg","datePublished":"2024-03-19T08:42:01+00:00","dateModified":"2025-10-03T05:47:25+00:00","description":"Erleben Sie die zauberhaften Gartentage am Schlosshotel Neufahrn, ein wahres Highlight der Saison für Kinder, Familien und all jene, die sich von","breadcrumb":{"@id":"https://www.leeb-balkone.com/de/messe/gartentage-schlosshotel-neufahrn/#breadcrumb"},"inLanguage":"de","potentialAction":[{"@type":"ReadAction","target":["https://www.leeb-balkone.com/de/messe/gartentage-schlosshotel-neufahrn/"]}]},{"@type":"ImageObject","inLanguage":"de","@id":"https://www.leeb-balkone.com/de/messe/gartentage-schlosshotel-neufahrn/#primaryimage","url":"https://www.leeb-balkone.com/app/uploads/2024/03/Gartentage-Schlosshotel-Neufahrn.jpeg","contentUrl":"https://www.leeb-balkone.com/app/uploads/2024/03/Gartentage-Schlosshotel-Neufahrn.jpeg","width":194,"height":386},{"@type":"BreadcrumbList","@id":"https://www.leeb-balkone.com/de/messe/gartentage-schlosshotel-neufahrn/#breadcrumb","itemListElement":[{"@type":"ListItem","position":1,"name":"Home","item":"https://www.leeb-balkone.com/de/"},{"@type":"ListItem","position":2,"name":"Veranstaltungen","item":"https://www.leeb-balkone.com/de/messe/"},{"@type":"ListItem","position":3,"name":"Gartentage Schlosshotel Neufahrn"}]},{"@type":"WebSite","@id":"https://www.leeb-balkone.com/de/#website","url":"https://www.leeb-balkone.com/de/","name":"Leeb Balkone","description":"Balkone und Zäune","publisher":{"@id":"https://www.leeb-balkone.com/de/#organization"},"potentialAction":[{"@type":"SearchAction","target":{"@type":"EntryPoint","urlTemplate":"https://www.leeb-balkone.com/de/?s={search_term_string}"},"query-input":{"@type":"PropertyValueSpecification","valueRequired":true,"valueName":"search_term_string"}}],"inLanguage":"de"},{"@type":"Organization","@id":"https://www.leeb-balkone.com/de/#organization","name":"Leeb Balkone Gmbh","url":"https://www.leeb-balkone.com/de/","logo":{"@type":"ImageObject","inLanguage":"de","@id":"https://www.leeb-balkone.com/de/#/schema/logo/image/","url":"https://www.leeb-balkone.com/app/uploads/2020/11/leeb-logo.svg","contentUrl":"https://www.leeb-balkone.com/app/uploads/2020/11/leeb-logo.svg","width":741,"height":204,"caption":"Leeb Balkone Gmbh"},"image":{"@id":"https://www.leeb-balkone.com/de/#/schema/logo/image/"},"sameAs":["https://www.facebook.com/balkone/","https://www.trustedshops.at/bewertung/info_X4587CCF5833E31AFE0B11F47D86999F2.html","https://www.trustedshops.de/bewertung/info_X7BA536A7A0BDC86D36C4718E4DCAEEEF.html","https://www.google.com/maps/place/?q=place_id:ChIJ5-zH19-IcEcR9HonWRTllHI"]}]}</script>
<!-- / Yoast SEO plugin. -->

Erleben Sie die zauberhaften Gartentage am Schlosshotel Neufahrn, ein wahres Highlight der Saison für Kinder, Familien und all jene, die sich von

Balkone und Zäune
