{"id":134952,"date":"2024-01-24T10:55:24","date_gmt":"2024-01-24T10:55:24","guid":{"rendered":"https:\/\/www.leeb-balkone.com\/de\/?post_type=tribe_events&#038;p=134952"},"modified":"2024-01-24T11:18:02","modified_gmt":"2024-01-24T11:18:02","slug":"mir-marktoberdorf","status":"publish","type":"tribe_events","link":"https:\/\/www.leeb-balkone.com\/de\/messe\/mir-marktoberdorf\/","title":{"rendered":"MIR Marktoberdorf"},"content":{"rendered":"<p>Auf der MIR Messe in Marktoberdorf zeigen \u00fcber 100 Teilnehmer ihre breite Palette an Produkten und Dienstleistungen, die aktuelle Trends abdecken. Besucher k\u00f6nnen sich \u00fcber eine Vielzahl von Themen informieren, darunter Autos und Nutzfahrzeuge, alles rund ums Bauen und Wohnen, K\u00fcchen- und Haushaltswaren, Gesundheits- und Wellnessprodukte, Sportartikel, Lebensmittel und Getr\u00e4nke sowie Freizeitaktivit\u00e4ten.<\/p>\n","protected":false},"excerpt":{"rendered":"","protected":false},"author":12,"featured_media":134953,"template":"","meta":{"_acf_changed":false,"_tribe_events_status":"","_tribe_events_status_reason":"","_tribe_events_is_hybrid":"","_tribe_events_is_virtual":"","_tribe_events_virtual_video_source":"","_tribe_events_virtual_embed_video":"","_tribe_events_virtual_linked_button_text":"","_tribe_events_virtual_linked_button":"","_tribe_events_virtual_show_embed_at":"","_tribe_events_virtual_show_embed_to":[],"_tribe_events_virtual_show_on_event":"","_tribe_events_virtual_show_on_views":"","_tribe_events_virtual_url":"","footnotes":""},"tags":[],"tribe_events_cat":[],"class_list":["post-134952","tribe_events","type-tribe_events","status-publish","has-post-thumbnail","hentry"],"acf":[],"yoast_head":"<!-- This site is optimized with the Yoast SEO plugin v27.2 - https:\/\/yoast.com\/product\/yoast-seo-wordpress\/ -->\n<title>MIR Marktoberdorf - Leeb Balkone Deutschland<\/title>\n<meta name=\"description\" content=\"Auf der MIR Messe in Marktoberdorf zeigen \u00fcber 100 Teilnehmer ihre breite Palette an Produkten und Dienstleistungen, die aktuelle Trends abdecken.\" \/>\n<meta name=\"robots\" content=\"index, follow, max-snippet:-1, max-image-preview:large, max-video-preview:-1\" \/>\n<meta property=\"og:locale\" content=\"de_DE\" \/>\n<meta property=\"og:type\" content=\"article\" \/>\n<meta property=\"og:title\" content=\"MIR Marktoberdorf - Leeb Balkone\" \/>\n<meta property=\"og:description\" content=\"Auf der MIR Messe in Marktoberdorf zeigen \u00fcber 100 Teilnehmer ihre breite Palette an Produkten und Dienstleistungen, die aktuelle Trends abdecken.\" \/>\n<meta property=\"og:url\" content=\"https:\/\/www.leeb-balkone.com\/de\/messe\/mir-marktoberdorf\/\" \/>\n<meta property=\"og:site_name\" content=\"Leeb Balkone\" \/>\n<meta property=\"article:publisher\" content=\"https:\/\/www.facebook.com\/balkone\/\" \/>\n<meta property=\"article:modified_time\" content=\"2024-01-24T11:18:02+00:00\" \/>\n<meta property=\"og:image\" content=\"https:\/\/www.leeb-balkone.com\/app\/uploads\/2024\/01\/mir-marktoberdorf.gif\" \/>\n\t<meta property=\"og:image:width\" content=\"238\" \/>\n\t<meta property=\"og:image:height\" content=\"118\" \/>\n\t<meta property=\"og:image:type\" content=\"image\/gif\" \/>\n<meta name=\"twitter:card\" content=\"summary_large_image\" \/>\n<script type=\"application\/ld+json\" class=\"yoast-schema-graph\">{\"@context\":\"https:\/\/schema.org\",\"@graph\":[{\"@type\":\"WebPage\",\"@id\":\"https:\/\/www.leeb-balkone.com\/de\/messe\/mir-marktoberdorf\/\",\"url\":\"https:\/\/www.leeb-balkone.com\/de\/messe\/mir-marktoberdorf\/\",\"name\":\"MIR Marktoberdorf - Leeb Balkone\",\"isPartOf\":{\"@id\":\"https:\/\/www.leeb-balkone.com\/de\/#website\"},\"primaryImageOfPage\":{\"@id\":\"https:\/\/www.leeb-balkone.com\/de\/messe\/mir-marktoberdorf\/#primaryimage\"},\"image\":{\"@id\":\"https:\/\/www.leeb-balkone.com\/de\/messe\/mir-marktoberdorf\/#primaryimage\"},\"thumbnailUrl\":\"https:\/\/www.leeb-balkone.com\/app\/uploads\/2024\/01\/mir-marktoberdorf.gif\",\"datePublished\":\"2024-01-24T10:55:24+00:00\",\"dateModified\":\"2024-01-24T11:18:02+00:00\",\"description\":\"Auf der MIR Messe in Marktoberdorf zeigen \u00fcber 100 Teilnehmer ihre breite Palette an Produkten und Dienstleistungen, die aktuelle Trends abdecken.\",\"breadcrumb\":{\"@id\":\"https:\/\/www.leeb-balkone.com\/de\/messe\/mir-marktoberdorf\/#breadcrumb\"},\"inLanguage\":\"de\",\"potentialAction\":[{\"@type\":\"ReadAction\",\"target\":[\"https:\/\/www.leeb-balkone.com\/de\/messe\/mir-marktoberdorf\/\"]}]},{\"@type\":\"ImageObject\",\"inLanguage\":\"de\",\"@id\":\"https:\/\/www.leeb-balkone.com\/de\/messe\/mir-marktoberdorf\/#primaryimage\",\"url\":\"https:\/\/www.leeb-balkone.com\/app\/uploads\/2024\/01\/mir-marktoberdorf.gif\",\"contentUrl\":\"https:\/\/www.leeb-balkone.com\/app\/uploads\/2024\/01\/mir-marktoberdorf.gif\",\"width\":238,\"height\":118},{\"@type\":\"BreadcrumbList\",\"@id\":\"https:\/\/www.leeb-balkone.com\/de\/messe\/mir-marktoberdorf\/#breadcrumb\",\"itemListElement\":[{\"@type\":\"ListItem\",\"position\":1,\"name\":\"Home\",\"item\":\"https:\/\/www.leeb-balkone.com\/de\/\"},{\"@type\":\"ListItem\",\"position\":2,\"name\":\"Veranstaltungen\",\"item\":\"https:\/\/www.leeb-balkone.com\/de\/messe\/\"},{\"@type\":\"ListItem\",\"position\":3,\"name\":\"MIR Marktoberdorf\"}]},{\"@type\":\"WebSite\",\"@id\":\"https:\/\/www.leeb-balkone.com\/de\/#website\",\"url\":\"https:\/\/www.leeb-balkone.com\/de\/\",\"name\":\"Leeb Balkone\",\"description\":\"Balkone und Z\u00e4une\",\"publisher\":{\"@id\":\"https:\/\/www.leeb-balkone.com\/de\/#organization\"},\"potentialAction\":[{\"@type\":\"SearchAction\",\"target\":{\"@type\":\"EntryPoint\",\"urlTemplate\":\"https:\/\/www.leeb-balkone.com\/de\/?s={search_term_string}\"},\"query-input\":{\"@type\":\"PropertyValueSpecification\",\"valueRequired\":true,\"valueName\":\"search_term_string\"}}],\"inLanguage\":\"de\"},{\"@type\":\"Organization\",\"@id\":\"https:\/\/www.leeb-balkone.com\/de\/#organization\",\"name\":\"Leeb Balkone Gmbh\",\"url\":\"https:\/\/www.leeb-balkone.com\/de\/\",\"logo\":{\"@type\":\"ImageObject\",\"inLanguage\":\"de\",\"@id\":\"https:\/\/www.leeb-balkone.com\/de\/#\/schema\/logo\/image\/\",\"url\":\"https:\/\/www.leeb-balkone.com\/app\/uploads\/2020\/11\/leeb-logo.svg\",\"contentUrl\":\"https:\/\/www.leeb-balkone.com\/app\/uploads\/2020\/11\/leeb-logo.svg\",\"width\":741,\"height\":204,\"caption\":\"Leeb Balkone Gmbh\"},\"image\":{\"@id\":\"https:\/\/www.leeb-balkone.com\/de\/#\/schema\/logo\/image\/\"},\"sameAs\":[\"https:\/\/www.facebook.com\/balkone\/\",\"https:\/\/www.trustedshops.at\/bewertung\/info_X4587CCF5833E31AFE0B11F47D86999F2.html\",\"https:\/\/www.trustedshops.de\/bewertung\/info_X7BA536A7A0BDC86D36C4718E4DCAEEEF.html\",\"https:\/\/www.google.com\/maps\/place\/?q=place_id:ChIJ5-zH19-IcEcR9HonWRTllHI\"]}]}<\/script>\n<!-- \/ Yoast SEO plugin. -->","yoast_head_json":{"title":"MIR Marktoberdorf - Leeb Balkone Deutschland","description":"Auf der MIR Messe in Marktoberdorf zeigen \u00fcber 100 Teilnehmer ihre breite Palette an Produkten und Dienstleistungen, die aktuelle Trends abdecken.","robots":{"index":"index","follow":"follow","max-snippet":"max-snippet:-1","max-image-preview":"max-image-preview:large","max-video-preview":"max-video-preview:-1"},"og_locale":"de_DE","og_type":"article","og_title":"MIR Marktoberdorf - Leeb Balkone","og_description":"Auf der MIR Messe in Marktoberdorf zeigen \u00fcber 100 Teilnehmer ihre breite Palette an Produkten und Dienstleistungen, die aktuelle Trends abdecken.","og_url":"https:\/\/www.leeb-balkone.com\/de\/messe\/mir-marktoberdorf\/","og_site_name":"Leeb Balkone","article_publisher":"https:\/\/www.facebook.com\/balkone\/","article_modified_time":"2024-01-24T11:18:02+00:00","og_image":[{"width":238,"height":118,"url":"https:\/\/www.leeb-balkone.com\/app\/uploads\/2024\/01\/mir-marktoberdorf.gif","type":"image\/gif"}],"twitter_card":"summary_large_image","schema":{"@context":"https:\/\/schema.org","@graph":[{"@type":"WebPage","@id":"https:\/\/www.leeb-balkone.com\/de\/messe\/mir-marktoberdorf\/","url":"https:\/\/www.leeb-balkone.com\/de\/messe\/mir-marktoberdorf\/","name":"MIR Marktoberdorf - Leeb Balkone","isPartOf":{"@id":"https:\/\/www.leeb-balkone.com\/de\/#website"},"primaryImageOfPage":{"@id":"https:\/\/www.leeb-balkone.com\/de\/messe\/mir-marktoberdorf\/#primaryimage"},"image":{"@id":"https:\/\/www.leeb-balkone.com\/de\/messe\/mir-marktoberdorf\/#primaryimage"},"thumbnailUrl":"https:\/\/www.leeb-balkone.com\/app\/uploads\/2024\/01\/mir-marktoberdorf.gif","datePublished":"2024-01-24T10:55:24+00:00","dateModified":"2024-01-24T11:18:02+00:00","description":"Auf der MIR Messe in Marktoberdorf zeigen \u00fcber 100 Teilnehmer ihre breite Palette an Produkten und Dienstleistungen, die aktuelle Trends abdecken.","breadcrumb":{"@id":"https:\/\/www.leeb-balkone.com\/de\/messe\/mir-marktoberdorf\/#breadcrumb"},"inLanguage":"de","potentialAction":[{"@type":"ReadAction","target":["https:\/\/www.leeb-balkone.com\/de\/messe\/mir-marktoberdorf\/"]}]},{"@type":"ImageObject","inLanguage":"de","@id":"https:\/\/www.leeb-balkone.com\/de\/messe\/mir-marktoberdorf\/#primaryimage","url":"https:\/\/www.leeb-balkone.com\/app\/uploads\/2024\/01\/mir-marktoberdorf.gif","contentUrl":"https:\/\/www.leeb-balkone.com\/app\/uploads\/2024\/01\/mir-marktoberdorf.gif","width":238,"height":118},{"@type":"BreadcrumbList","@id":"https:\/\/www.leeb-balkone.com\/de\/messe\/mir-marktoberdorf\/#breadcrumb","itemListElement":[{"@type":"ListItem","position":1,"name":"Home","item":"https:\/\/www.leeb-balkone.com\/de\/"},{"@type":"ListItem","position":2,"name":"Veranstaltungen","item":"https:\/\/www.leeb-balkone.com\/de\/messe\/"},{"@type":"ListItem","position":3,"name":"MIR Marktoberdorf"}]},{"@type":"WebSite","@id":"https:\/\/www.leeb-balkone.com\/de\/#website","url":"https:\/\/www.leeb-balkone.com\/de\/","name":"Leeb Balkone","description":"Balkone und Z\u00e4une","publisher":{"@id":"https:\/\/www.leeb-balkone.com\/de\/#organization"},"potentialAction":[{"@type":"SearchAction","target":{"@type":"EntryPoint","urlTemplate":"https:\/\/www.leeb-balkone.com\/de\/?s={search_term_string}"},"query-input":{"@type":"PropertyValueSpecification","valueRequired":true,"valueName":"search_term_string"}}],"inLanguage":"de"},{"@type":"Organization","@id":"https:\/\/www.leeb-balkone.com\/de\/#organization","name":"Leeb Balkone Gmbh","url":"https:\/\/www.leeb-balkone.com\/de\/","logo":{"@type":"ImageObject","inLanguage":"de","@id":"https:\/\/www.leeb-balkone.com\/de\/#\/schema\/logo\/image\/","url":"https:\/\/www.leeb-balkone.com\/app\/uploads\/2020\/11\/leeb-logo.svg","contentUrl":"https:\/\/www.leeb-balkone.com\/app\/uploads\/2020\/11\/leeb-logo.svg","width":741,"height":204,"caption":"Leeb Balkone Gmbh"},"image":{"@id":"https:\/\/www.leeb-balkone.com\/de\/#\/schema\/logo\/image\/"},"sameAs":["https:\/\/www.facebook.com\/balkone\/","https:\/\/www.trustedshops.at\/bewertung\/info_X4587CCF5833E31AFE0B11F47D86999F2.html","https:\/\/www.trustedshops.de\/bewertung\/info_X7BA536A7A0BDC86D36C4718E4DCAEEEF.html","https:\/\/www.google.com\/maps\/place\/?q=place_id:ChIJ5-zH19-IcEcR9HonWRTllHI"]}]}},"_links":{"self":[{"href":"https:\/\/www.leeb-balkone.com\/de\/wp-json\/wp\/v2\/tribe_events\/134952","targetHints":{"allow":["GET"]}}],"collection":[{"href":"https:\/\/www.leeb-balkone.com\/de\/wp-json\/wp\/v2\/tribe_events"}],"about":[{"href":"https:\/\/www.leeb-balkone.com\/de\/wp-json\/wp\/v2\/types\/tribe_events"}],"author":[{"embeddable":true,"href":"https:\/\/www.leeb-balkone.com\/de\/wp-json\/wp\/v2\/users\/12"}],"version-history":[{"count":0,"href":"https:\/\/www.leeb-balkone.com\/de\/wp-json\/wp\/v2\/tribe_events\/134952\/revisions"}],"wp:featuredmedia":[{"embeddable":true,"href":"https:\/\/www.leeb-balkone.com\/de\/wp-json\/wp\/v2\/media\/134953"}],"wp:attachment":[{"href":"https:\/\/www.leeb-balkone.com\/de\/wp-json\/wp\/v2\/media?parent=134952"}],"wp:term":[{"taxonomy":"post_tag","embeddable":true,"href":"https:\/\/www.leeb-balkone.com\/de\/wp-json\/wp\/v2\/tags?post=134952"},{"taxonomy":"tribe_events_cat","embeddable":true,"href":"https:\/\/www.leeb-balkone.com\/de\/wp-json\/wp\/v2\/tribe_events_cat?post=134952"}],"curies":[{"name":"wp","href":"https:\/\/api.w.org\/{rel}","templated":true}]}}

<p>Auf der MIR Messe in Marktoberdorf zeigen über 100 Teilnehmer ihre breite Palette an Produkten und Dienstleistungen, die aktuelle Trends abdecken. Besucher können sich über eine Vielzahl von Themen informieren, darunter Autos und Nutzfahrzeuge, alles rund ums Bauen und Wohnen, Küchen- und Haushaltswaren, Gesundheits- und Wellnessprodukte, Sportartikel, Lebensmittel und Getränke sowie Freizeitaktivitäten.</p>

<!-- This site is optimized with the Yoast SEO plugin v27.2 - https://yoast.com/product/yoast-seo-wordpress/ -->
<title>MIR Marktoberdorf - Leeb Balkone Deutschland</title>
<meta name="description" content="Auf der MIR Messe in Marktoberdorf zeigen über 100 Teilnehmer ihre breite Palette an Produkten und Dienstleistungen, die aktuelle Trends abdecken." />
<meta name="robots" content="index, follow, max-snippet:-1, max-image-preview:large, max-video-preview:-1" />
<meta property="og:locale" content="de_DE" />
<meta property="og:type" content="article" />
<meta property="og:title" content="MIR Marktoberdorf - Leeb Balkone" />
<meta property="og:description" content="Auf der MIR Messe in Marktoberdorf zeigen über 100 Teilnehmer ihre breite Palette an Produkten und Dienstleistungen, die aktuelle Trends abdecken." />
<meta property="og:url" content="https://www.leeb-balkone.com/de/messe/mir-marktoberdorf/" />
<meta property="og:site_name" content="Leeb Balkone" />
<meta property="article:publisher" content="https://www.facebook.com/balkone/" />
<meta property="article:modified_time" content="2024-01-24T11:18:02+00:00" />
<meta property="og:image" content="https://www.leeb-balkone.com/app/uploads/2024/01/mir-marktoberdorf.gif" />
	<meta property="og:image:width" content="238" />
	<meta property="og:image:height" content="118" />
	<meta property="og:image:type" content="image/gif" />
<meta name="twitter:card" content="summary_large_image" />
<script type="application/ld+json" class="yoast-schema-graph">{"@context":"https://schema.org","@graph":[{"@type":"WebPage","@id":"https://www.leeb-balkone.com/de/messe/mir-marktoberdorf/","url":"https://www.leeb-balkone.com/de/messe/mir-marktoberdorf/","name":"MIR Marktoberdorf - Leeb Balkone","isPartOf":{"@id":"https://www.leeb-balkone.com/de/#website"},"primaryImageOfPage":{"@id":"https://www.leeb-balkone.com/de/messe/mir-marktoberdorf/#primaryimage"},"image":{"@id":"https://www.leeb-balkone.com/de/messe/mir-marktoberdorf/#primaryimage"},"thumbnailUrl":"https://www.leeb-balkone.com/app/uploads/2024/01/mir-marktoberdorf.gif","datePublished":"2024-01-24T10:55:24+00:00","dateModified":"2024-01-24T11:18:02+00:00","description":"Auf der MIR Messe in Marktoberdorf zeigen über 100 Teilnehmer ihre breite Palette an Produkten und Dienstleistungen, die aktuelle Trends abdecken.","breadcrumb":{"@id":"https://www.leeb-balkone.com/de/messe/mir-marktoberdorf/#breadcrumb"},"inLanguage":"de","potentialAction":[{"@type":"ReadAction","target":["https://www.leeb-balkone.com/de/messe/mir-marktoberdorf/"]}]},{"@type":"ImageObject","inLanguage":"de","@id":"https://www.leeb-balkone.com/de/messe/mir-marktoberdorf/#primaryimage","url":"https://www.leeb-balkone.com/app/uploads/2024/01/mir-marktoberdorf.gif","contentUrl":"https://www.leeb-balkone.com/app/uploads/2024/01/mir-marktoberdorf.gif","width":238,"height":118},{"@type":"BreadcrumbList","@id":"https://www.leeb-balkone.com/de/messe/mir-marktoberdorf/#breadcrumb","itemListElement":[{"@type":"ListItem","position":1,"name":"Home","item":"https://www.leeb-balkone.com/de/"},{"@type":"ListItem","position":2,"name":"Veranstaltungen","item":"https://www.leeb-balkone.com/de/messe/"},{"@type":"ListItem","position":3,"name":"MIR Marktoberdorf"}]},{"@type":"WebSite","@id":"https://www.leeb-balkone.com/de/#website","url":"https://www.leeb-balkone.com/de/","name":"Leeb Balkone","description":"Balkone und Zäune","publisher":{"@id":"https://www.leeb-balkone.com/de/#organization"},"potentialAction":[{"@type":"SearchAction","target":{"@type":"EntryPoint","urlTemplate":"https://www.leeb-balkone.com/de/?s={search_term_string}"},"query-input":{"@type":"PropertyValueSpecification","valueRequired":true,"valueName":"search_term_string"}}],"inLanguage":"de"},{"@type":"Organization","@id":"https://www.leeb-balkone.com/de/#organization","name":"Leeb Balkone Gmbh","url":"https://www.leeb-balkone.com/de/","logo":{"@type":"ImageObject","inLanguage":"de","@id":"https://www.leeb-balkone.com/de/#/schema/logo/image/","url":"https://www.leeb-balkone.com/app/uploads/2020/11/leeb-logo.svg","contentUrl":"https://www.leeb-balkone.com/app/uploads/2020/11/leeb-logo.svg","width":741,"height":204,"caption":"Leeb Balkone Gmbh"},"image":{"@id":"https://www.leeb-balkone.com/de/#/schema/logo/image/"},"sameAs":["https://www.facebook.com/balkone/","https://www.trustedshops.at/bewertung/info_X4587CCF5833E31AFE0B11F47D86999F2.html","https://www.trustedshops.de/bewertung/info_X7BA536A7A0BDC86D36C4718E4DCAEEEF.html","https://www.google.com/maps/place/?q=place_id:ChIJ5-zH19-IcEcR9HonWRTllHI"]}]}</script>
<!-- / Yoast SEO plugin. -->

Auf der MIR Messe in Marktoberdorf zeigen über 100 Teilnehmer ihre breite Palette an Produkten und Dienstleistungen, die aktuelle Trends abdecken.

Balkone und Zäune
