{"id":134329,"date":"2023-11-28T13:27:35","date_gmt":"2023-11-28T13:27:35","guid":{"rendered":"https:\/\/www.leeb-balkone.com\/de\/?post_type=tribe_events&#038;p=134329"},"modified":"2025-07-17T05:43:32","modified_gmt":"2025-07-17T05:43:32","slug":"landshuter-umweltmesse","status":"publish","type":"tribe_events","link":"https:\/\/www.leeb-balkone.com\/de\/messe\/landshuter-umweltmesse\/","title":{"rendered":"Landshuter Umweltmesse"},"content":{"rendered":"<p>Die Umweltmesse in Landshut konzentriert sich auf umweltfreundliche, klimabewusste und gesundheitsf\u00f6rdernde Produkte sowie Dienstleistungen in den Bereichen Bau &amp; Wohnen, Natur &amp; Technik, sowie Energie &amp; Mobilit\u00e4t, und Gesundheit &amp; Ern\u00e4hrung. Eine Vielzahl von Ausstellern zeigt auf der Messe ihre neuesten Produkte, Dienstleistungen und Innovationen. Die Themen Energieeffizienz, Klimaschutz, alternative Technologien und gesunde Ern\u00e4hrung stehen im Mittelpunkt. Erg\u00e4nzt wird die Messe durch verschiedene Fachvortr\u00e4ge und Workshops zu aktuellen Umweltthemen, wodurch das Angebot der Landshuter Umweltmesse abgerundet wird.<\/p>\n","protected":false},"excerpt":{"rendered":"","protected":false},"author":12,"featured_media":0,"template":"","meta":{"_acf_changed":false,"_tribe_events_status":"","_tribe_events_status_reason":"","_tribe_events_is_hybrid":"","_tribe_events_is_virtual":"","_tribe_events_virtual_video_source":"","_tribe_events_virtual_embed_video":"","_tribe_events_virtual_linked_button_text":"","_tribe_events_virtual_linked_button":"","_tribe_events_virtual_show_embed_at":"","_tribe_events_virtual_show_embed_to":[],"_tribe_events_virtual_show_on_event":"","_tribe_events_virtual_show_on_views":"","_tribe_events_virtual_url":"","footnotes":""},"tags":[],"tribe_events_cat":[],"class_list":["post-134329","tribe_events","type-tribe_events","status-publish","hentry"],"acf":[],"yoast_head":"<!-- This site is optimized with the Yoast SEO plugin v27.2 - https:\/\/yoast.com\/product\/yoast-seo-wordpress\/ -->\n<title>Landshuter Umweltmesse - Leeb Balkone Deutschland<\/title>\n<meta name=\"description\" content=\"Die Umweltmesse in Landshut konzentriert sich auf umweltfreundliche, klimabewusste und gesundheitsf\u00f6rdernde Produkte sowie Dienstleistungen in den\" \/>\n<meta name=\"robots\" content=\"index, follow, max-snippet:-1, max-image-preview:large, max-video-preview:-1\" \/>\n<meta property=\"og:locale\" content=\"de_DE\" \/>\n<meta property=\"og:type\" content=\"article\" \/>\n<meta property=\"og:title\" content=\"Landshuter Umweltmesse - Leeb Balkone\" \/>\n<meta property=\"og:description\" content=\"Die Umweltmesse in Landshut konzentriert sich auf umweltfreundliche, klimabewusste und gesundheitsf\u00f6rdernde Produkte sowie Dienstleistungen in den\" \/>\n<meta property=\"og:url\" content=\"https:\/\/www.leeb-balkone.com\/de\/messe\/landshuter-umweltmesse\/\" \/>\n<meta property=\"og:site_name\" content=\"Leeb Balkone\" \/>\n<meta property=\"article:publisher\" content=\"https:\/\/www.facebook.com\/balkone\/\" \/>\n<meta property=\"article:modified_time\" content=\"2025-07-17T05:43:32+00:00\" \/>\n<meta property=\"og:image\" content=\"https:\/\/www.leeb-balkone.com\/app\/uploads\/2020\/09\/alu-balkongelaender-zufriedene-kunden-1.jpg\" \/>\n\t<meta property=\"og:image:width\" content=\"2560\" \/>\n\t<meta property=\"og:image:height\" content=\"1762\" \/>\n\t<meta property=\"og:image:type\" content=\"image\/jpeg\" \/>\n<meta name=\"twitter:card\" content=\"summary_large_image\" \/>\n<script type=\"application\/ld+json\" class=\"yoast-schema-graph\">{\"@context\":\"https:\/\/schema.org\",\"@graph\":[{\"@type\":\"WebPage\",\"@id\":\"https:\/\/www.leeb-balkone.com\/de\/messe\/landshuter-umweltmesse\/\",\"url\":\"https:\/\/www.leeb-balkone.com\/de\/messe\/landshuter-umweltmesse\/\",\"name\":\"Landshuter Umweltmesse - Leeb Balkone\",\"isPartOf\":{\"@id\":\"https:\/\/www.leeb-balkone.com\/de\/#website\"},\"datePublished\":\"2023-11-28T13:27:35+00:00\",\"dateModified\":\"2025-07-17T05:43:32+00:00\",\"description\":\"Die Umweltmesse in Landshut konzentriert sich auf umweltfreundliche, klimabewusste und gesundheitsf\u00f6rdernde Produkte sowie Dienstleistungen in den\",\"breadcrumb\":{\"@id\":\"https:\/\/www.leeb-balkone.com\/de\/messe\/landshuter-umweltmesse\/#breadcrumb\"},\"inLanguage\":\"de\",\"potentialAction\":[{\"@type\":\"ReadAction\",\"target\":[\"https:\/\/www.leeb-balkone.com\/de\/messe\/landshuter-umweltmesse\/\"]}]},{\"@type\":\"BreadcrumbList\",\"@id\":\"https:\/\/www.leeb-balkone.com\/de\/messe\/landshuter-umweltmesse\/#breadcrumb\",\"itemListElement\":[{\"@type\":\"ListItem\",\"position\":1,\"name\":\"Home\",\"item\":\"https:\/\/www.leeb-balkone.com\/de\/\"},{\"@type\":\"ListItem\",\"position\":2,\"name\":\"Veranstaltungen\",\"item\":\"https:\/\/www.leeb-balkone.com\/de\/messe\/\"},{\"@type\":\"ListItem\",\"position\":3,\"name\":\"Landshuter Umweltmesse\"}]},{\"@type\":\"WebSite\",\"@id\":\"https:\/\/www.leeb-balkone.com\/de\/#website\",\"url\":\"https:\/\/www.leeb-balkone.com\/de\/\",\"name\":\"Leeb Balkone\",\"description\":\"Balkone und Z\u00e4une\",\"publisher\":{\"@id\":\"https:\/\/www.leeb-balkone.com\/de\/#organization\"},\"potentialAction\":[{\"@type\":\"SearchAction\",\"target\":{\"@type\":\"EntryPoint\",\"urlTemplate\":\"https:\/\/www.leeb-balkone.com\/de\/?s={search_term_string}\"},\"query-input\":{\"@type\":\"PropertyValueSpecification\",\"valueRequired\":true,\"valueName\":\"search_term_string\"}}],\"inLanguage\":\"de\"},{\"@type\":\"Organization\",\"@id\":\"https:\/\/www.leeb-balkone.com\/de\/#organization\",\"name\":\"Leeb Balkone Gmbh\",\"url\":\"https:\/\/www.leeb-balkone.com\/de\/\",\"logo\":{\"@type\":\"ImageObject\",\"inLanguage\":\"de\",\"@id\":\"https:\/\/www.leeb-balkone.com\/de\/#\/schema\/logo\/image\/\",\"url\":\"https:\/\/www.leeb-balkone.com\/app\/uploads\/2020\/11\/leeb-logo.svg\",\"contentUrl\":\"https:\/\/www.leeb-balkone.com\/app\/uploads\/2020\/11\/leeb-logo.svg\",\"width\":741,\"height\":204,\"caption\":\"Leeb Balkone Gmbh\"},\"image\":{\"@id\":\"https:\/\/www.leeb-balkone.com\/de\/#\/schema\/logo\/image\/\"},\"sameAs\":[\"https:\/\/www.facebook.com\/balkone\/\",\"https:\/\/www.trustedshops.at\/bewertung\/info_X4587CCF5833E31AFE0B11F47D86999F2.html\",\"https:\/\/www.trustedshops.de\/bewertung\/info_X7BA536A7A0BDC86D36C4718E4DCAEEEF.html\",\"https:\/\/www.google.com\/maps\/place\/?q=place_id:ChIJ5-zH19-IcEcR9HonWRTllHI\"]}]}<\/script>\n<!-- \/ Yoast SEO plugin. -->","yoast_head_json":{"title":"Landshuter Umweltmesse - Leeb Balkone Deutschland","description":"Die Umweltmesse in Landshut konzentriert sich auf umweltfreundliche, klimabewusste und gesundheitsf\u00f6rdernde Produkte sowie Dienstleistungen in den","robots":{"index":"index","follow":"follow","max-snippet":"max-snippet:-1","max-image-preview":"max-image-preview:large","max-video-preview":"max-video-preview:-1"},"og_locale":"de_DE","og_type":"article","og_title":"Landshuter Umweltmesse - Leeb Balkone","og_description":"Die Umweltmesse in Landshut konzentriert sich auf umweltfreundliche, klimabewusste und gesundheitsf\u00f6rdernde Produkte sowie Dienstleistungen in den","og_url":"https:\/\/www.leeb-balkone.com\/de\/messe\/landshuter-umweltmesse\/","og_site_name":"Leeb Balkone","article_publisher":"https:\/\/www.facebook.com\/balkone\/","article_modified_time":"2025-07-17T05:43:32+00:00","og_image":[{"width":2560,"height":1762,"url":"https:\/\/www.leeb-balkone.com\/app\/uploads\/2020\/09\/alu-balkongelaender-zufriedene-kunden-1.jpg","type":"image\/jpeg"}],"twitter_card":"summary_large_image","schema":{"@context":"https:\/\/schema.org","@graph":[{"@type":"WebPage","@id":"https:\/\/www.leeb-balkone.com\/de\/messe\/landshuter-umweltmesse\/","url":"https:\/\/www.leeb-balkone.com\/de\/messe\/landshuter-umweltmesse\/","name":"Landshuter Umweltmesse - Leeb Balkone","isPartOf":{"@id":"https:\/\/www.leeb-balkone.com\/de\/#website"},"datePublished":"2023-11-28T13:27:35+00:00","dateModified":"2025-07-17T05:43:32+00:00","description":"Die Umweltmesse in Landshut konzentriert sich auf umweltfreundliche, klimabewusste und gesundheitsf\u00f6rdernde Produkte sowie Dienstleistungen in den","breadcrumb":{"@id":"https:\/\/www.leeb-balkone.com\/de\/messe\/landshuter-umweltmesse\/#breadcrumb"},"inLanguage":"de","potentialAction":[{"@type":"ReadAction","target":["https:\/\/www.leeb-balkone.com\/de\/messe\/landshuter-umweltmesse\/"]}]},{"@type":"BreadcrumbList","@id":"https:\/\/www.leeb-balkone.com\/de\/messe\/landshuter-umweltmesse\/#breadcrumb","itemListElement":[{"@type":"ListItem","position":1,"name":"Home","item":"https:\/\/www.leeb-balkone.com\/de\/"},{"@type":"ListItem","position":2,"name":"Veranstaltungen","item":"https:\/\/www.leeb-balkone.com\/de\/messe\/"},{"@type":"ListItem","position":3,"name":"Landshuter Umweltmesse"}]},{"@type":"WebSite","@id":"https:\/\/www.leeb-balkone.com\/de\/#website","url":"https:\/\/www.leeb-balkone.com\/de\/","name":"Leeb Balkone","description":"Balkone und Z\u00e4une","publisher":{"@id":"https:\/\/www.leeb-balkone.com\/de\/#organization"},"potentialAction":[{"@type":"SearchAction","target":{"@type":"EntryPoint","urlTemplate":"https:\/\/www.leeb-balkone.com\/de\/?s={search_term_string}"},"query-input":{"@type":"PropertyValueSpecification","valueRequired":true,"valueName":"search_term_string"}}],"inLanguage":"de"},{"@type":"Organization","@id":"https:\/\/www.leeb-balkone.com\/de\/#organization","name":"Leeb Balkone Gmbh","url":"https:\/\/www.leeb-balkone.com\/de\/","logo":{"@type":"ImageObject","inLanguage":"de","@id":"https:\/\/www.leeb-balkone.com\/de\/#\/schema\/logo\/image\/","url":"https:\/\/www.leeb-balkone.com\/app\/uploads\/2020\/11\/leeb-logo.svg","contentUrl":"https:\/\/www.leeb-balkone.com\/app\/uploads\/2020\/11\/leeb-logo.svg","width":741,"height":204,"caption":"Leeb Balkone Gmbh"},"image":{"@id":"https:\/\/www.leeb-balkone.com\/de\/#\/schema\/logo\/image\/"},"sameAs":["https:\/\/www.facebook.com\/balkone\/","https:\/\/www.trustedshops.at\/bewertung\/info_X4587CCF5833E31AFE0B11F47D86999F2.html","https:\/\/www.trustedshops.de\/bewertung\/info_X7BA536A7A0BDC86D36C4718E4DCAEEEF.html","https:\/\/www.google.com\/maps\/place\/?q=place_id:ChIJ5-zH19-IcEcR9HonWRTllHI"]}]}},"_links":{"self":[{"href":"https:\/\/www.leeb-balkone.com\/de\/wp-json\/wp\/v2\/tribe_events\/134329","targetHints":{"allow":["GET"]}}],"collection":[{"href":"https:\/\/www.leeb-balkone.com\/de\/wp-json\/wp\/v2\/tribe_events"}],"about":[{"href":"https:\/\/www.leeb-balkone.com\/de\/wp-json\/wp\/v2\/types\/tribe_events"}],"author":[{"embeddable":true,"href":"https:\/\/www.leeb-balkone.com\/de\/wp-json\/wp\/v2\/users\/12"}],"version-history":[{"count":1,"href":"https:\/\/www.leeb-balkone.com\/de\/wp-json\/wp\/v2\/tribe_events\/134329\/revisions"}],"predecessor-version":[{"id":142736,"href":"https:\/\/www.leeb-balkone.com\/de\/wp-json\/wp\/v2\/tribe_events\/134329\/revisions\/142736"}],"wp:attachment":[{"href":"https:\/\/www.leeb-balkone.com\/de\/wp-json\/wp\/v2\/media?parent=134329"}],"wp:term":[{"taxonomy":"post_tag","embeddable":true,"href":"https:\/\/www.leeb-balkone.com\/de\/wp-json\/wp\/v2\/tags?post=134329"},{"taxonomy":"tribe_events_cat","embeddable":true,"href":"https:\/\/www.leeb-balkone.com\/de\/wp-json\/wp\/v2\/tribe_events_cat?post=134329"}],"curies":[{"name":"wp","href":"https:\/\/api.w.org\/{rel}","templated":true}]}}

<p>Die Umweltmesse in Landshut konzentriert sich auf umweltfreundliche, klimabewusste und gesundheitsfördernde Produkte sowie Dienstleistungen in den Bereichen Bau &amp; Wohnen, Natur &amp; Technik, sowie Energie &amp; Mobilität, und Gesundheit &amp; Ernährung. Eine Vielzahl von Ausstellern zeigt auf der Messe ihre neuesten Produkte, Dienstleistungen und Innovationen. Die Themen Energieeffizienz, Klimaschutz, alternative Technologien und gesunde Ernährung stehen im Mittelpunkt. Ergänzt wird die Messe durch verschiedene Fachvorträge und Workshops zu aktuellen Umweltthemen, wodurch das Angebot der Landshuter Umweltmesse abgerundet wird.</p>

<!-- This site is optimized with the Yoast SEO plugin v27.2 - https://yoast.com/product/yoast-seo-wordpress/ -->
<title>Landshuter Umweltmesse - Leeb Balkone Deutschland</title>
<meta name="description" content="Die Umweltmesse in Landshut konzentriert sich auf umweltfreundliche, klimabewusste und gesundheitsfördernde Produkte sowie Dienstleistungen in den" />
<meta name="robots" content="index, follow, max-snippet:-1, max-image-preview:large, max-video-preview:-1" />
<meta property="og:locale" content="de_DE" />
<meta property="og:type" content="article" />
<meta property="og:title" content="Landshuter Umweltmesse - Leeb Balkone" />
<meta property="og:description" content="Die Umweltmesse in Landshut konzentriert sich auf umweltfreundliche, klimabewusste und gesundheitsfördernde Produkte sowie Dienstleistungen in den" />
<meta property="og:url" content="https://www.leeb-balkone.com/de/messe/landshuter-umweltmesse/" />
<meta property="og:site_name" content="Leeb Balkone" />
<meta property="article:publisher" content="https://www.facebook.com/balkone/" />
<meta property="article:modified_time" content="2025-07-17T05:43:32+00:00" />
<meta property="og:image" content="https://www.leeb-balkone.com/app/uploads/2020/09/alu-balkongelaender-zufriedene-kunden-1.jpg" />
	<meta property="og:image:width" content="2560" />
	<meta property="og:image:height" content="1762" />
	<meta property="og:image:type" content="image/jpeg" />
<meta name="twitter:card" content="summary_large_image" />
<script type="application/ld+json" class="yoast-schema-graph">{"@context":"https://schema.org","@graph":[{"@type":"WebPage","@id":"https://www.leeb-balkone.com/de/messe/landshuter-umweltmesse/","url":"https://www.leeb-balkone.com/de/messe/landshuter-umweltmesse/","name":"Landshuter Umweltmesse - Leeb Balkone","isPartOf":{"@id":"https://www.leeb-balkone.com/de/#website"},"datePublished":"2023-11-28T13:27:35+00:00","dateModified":"2025-07-17T05:43:32+00:00","description":"Die Umweltmesse in Landshut konzentriert sich auf umweltfreundliche, klimabewusste und gesundheitsfördernde Produkte sowie Dienstleistungen in den","breadcrumb":{"@id":"https://www.leeb-balkone.com/de/messe/landshuter-umweltmesse/#breadcrumb"},"inLanguage":"de","potentialAction":[{"@type":"ReadAction","target":["https://www.leeb-balkone.com/de/messe/landshuter-umweltmesse/"]}]},{"@type":"BreadcrumbList","@id":"https://www.leeb-balkone.com/de/messe/landshuter-umweltmesse/#breadcrumb","itemListElement":[{"@type":"ListItem","position":1,"name":"Home","item":"https://www.leeb-balkone.com/de/"},{"@type":"ListItem","position":2,"name":"Veranstaltungen","item":"https://www.leeb-balkone.com/de/messe/"},{"@type":"ListItem","position":3,"name":"Landshuter Umweltmesse"}]},{"@type":"WebSite","@id":"https://www.leeb-balkone.com/de/#website","url":"https://www.leeb-balkone.com/de/","name":"Leeb Balkone","description":"Balkone und Zäune","publisher":{"@id":"https://www.leeb-balkone.com/de/#organization"},"potentialAction":[{"@type":"SearchAction","target":{"@type":"EntryPoint","urlTemplate":"https://www.leeb-balkone.com/de/?s={search_term_string}"},"query-input":{"@type":"PropertyValueSpecification","valueRequired":true,"valueName":"search_term_string"}}],"inLanguage":"de"},{"@type":"Organization","@id":"https://www.leeb-balkone.com/de/#organization","name":"Leeb Balkone Gmbh","url":"https://www.leeb-balkone.com/de/","logo":{"@type":"ImageObject","inLanguage":"de","@id":"https://www.leeb-balkone.com/de/#/schema/logo/image/","url":"https://www.leeb-balkone.com/app/uploads/2020/11/leeb-logo.svg","contentUrl":"https://www.leeb-balkone.com/app/uploads/2020/11/leeb-logo.svg","width":741,"height":204,"caption":"Leeb Balkone Gmbh"},"image":{"@id":"https://www.leeb-balkone.com/de/#/schema/logo/image/"},"sameAs":["https://www.facebook.com/balkone/","https://www.trustedshops.at/bewertung/info_X4587CCF5833E31AFE0B11F47D86999F2.html","https://www.trustedshops.de/bewertung/info_X7BA536A7A0BDC86D36C4718E4DCAEEEF.html","https://www.google.com/maps/place/?q=place_id:ChIJ5-zH19-IcEcR9HonWRTllHI"]}]}</script>
<!-- / Yoast SEO plugin. -->

Die Umweltmesse in Landshut konzentriert sich auf umweltfreundliche, klimabewusste und gesundheitsfördernde Produkte sowie Dienstleistungen in den

Balkone und Zäune
