{"id":129809,"date":"2023-05-25T08:19:19","date_gmt":"2023-05-25T08:19:19","guid":{"rendered":"https:\/\/www.leeb-balkone.com\/de\/?post_type=tribe_events&#038;p=129809"},"modified":"2023-05-25T08:19:19","modified_gmt":"2023-05-25T08:19:19","slug":"dressur-und-springturnier-ohlstadt","status":"publish","type":"tribe_events","link":"https:\/\/www.leeb-balkone.com\/de\/messe\/dressur-und-springturnier-ohlstadt\/","title":{"rendered":"Dressur- und Springturnier Ohlstadt"},"content":{"rendered":"<p>Ein Ausflug f\u00fcr die ganze Familie!<\/p>\n<p>F\u00fcr alle Pferdefreunde und Reitsportfans findet das Dressur- und Springturnier in Ohlstadt auf der Reitanlage Schwinghammer statt.<br \/>\nAm gro\u00dfen Sandplatz werden alle Zuschauer mit Bewirtung herzlich willkommen gehei\u00dfen.<\/p>\n<p>Ihr Leeb Berater wird dort auch vor Ort sein. Sie k\u00f6nnen somit auch bei Interesse Informationen zu Balkonen, Anbaubalkonen, Z\u00e4unen, \u00dcberdachungen und Sommerg\u00e4rten erhalten.<\/p>\n","protected":false},"excerpt":{"rendered":"","protected":false},"author":3,"featured_media":129817,"template":"","meta":{"_acf_changed":false,"_tribe_events_status":"","_tribe_events_status_reason":"","_tribe_events_is_hybrid":"","_tribe_events_is_virtual":"","_tribe_events_virtual_video_source":"","_tribe_events_virtual_embed_video":"","_tribe_events_virtual_linked_button_text":"","_tribe_events_virtual_linked_button":"","_tribe_events_virtual_show_embed_at":"","_tribe_events_virtual_show_embed_to":[],"_tribe_events_virtual_show_on_event":"","_tribe_events_virtual_show_on_views":"","_tribe_events_virtual_url":"","footnotes":""},"tags":[],"tribe_events_cat":[],"class_list":["post-129809","tribe_events","type-tribe_events","status-publish","has-post-thumbnail","hentry"],"acf":[],"yoast_head":"<!-- This site is optimized with the Yoast SEO plugin v27.2 - https:\/\/yoast.com\/product\/yoast-seo-wordpress\/ -->\n<title>Dressur- und Springturnier Ohlstadt - Leeb Balkone Deutschland<\/title>\n<meta name=\"description\" content=\"Ein Ausflug f\u00fcr die ganze Familie! F\u00fcr alle Pferdefreunde und Reitsportfans findet das Dressur- und Springturnier in Ohlstadt auf der Reitanlage\" \/>\n<meta name=\"robots\" content=\"index, follow, max-snippet:-1, max-image-preview:large, max-video-preview:-1\" \/>\n<meta property=\"og:locale\" content=\"de_DE\" \/>\n<meta property=\"og:type\" content=\"article\" \/>\n<meta property=\"og:title\" content=\"Dressur- und Springturnier Ohlstadt - Leeb Balkone\" \/>\n<meta property=\"og:description\" content=\"Ein Ausflug f\u00fcr die ganze Familie! F\u00fcr alle Pferdefreunde und Reitsportfans findet das Dressur- und Springturnier in Ohlstadt auf der Reitanlage\" \/>\n<meta property=\"og:url\" content=\"https:\/\/www.leeb-balkone.com\/de\/messe\/dressur-und-springturnier-ohlstadt\/\" \/>\n<meta property=\"og:site_name\" content=\"Leeb Balkone\" \/>\n<meta property=\"article:publisher\" content=\"https:\/\/www.facebook.com\/balkone\/\" \/>\n<meta property=\"og:image\" content=\"https:\/\/www.leeb-balkone.com\/app\/uploads\/2023\/05\/Turnier-Ohlstadt.jpg\" \/>\n\t<meta property=\"og:image:width\" content=\"300\" \/>\n\t<meta property=\"og:image:height\" content=\"416\" \/>\n\t<meta property=\"og:image:type\" content=\"image\/jpeg\" \/>\n<meta name=\"twitter:card\" content=\"summary_large_image\" \/>\n<script type=\"application\/ld+json\" class=\"yoast-schema-graph\">{\"@context\":\"https:\/\/schema.org\",\"@graph\":[{\"@type\":\"WebPage\",\"@id\":\"https:\/\/www.leeb-balkone.com\/de\/messe\/dressur-und-springturnier-ohlstadt\/\",\"url\":\"https:\/\/www.leeb-balkone.com\/de\/messe\/dressur-und-springturnier-ohlstadt\/\",\"name\":\"Dressur- und Springturnier Ohlstadt - Leeb Balkone\",\"isPartOf\":{\"@id\":\"https:\/\/www.leeb-balkone.com\/de\/#website\"},\"primaryImageOfPage\":{\"@id\":\"https:\/\/www.leeb-balkone.com\/de\/messe\/dressur-und-springturnier-ohlstadt\/#primaryimage\"},\"image\":{\"@id\":\"https:\/\/www.leeb-balkone.com\/de\/messe\/dressur-und-springturnier-ohlstadt\/#primaryimage\"},\"thumbnailUrl\":\"https:\/\/www.leeb-balkone.com\/app\/uploads\/2023\/05\/Turnier-Ohlstadt.jpg\",\"datePublished\":\"2023-05-25T08:19:19+00:00\",\"description\":\"Ein Ausflug f\u00fcr die ganze Familie! F\u00fcr alle Pferdefreunde und Reitsportfans findet das Dressur- und Springturnier in Ohlstadt auf der Reitanlage\",\"breadcrumb\":{\"@id\":\"https:\/\/www.leeb-balkone.com\/de\/messe\/dressur-und-springturnier-ohlstadt\/#breadcrumb\"},\"inLanguage\":\"de\",\"potentialAction\":[{\"@type\":\"ReadAction\",\"target\":[\"https:\/\/www.leeb-balkone.com\/de\/messe\/dressur-und-springturnier-ohlstadt\/\"]}]},{\"@type\":\"ImageObject\",\"inLanguage\":\"de\",\"@id\":\"https:\/\/www.leeb-balkone.com\/de\/messe\/dressur-und-springturnier-ohlstadt\/#primaryimage\",\"url\":\"https:\/\/www.leeb-balkone.com\/app\/uploads\/2023\/05\/Turnier-Ohlstadt.jpg\",\"contentUrl\":\"https:\/\/www.leeb-balkone.com\/app\/uploads\/2023\/05\/Turnier-Ohlstadt.jpg\",\"width\":300,\"height\":416},{\"@type\":\"BreadcrumbList\",\"@id\":\"https:\/\/www.leeb-balkone.com\/de\/messe\/dressur-und-springturnier-ohlstadt\/#breadcrumb\",\"itemListElement\":[{\"@type\":\"ListItem\",\"position\":1,\"name\":\"Home\",\"item\":\"https:\/\/www.leeb-balkone.com\/de\/\"},{\"@type\":\"ListItem\",\"position\":2,\"name\":\"Veranstaltungen\",\"item\":\"https:\/\/www.leeb-balkone.com\/de\/messe\/\"},{\"@type\":\"ListItem\",\"position\":3,\"name\":\"Dressur- und Springturnier Ohlstadt\"}]},{\"@type\":\"WebSite\",\"@id\":\"https:\/\/www.leeb-balkone.com\/de\/#website\",\"url\":\"https:\/\/www.leeb-balkone.com\/de\/\",\"name\":\"Leeb Balkone\",\"description\":\"Balkone und Z\u00e4une\",\"publisher\":{\"@id\":\"https:\/\/www.leeb-balkone.com\/de\/#organization\"},\"potentialAction\":[{\"@type\":\"SearchAction\",\"target\":{\"@type\":\"EntryPoint\",\"urlTemplate\":\"https:\/\/www.leeb-balkone.com\/de\/?s={search_term_string}\"},\"query-input\":{\"@type\":\"PropertyValueSpecification\",\"valueRequired\":true,\"valueName\":\"search_term_string\"}}],\"inLanguage\":\"de\"},{\"@type\":\"Organization\",\"@id\":\"https:\/\/www.leeb-balkone.com\/de\/#organization\",\"name\":\"Leeb Balkone Gmbh\",\"url\":\"https:\/\/www.leeb-balkone.com\/de\/\",\"logo\":{\"@type\":\"ImageObject\",\"inLanguage\":\"de\",\"@id\":\"https:\/\/www.leeb-balkone.com\/de\/#\/schema\/logo\/image\/\",\"url\":\"https:\/\/www.leeb-balkone.com\/app\/uploads\/2020\/11\/leeb-logo.svg\",\"contentUrl\":\"https:\/\/www.leeb-balkone.com\/app\/uploads\/2020\/11\/leeb-logo.svg\",\"width\":741,\"height\":204,\"caption\":\"Leeb Balkone Gmbh\"},\"image\":{\"@id\":\"https:\/\/www.leeb-balkone.com\/de\/#\/schema\/logo\/image\/\"},\"sameAs\":[\"https:\/\/www.facebook.com\/balkone\/\",\"https:\/\/www.trustedshops.at\/bewertung\/info_X4587CCF5833E31AFE0B11F47D86999F2.html\",\"https:\/\/www.trustedshops.de\/bewertung\/info_X7BA536A7A0BDC86D36C4718E4DCAEEEF.html\",\"https:\/\/www.google.com\/maps\/place\/?q=place_id:ChIJ5-zH19-IcEcR9HonWRTllHI\"]}]}<\/script>\n<!-- \/ Yoast SEO plugin. -->","yoast_head_json":{"title":"Dressur- und Springturnier Ohlstadt - Leeb Balkone Deutschland","description":"Ein Ausflug f\u00fcr die ganze Familie! F\u00fcr alle Pferdefreunde und Reitsportfans findet das Dressur- und Springturnier in Ohlstadt auf der Reitanlage","robots":{"index":"index","follow":"follow","max-snippet":"max-snippet:-1","max-image-preview":"max-image-preview:large","max-video-preview":"max-video-preview:-1"},"og_locale":"de_DE","og_type":"article","og_title":"Dressur- und Springturnier Ohlstadt - Leeb Balkone","og_description":"Ein Ausflug f\u00fcr die ganze Familie! F\u00fcr alle Pferdefreunde und Reitsportfans findet das Dressur- und Springturnier in Ohlstadt auf der Reitanlage","og_url":"https:\/\/www.leeb-balkone.com\/de\/messe\/dressur-und-springturnier-ohlstadt\/","og_site_name":"Leeb Balkone","article_publisher":"https:\/\/www.facebook.com\/balkone\/","og_image":[{"width":300,"height":416,"url":"https:\/\/www.leeb-balkone.com\/app\/uploads\/2023\/05\/Turnier-Ohlstadt.jpg","type":"image\/jpeg"}],"twitter_card":"summary_large_image","schema":{"@context":"https:\/\/schema.org","@graph":[{"@type":"WebPage","@id":"https:\/\/www.leeb-balkone.com\/de\/messe\/dressur-und-springturnier-ohlstadt\/","url":"https:\/\/www.leeb-balkone.com\/de\/messe\/dressur-und-springturnier-ohlstadt\/","name":"Dressur- und Springturnier Ohlstadt - Leeb Balkone","isPartOf":{"@id":"https:\/\/www.leeb-balkone.com\/de\/#website"},"primaryImageOfPage":{"@id":"https:\/\/www.leeb-balkone.com\/de\/messe\/dressur-und-springturnier-ohlstadt\/#primaryimage"},"image":{"@id":"https:\/\/www.leeb-balkone.com\/de\/messe\/dressur-und-springturnier-ohlstadt\/#primaryimage"},"thumbnailUrl":"https:\/\/www.leeb-balkone.com\/app\/uploads\/2023\/05\/Turnier-Ohlstadt.jpg","datePublished":"2023-05-25T08:19:19+00:00","description":"Ein Ausflug f\u00fcr die ganze Familie! F\u00fcr alle Pferdefreunde und Reitsportfans findet das Dressur- und Springturnier in Ohlstadt auf der Reitanlage","breadcrumb":{"@id":"https:\/\/www.leeb-balkone.com\/de\/messe\/dressur-und-springturnier-ohlstadt\/#breadcrumb"},"inLanguage":"de","potentialAction":[{"@type":"ReadAction","target":["https:\/\/www.leeb-balkone.com\/de\/messe\/dressur-und-springturnier-ohlstadt\/"]}]},{"@type":"ImageObject","inLanguage":"de","@id":"https:\/\/www.leeb-balkone.com\/de\/messe\/dressur-und-springturnier-ohlstadt\/#primaryimage","url":"https:\/\/www.leeb-balkone.com\/app\/uploads\/2023\/05\/Turnier-Ohlstadt.jpg","contentUrl":"https:\/\/www.leeb-balkone.com\/app\/uploads\/2023\/05\/Turnier-Ohlstadt.jpg","width":300,"height":416},{"@type":"BreadcrumbList","@id":"https:\/\/www.leeb-balkone.com\/de\/messe\/dressur-und-springturnier-ohlstadt\/#breadcrumb","itemListElement":[{"@type":"ListItem","position":1,"name":"Home","item":"https:\/\/www.leeb-balkone.com\/de\/"},{"@type":"ListItem","position":2,"name":"Veranstaltungen","item":"https:\/\/www.leeb-balkone.com\/de\/messe\/"},{"@type":"ListItem","position":3,"name":"Dressur- und Springturnier Ohlstadt"}]},{"@type":"WebSite","@id":"https:\/\/www.leeb-balkone.com\/de\/#website","url":"https:\/\/www.leeb-balkone.com\/de\/","name":"Leeb Balkone","description":"Balkone und Z\u00e4une","publisher":{"@id":"https:\/\/www.leeb-balkone.com\/de\/#organization"},"potentialAction":[{"@type":"SearchAction","target":{"@type":"EntryPoint","urlTemplate":"https:\/\/www.leeb-balkone.com\/de\/?s={search_term_string}"},"query-input":{"@type":"PropertyValueSpecification","valueRequired":true,"valueName":"search_term_string"}}],"inLanguage":"de"},{"@type":"Organization","@id":"https:\/\/www.leeb-balkone.com\/de\/#organization","name":"Leeb Balkone Gmbh","url":"https:\/\/www.leeb-balkone.com\/de\/","logo":{"@type":"ImageObject","inLanguage":"de","@id":"https:\/\/www.leeb-balkone.com\/de\/#\/schema\/logo\/image\/","url":"https:\/\/www.leeb-balkone.com\/app\/uploads\/2020\/11\/leeb-logo.svg","contentUrl":"https:\/\/www.leeb-balkone.com\/app\/uploads\/2020\/11\/leeb-logo.svg","width":741,"height":204,"caption":"Leeb Balkone Gmbh"},"image":{"@id":"https:\/\/www.leeb-balkone.com\/de\/#\/schema\/logo\/image\/"},"sameAs":["https:\/\/www.facebook.com\/balkone\/","https:\/\/www.trustedshops.at\/bewertung\/info_X4587CCF5833E31AFE0B11F47D86999F2.html","https:\/\/www.trustedshops.de\/bewertung\/info_X7BA536A7A0BDC86D36C4718E4DCAEEEF.html","https:\/\/www.google.com\/maps\/place\/?q=place_id:ChIJ5-zH19-IcEcR9HonWRTllHI"]}]}},"_links":{"self":[{"href":"https:\/\/www.leeb-balkone.com\/de\/wp-json\/wp\/v2\/tribe_events\/129809","targetHints":{"allow":["GET"]}}],"collection":[{"href":"https:\/\/www.leeb-balkone.com\/de\/wp-json\/wp\/v2\/tribe_events"}],"about":[{"href":"https:\/\/www.leeb-balkone.com\/de\/wp-json\/wp\/v2\/types\/tribe_events"}],"author":[{"embeddable":true,"href":"https:\/\/www.leeb-balkone.com\/de\/wp-json\/wp\/v2\/users\/3"}],"version-history":[{"count":0,"href":"https:\/\/www.leeb-balkone.com\/de\/wp-json\/wp\/v2\/tribe_events\/129809\/revisions"}],"wp:featuredmedia":[{"embeddable":true,"href":"https:\/\/www.leeb-balkone.com\/de\/wp-json\/wp\/v2\/media\/129817"}],"wp:attachment":[{"href":"https:\/\/www.leeb-balkone.com\/de\/wp-json\/wp\/v2\/media?parent=129809"}],"wp:term":[{"taxonomy":"post_tag","embeddable":true,"href":"https:\/\/www.leeb-balkone.com\/de\/wp-json\/wp\/v2\/tags?post=129809"},{"taxonomy":"tribe_events_cat","embeddable":true,"href":"https:\/\/www.leeb-balkone.com\/de\/wp-json\/wp\/v2\/tribe_events_cat?post=129809"}],"curies":[{"name":"wp","href":"https:\/\/api.w.org\/{rel}","templated":true}]}}

<p>Ein Ausflug für die ganze Familie!</p>
<p>Für alle Pferdefreunde und Reitsportfans findet das Dressur- und Springturnier in Ohlstadt auf der Reitanlage Schwinghammer statt.<br />
Am großen Sandplatz werden alle Zuschauer mit Bewirtung herzlich willkommen geheißen.</p>
<p>Ihr Leeb Berater wird dort auch vor Ort sein. Sie können somit auch bei Interesse Informationen zu Balkonen, Anbaubalkonen, Zäunen, Überdachungen und Sommergärten erhalten.</p>

<!-- This site is optimized with the Yoast SEO plugin v27.2 - https://yoast.com/product/yoast-seo-wordpress/ -->
<title>Dressur- und Springturnier Ohlstadt - Leeb Balkone Deutschland</title>
<meta name="description" content="Ein Ausflug für die ganze Familie! Für alle Pferdefreunde und Reitsportfans findet das Dressur- und Springturnier in Ohlstadt auf der Reitanlage" />
<meta name="robots" content="index, follow, max-snippet:-1, max-image-preview:large, max-video-preview:-1" />
<meta property="og:locale" content="de_DE" />
<meta property="og:type" content="article" />
<meta property="og:title" content="Dressur- und Springturnier Ohlstadt - Leeb Balkone" />
<meta property="og:description" content="Ein Ausflug für die ganze Familie! Für alle Pferdefreunde und Reitsportfans findet das Dressur- und Springturnier in Ohlstadt auf der Reitanlage" />
<meta property="og:url" content="https://www.leeb-balkone.com/de/messe/dressur-und-springturnier-ohlstadt/" />
<meta property="og:site_name" content="Leeb Balkone" />
<meta property="article:publisher" content="https://www.facebook.com/balkone/" />
<meta property="og:image" content="https://www.leeb-balkone.com/app/uploads/2023/05/Turnier-Ohlstadt.jpg" />
	<meta property="og:image:width" content="300" />
	<meta property="og:image:height" content="416" />
	<meta property="og:image:type" content="image/jpeg" />
<meta name="twitter:card" content="summary_large_image" />
<script type="application/ld+json" class="yoast-schema-graph">{"@context":"https://schema.org","@graph":[{"@type":"WebPage","@id":"https://www.leeb-balkone.com/de/messe/dressur-und-springturnier-ohlstadt/","url":"https://www.leeb-balkone.com/de/messe/dressur-und-springturnier-ohlstadt/","name":"Dressur- und Springturnier Ohlstadt - Leeb Balkone","isPartOf":{"@id":"https://www.leeb-balkone.com/de/#website"},"primaryImageOfPage":{"@id":"https://www.leeb-balkone.com/de/messe/dressur-und-springturnier-ohlstadt/#primaryimage"},"image":{"@id":"https://www.leeb-balkone.com/de/messe/dressur-und-springturnier-ohlstadt/#primaryimage"},"thumbnailUrl":"https://www.leeb-balkone.com/app/uploads/2023/05/Turnier-Ohlstadt.jpg","datePublished":"2023-05-25T08:19:19+00:00","description":"Ein Ausflug für die ganze Familie! Für alle Pferdefreunde und Reitsportfans findet das Dressur- und Springturnier in Ohlstadt auf der Reitanlage","breadcrumb":{"@id":"https://www.leeb-balkone.com/de/messe/dressur-und-springturnier-ohlstadt/#breadcrumb"},"inLanguage":"de","potentialAction":[{"@type":"ReadAction","target":["https://www.leeb-balkone.com/de/messe/dressur-und-springturnier-ohlstadt/"]}]},{"@type":"ImageObject","inLanguage":"de","@id":"https://www.leeb-balkone.com/de/messe/dressur-und-springturnier-ohlstadt/#primaryimage","url":"https://www.leeb-balkone.com/app/uploads/2023/05/Turnier-Ohlstadt.jpg","contentUrl":"https://www.leeb-balkone.com/app/uploads/2023/05/Turnier-Ohlstadt.jpg","width":300,"height":416},{"@type":"BreadcrumbList","@id":"https://www.leeb-balkone.com/de/messe/dressur-und-springturnier-ohlstadt/#breadcrumb","itemListElement":[{"@type":"ListItem","position":1,"name":"Home","item":"https://www.leeb-balkone.com/de/"},{"@type":"ListItem","position":2,"name":"Veranstaltungen","item":"https://www.leeb-balkone.com/de/messe/"},{"@type":"ListItem","position":3,"name":"Dressur- und Springturnier Ohlstadt"}]},{"@type":"WebSite","@id":"https://www.leeb-balkone.com/de/#website","url":"https://www.leeb-balkone.com/de/","name":"Leeb Balkone","description":"Balkone und Zäune","publisher":{"@id":"https://www.leeb-balkone.com/de/#organization"},"potentialAction":[{"@type":"SearchAction","target":{"@type":"EntryPoint","urlTemplate":"https://www.leeb-balkone.com/de/?s={search_term_string}"},"query-input":{"@type":"PropertyValueSpecification","valueRequired":true,"valueName":"search_term_string"}}],"inLanguage":"de"},{"@type":"Organization","@id":"https://www.leeb-balkone.com/de/#organization","name":"Leeb Balkone Gmbh","url":"https://www.leeb-balkone.com/de/","logo":{"@type":"ImageObject","inLanguage":"de","@id":"https://www.leeb-balkone.com/de/#/schema/logo/image/","url":"https://www.leeb-balkone.com/app/uploads/2020/11/leeb-logo.svg","contentUrl":"https://www.leeb-balkone.com/app/uploads/2020/11/leeb-logo.svg","width":741,"height":204,"caption":"Leeb Balkone Gmbh"},"image":{"@id":"https://www.leeb-balkone.com/de/#/schema/logo/image/"},"sameAs":["https://www.facebook.com/balkone/","https://www.trustedshops.at/bewertung/info_X4587CCF5833E31AFE0B11F47D86999F2.html","https://www.trustedshops.de/bewertung/info_X7BA536A7A0BDC86D36C4718E4DCAEEEF.html","https://www.google.com/maps/place/?q=place_id:ChIJ5-zH19-IcEcR9HonWRTllHI"]}]}</script>
<!-- / Yoast SEO plugin. -->

Ein Ausflug für die ganze Familie! Für alle Pferdefreunde und Reitsportfans findet das Dressur- und Springturnier in Ohlstadt auf der Reitanlage

Balkone und Zäune
