{"id":121785,"date":"2023-03-29T05:57:40","date_gmt":"2023-03-29T05:57:40","guid":{"rendered":"https:\/\/www.leeb-balkone.com\/de\/?post_type=tribe_events&#038;p=121785"},"modified":"2024-09-23T12:30:03","modified_gmt":"2024-09-23T12:30:03","slug":"saale-orla-schau","status":"publish","type":"tribe_events","link":"https:\/\/www.leeb-balkone.com\/de\/messe\/saale-orla-schau\/","title":{"rendered":"Saale-Orla-Schau 2024"},"content":{"rendered":"<p>Die Saale-Orla-Schau P\u00f6\u00dfneck ist die gro\u00dfe Regionalmesse rund ums Bauen, Wohnen und Sch\u00f6ner Leben. Zahlreiche Aussteller pr\u00e4sentieren auf der Saale-Orla-Schau in P\u00f6\u00dfneck ihre Produkte, Trends, Dienstleistungen und informieren rund um die Themen Wohnen und Einrichten, Gesundheit, Essen und Trinken, Energiesparen, Haushalt, Spiel und Fun, Mode, Mobilit\u00e4t und Auto, Bauen und Sanieren sowie Garten von A\u2013Z. Ein attraktives Rahmenprogramm mit B\u00fchnenshows und informativen Vortr\u00e4gen rundet das Angebotsspektrum der Saale-Orla-Schau in P\u00f6\u00dfneck ab.<\/p>\n","protected":false},"excerpt":{"rendered":"","protected":false},"author":3,"featured_media":121786,"template":"","meta":{"_acf_changed":false,"_tribe_events_status":"","_tribe_events_status_reason":"","_tribe_events_is_hybrid":"","_tribe_events_is_virtual":"","_tribe_events_virtual_video_source":"","_tribe_events_virtual_embed_video":"","_tribe_events_virtual_linked_button_text":"","_tribe_events_virtual_linked_button":"","_tribe_events_virtual_show_embed_at":"","_tribe_events_virtual_show_embed_to":[],"_tribe_events_virtual_show_on_event":"","_tribe_events_virtual_show_on_views":"","_tribe_events_virtual_url":"","footnotes":""},"tags":[],"tribe_events_cat":[],"class_list":["post-121785","tribe_events","type-tribe_events","status-publish","has-post-thumbnail","hentry"],"acf":[],"yoast_head":"<!-- This site is optimized with the Yoast SEO plugin v27.2 - https:\/\/yoast.com\/product\/yoast-seo-wordpress\/ -->\n<title>Saale-Orla-Schau 2024 - Leeb Balkone Deutschland<\/title>\n<meta name=\"description\" content=\"Die Saale-Orla-Schau P\u00f6\u00dfneck ist die gro\u00dfe Regionalmesse rund ums Bauen, Wohnen und Sch\u00f6ner Leben. Zahlreiche Aussteller pr\u00e4sentieren auf der\" \/>\n<meta name=\"robots\" content=\"index, follow, max-snippet:-1, max-image-preview:large, max-video-preview:-1\" \/>\n<meta property=\"og:locale\" content=\"de_DE\" \/>\n<meta property=\"og:type\" content=\"article\" \/>\n<meta property=\"og:title\" content=\"Saale-Orla-Schau 2024 - Leeb Balkone\" \/>\n<meta property=\"og:description\" content=\"Die Saale-Orla-Schau P\u00f6\u00dfneck ist die gro\u00dfe Regionalmesse rund ums Bauen, Wohnen und Sch\u00f6ner Leben. Zahlreiche Aussteller pr\u00e4sentieren auf der\" \/>\n<meta property=\"og:url\" content=\"https:\/\/www.leeb-balkone.com\/de\/messe\/saale-orla-schau\/\" \/>\n<meta property=\"og:site_name\" content=\"Leeb Balkone\" \/>\n<meta property=\"article:publisher\" content=\"https:\/\/www.facebook.com\/balkone\/\" \/>\n<meta property=\"article:modified_time\" content=\"2024-09-23T12:30:03+00:00\" \/>\n<meta property=\"og:image\" content=\"https:\/\/www.leeb-balkone.com\/app\/uploads\/2023\/03\/saale-orla-schau.jpg\" \/>\n\t<meta property=\"og:image:width\" content=\"238\" \/>\n\t<meta property=\"og:image:height\" content=\"118\" \/>\n\t<meta property=\"og:image:type\" content=\"image\/jpeg\" \/>\n<meta name=\"twitter:card\" content=\"summary_large_image\" \/>\n<script type=\"application\/ld+json\" class=\"yoast-schema-graph\">{\"@context\":\"https:\/\/schema.org\",\"@graph\":[{\"@type\":\"WebPage\",\"@id\":\"https:\/\/www.leeb-balkone.com\/de\/messe\/saale-orla-schau\/\",\"url\":\"https:\/\/www.leeb-balkone.com\/de\/messe\/saale-orla-schau\/\",\"name\":\"Saale-Orla-Schau 2024 - Leeb Balkone\",\"isPartOf\":{\"@id\":\"https:\/\/www.leeb-balkone.com\/de\/#website\"},\"primaryImageOfPage\":{\"@id\":\"https:\/\/www.leeb-balkone.com\/de\/messe\/saale-orla-schau\/#primaryimage\"},\"image\":{\"@id\":\"https:\/\/www.leeb-balkone.com\/de\/messe\/saale-orla-schau\/#primaryimage\"},\"thumbnailUrl\":\"https:\/\/www.leeb-balkone.com\/app\/uploads\/2023\/03\/saale-orla-schau.jpg\",\"datePublished\":\"2023-03-29T05:57:40+00:00\",\"dateModified\":\"2024-09-23T12:30:03+00:00\",\"description\":\"Die Saale-Orla-Schau P\u00f6\u00dfneck ist die gro\u00dfe Regionalmesse rund ums Bauen, Wohnen und Sch\u00f6ner Leben. Zahlreiche Aussteller pr\u00e4sentieren auf der\",\"breadcrumb\":{\"@id\":\"https:\/\/www.leeb-balkone.com\/de\/messe\/saale-orla-schau\/#breadcrumb\"},\"inLanguage\":\"de\",\"potentialAction\":[{\"@type\":\"ReadAction\",\"target\":[\"https:\/\/www.leeb-balkone.com\/de\/messe\/saale-orla-schau\/\"]}]},{\"@type\":\"ImageObject\",\"inLanguage\":\"de\",\"@id\":\"https:\/\/www.leeb-balkone.com\/de\/messe\/saale-orla-schau\/#primaryimage\",\"url\":\"https:\/\/www.leeb-balkone.com\/app\/uploads\/2023\/03\/saale-orla-schau.jpg\",\"contentUrl\":\"https:\/\/www.leeb-balkone.com\/app\/uploads\/2023\/03\/saale-orla-schau.jpg\",\"width\":238,\"height\":118},{\"@type\":\"BreadcrumbList\",\"@id\":\"https:\/\/www.leeb-balkone.com\/de\/messe\/saale-orla-schau\/#breadcrumb\",\"itemListElement\":[{\"@type\":\"ListItem\",\"position\":1,\"name\":\"Home\",\"item\":\"https:\/\/www.leeb-balkone.com\/de\/\"},{\"@type\":\"ListItem\",\"position\":2,\"name\":\"Veranstaltungen\",\"item\":\"https:\/\/www.leeb-balkone.com\/de\/messe\/\"},{\"@type\":\"ListItem\",\"position\":3,\"name\":\"Saale-Orla-Schau 2024\"}]},{\"@type\":\"WebSite\",\"@id\":\"https:\/\/www.leeb-balkone.com\/de\/#website\",\"url\":\"https:\/\/www.leeb-balkone.com\/de\/\",\"name\":\"Leeb Balkone\",\"description\":\"Balkone und Z\u00e4une\",\"publisher\":{\"@id\":\"https:\/\/www.leeb-balkone.com\/de\/#organization\"},\"potentialAction\":[{\"@type\":\"SearchAction\",\"target\":{\"@type\":\"EntryPoint\",\"urlTemplate\":\"https:\/\/www.leeb-balkone.com\/de\/?s={search_term_string}\"},\"query-input\":{\"@type\":\"PropertyValueSpecification\",\"valueRequired\":true,\"valueName\":\"search_term_string\"}}],\"inLanguage\":\"de\"},{\"@type\":\"Organization\",\"@id\":\"https:\/\/www.leeb-balkone.com\/de\/#organization\",\"name\":\"Leeb Balkone Gmbh\",\"url\":\"https:\/\/www.leeb-balkone.com\/de\/\",\"logo\":{\"@type\":\"ImageObject\",\"inLanguage\":\"de\",\"@id\":\"https:\/\/www.leeb-balkone.com\/de\/#\/schema\/logo\/image\/\",\"url\":\"https:\/\/www.leeb-balkone.com\/app\/uploads\/2020\/11\/leeb-logo.svg\",\"contentUrl\":\"https:\/\/www.leeb-balkone.com\/app\/uploads\/2020\/11\/leeb-logo.svg\",\"width\":741,\"height\":204,\"caption\":\"Leeb Balkone Gmbh\"},\"image\":{\"@id\":\"https:\/\/www.leeb-balkone.com\/de\/#\/schema\/logo\/image\/\"},\"sameAs\":[\"https:\/\/www.facebook.com\/balkone\/\",\"https:\/\/www.trustedshops.at\/bewertung\/info_X4587CCF5833E31AFE0B11F47D86999F2.html\",\"https:\/\/www.trustedshops.de\/bewertung\/info_X7BA536A7A0BDC86D36C4718E4DCAEEEF.html\",\"https:\/\/www.google.com\/maps\/place\/?q=place_id:ChIJ5-zH19-IcEcR9HonWRTllHI\"]}]}<\/script>\n<!-- \/ Yoast SEO plugin. -->","yoast_head_json":{"title":"Saale-Orla-Schau 2024 - Leeb Balkone Deutschland","description":"Die Saale-Orla-Schau P\u00f6\u00dfneck ist die gro\u00dfe Regionalmesse rund ums Bauen, Wohnen und Sch\u00f6ner Leben. Zahlreiche Aussteller pr\u00e4sentieren auf der","robots":{"index":"index","follow":"follow","max-snippet":"max-snippet:-1","max-image-preview":"max-image-preview:large","max-video-preview":"max-video-preview:-1"},"og_locale":"de_DE","og_type":"article","og_title":"Saale-Orla-Schau 2024 - Leeb Balkone","og_description":"Die Saale-Orla-Schau P\u00f6\u00dfneck ist die gro\u00dfe Regionalmesse rund ums Bauen, Wohnen und Sch\u00f6ner Leben. Zahlreiche Aussteller pr\u00e4sentieren auf der","og_url":"https:\/\/www.leeb-balkone.com\/de\/messe\/saale-orla-schau\/","og_site_name":"Leeb Balkone","article_publisher":"https:\/\/www.facebook.com\/balkone\/","article_modified_time":"2024-09-23T12:30:03+00:00","og_image":[{"width":238,"height":118,"url":"https:\/\/www.leeb-balkone.com\/app\/uploads\/2023\/03\/saale-orla-schau.jpg","type":"image\/jpeg"}],"twitter_card":"summary_large_image","schema":{"@context":"https:\/\/schema.org","@graph":[{"@type":"WebPage","@id":"https:\/\/www.leeb-balkone.com\/de\/messe\/saale-orla-schau\/","url":"https:\/\/www.leeb-balkone.com\/de\/messe\/saale-orla-schau\/","name":"Saale-Orla-Schau 2024 - Leeb Balkone","isPartOf":{"@id":"https:\/\/www.leeb-balkone.com\/de\/#website"},"primaryImageOfPage":{"@id":"https:\/\/www.leeb-balkone.com\/de\/messe\/saale-orla-schau\/#primaryimage"},"image":{"@id":"https:\/\/www.leeb-balkone.com\/de\/messe\/saale-orla-schau\/#primaryimage"},"thumbnailUrl":"https:\/\/www.leeb-balkone.com\/app\/uploads\/2023\/03\/saale-orla-schau.jpg","datePublished":"2023-03-29T05:57:40+00:00","dateModified":"2024-09-23T12:30:03+00:00","description":"Die Saale-Orla-Schau P\u00f6\u00dfneck ist die gro\u00dfe Regionalmesse rund ums Bauen, Wohnen und Sch\u00f6ner Leben. Zahlreiche Aussteller pr\u00e4sentieren auf der","breadcrumb":{"@id":"https:\/\/www.leeb-balkone.com\/de\/messe\/saale-orla-schau\/#breadcrumb"},"inLanguage":"de","potentialAction":[{"@type":"ReadAction","target":["https:\/\/www.leeb-balkone.com\/de\/messe\/saale-orla-schau\/"]}]},{"@type":"ImageObject","inLanguage":"de","@id":"https:\/\/www.leeb-balkone.com\/de\/messe\/saale-orla-schau\/#primaryimage","url":"https:\/\/www.leeb-balkone.com\/app\/uploads\/2023\/03\/saale-orla-schau.jpg","contentUrl":"https:\/\/www.leeb-balkone.com\/app\/uploads\/2023\/03\/saale-orla-schau.jpg","width":238,"height":118},{"@type":"BreadcrumbList","@id":"https:\/\/www.leeb-balkone.com\/de\/messe\/saale-orla-schau\/#breadcrumb","itemListElement":[{"@type":"ListItem","position":1,"name":"Home","item":"https:\/\/www.leeb-balkone.com\/de\/"},{"@type":"ListItem","position":2,"name":"Veranstaltungen","item":"https:\/\/www.leeb-balkone.com\/de\/messe\/"},{"@type":"ListItem","position":3,"name":"Saale-Orla-Schau 2024"}]},{"@type":"WebSite","@id":"https:\/\/www.leeb-balkone.com\/de\/#website","url":"https:\/\/www.leeb-balkone.com\/de\/","name":"Leeb Balkone","description":"Balkone und Z\u00e4une","publisher":{"@id":"https:\/\/www.leeb-balkone.com\/de\/#organization"},"potentialAction":[{"@type":"SearchAction","target":{"@type":"EntryPoint","urlTemplate":"https:\/\/www.leeb-balkone.com\/de\/?s={search_term_string}"},"query-input":{"@type":"PropertyValueSpecification","valueRequired":true,"valueName":"search_term_string"}}],"inLanguage":"de"},{"@type":"Organization","@id":"https:\/\/www.leeb-balkone.com\/de\/#organization","name":"Leeb Balkone Gmbh","url":"https:\/\/www.leeb-balkone.com\/de\/","logo":{"@type":"ImageObject","inLanguage":"de","@id":"https:\/\/www.leeb-balkone.com\/de\/#\/schema\/logo\/image\/","url":"https:\/\/www.leeb-balkone.com\/app\/uploads\/2020\/11\/leeb-logo.svg","contentUrl":"https:\/\/www.leeb-balkone.com\/app\/uploads\/2020\/11\/leeb-logo.svg","width":741,"height":204,"caption":"Leeb Balkone Gmbh"},"image":{"@id":"https:\/\/www.leeb-balkone.com\/de\/#\/schema\/logo\/image\/"},"sameAs":["https:\/\/www.facebook.com\/balkone\/","https:\/\/www.trustedshops.at\/bewertung\/info_X4587CCF5833E31AFE0B11F47D86999F2.html","https:\/\/www.trustedshops.de\/bewertung\/info_X7BA536A7A0BDC86D36C4718E4DCAEEEF.html","https:\/\/www.google.com\/maps\/place\/?q=place_id:ChIJ5-zH19-IcEcR9HonWRTllHI"]}]}},"_links":{"self":[{"href":"https:\/\/www.leeb-balkone.com\/de\/wp-json\/wp\/v2\/tribe_events\/121785","targetHints":{"allow":["GET"]}}],"collection":[{"href":"https:\/\/www.leeb-balkone.com\/de\/wp-json\/wp\/v2\/tribe_events"}],"about":[{"href":"https:\/\/www.leeb-balkone.com\/de\/wp-json\/wp\/v2\/types\/tribe_events"}],"author":[{"embeddable":true,"href":"https:\/\/www.leeb-balkone.com\/de\/wp-json\/wp\/v2\/users\/3"}],"version-history":[{"count":1,"href":"https:\/\/www.leeb-balkone.com\/de\/wp-json\/wp\/v2\/tribe_events\/121785\/revisions"}],"predecessor-version":[{"id":141245,"href":"https:\/\/www.leeb-balkone.com\/de\/wp-json\/wp\/v2\/tribe_events\/121785\/revisions\/141245"}],"wp:featuredmedia":[{"embeddable":true,"href":"https:\/\/www.leeb-balkone.com\/de\/wp-json\/wp\/v2\/media\/121786"}],"wp:attachment":[{"href":"https:\/\/www.leeb-balkone.com\/de\/wp-json\/wp\/v2\/media?parent=121785"}],"wp:term":[{"taxonomy":"post_tag","embeddable":true,"href":"https:\/\/www.leeb-balkone.com\/de\/wp-json\/wp\/v2\/tags?post=121785"},{"taxonomy":"tribe_events_cat","embeddable":true,"href":"https:\/\/www.leeb-balkone.com\/de\/wp-json\/wp\/v2\/tribe_events_cat?post=121785"}],"curies":[{"name":"wp","href":"https:\/\/api.w.org\/{rel}","templated":true}]}}

<p>Die Saale-Orla-Schau Pößneck ist die große Regionalmesse rund ums Bauen, Wohnen und Schöner Leben. Zahlreiche Aussteller präsentieren auf der Saale-Orla-Schau in Pößneck ihre Produkte, Trends, Dienstleistungen und informieren rund um die Themen Wohnen und Einrichten, Gesundheit, Essen und Trinken, Energiesparen, Haushalt, Spiel und Fun, Mode, Mobilität und Auto, Bauen und Sanieren sowie Garten von A–Z. Ein attraktives Rahmenprogramm mit Bühnenshows und informativen Vorträgen rundet das Angebotsspektrum der Saale-Orla-Schau in Pößneck ab.</p>

<!-- This site is optimized with the Yoast SEO plugin v27.2 - https://yoast.com/product/yoast-seo-wordpress/ -->
<title>Saale-Orla-Schau 2024 - Leeb Balkone Deutschland</title>
<meta name="description" content="Die Saale-Orla-Schau Pößneck ist die große Regionalmesse rund ums Bauen, Wohnen und Schöner Leben. Zahlreiche Aussteller präsentieren auf der" />
<meta name="robots" content="index, follow, max-snippet:-1, max-image-preview:large, max-video-preview:-1" />
<meta property="og:locale" content="de_DE" />
<meta property="og:type" content="article" />
<meta property="og:title" content="Saale-Orla-Schau 2024 - Leeb Balkone" />
<meta property="og:description" content="Die Saale-Orla-Schau Pößneck ist die große Regionalmesse rund ums Bauen, Wohnen und Schöner Leben. Zahlreiche Aussteller präsentieren auf der" />
<meta property="og:url" content="https://www.leeb-balkone.com/de/messe/saale-orla-schau/" />
<meta property="og:site_name" content="Leeb Balkone" />
<meta property="article:publisher" content="https://www.facebook.com/balkone/" />
<meta property="article:modified_time" content="2024-09-23T12:30:03+00:00" />
<meta property="og:image" content="https://www.leeb-balkone.com/app/uploads/2023/03/saale-orla-schau.jpg" />
	<meta property="og:image:width" content="238" />
	<meta property="og:image:height" content="118" />
	<meta property="og:image:type" content="image/jpeg" />
<meta name="twitter:card" content="summary_large_image" />
<script type="application/ld+json" class="yoast-schema-graph">{"@context":"https://schema.org","@graph":[{"@type":"WebPage","@id":"https://www.leeb-balkone.com/de/messe/saale-orla-schau/","url":"https://www.leeb-balkone.com/de/messe/saale-orla-schau/","name":"Saale-Orla-Schau 2024 - Leeb Balkone","isPartOf":{"@id":"https://www.leeb-balkone.com/de/#website"},"primaryImageOfPage":{"@id":"https://www.leeb-balkone.com/de/messe/saale-orla-schau/#primaryimage"},"image":{"@id":"https://www.leeb-balkone.com/de/messe/saale-orla-schau/#primaryimage"},"thumbnailUrl":"https://www.leeb-balkone.com/app/uploads/2023/03/saale-orla-schau.jpg","datePublished":"2023-03-29T05:57:40+00:00","dateModified":"2024-09-23T12:30:03+00:00","description":"Die Saale-Orla-Schau Pößneck ist die große Regionalmesse rund ums Bauen, Wohnen und Schöner Leben. Zahlreiche Aussteller präsentieren auf der","breadcrumb":{"@id":"https://www.leeb-balkone.com/de/messe/saale-orla-schau/#breadcrumb"},"inLanguage":"de","potentialAction":[{"@type":"ReadAction","target":["https://www.leeb-balkone.com/de/messe/saale-orla-schau/"]}]},{"@type":"ImageObject","inLanguage":"de","@id":"https://www.leeb-balkone.com/de/messe/saale-orla-schau/#primaryimage","url":"https://www.leeb-balkone.com/app/uploads/2023/03/saale-orla-schau.jpg","contentUrl":"https://www.leeb-balkone.com/app/uploads/2023/03/saale-orla-schau.jpg","width":238,"height":118},{"@type":"BreadcrumbList","@id":"https://www.leeb-balkone.com/de/messe/saale-orla-schau/#breadcrumb","itemListElement":[{"@type":"ListItem","position":1,"name":"Home","item":"https://www.leeb-balkone.com/de/"},{"@type":"ListItem","position":2,"name":"Veranstaltungen","item":"https://www.leeb-balkone.com/de/messe/"},{"@type":"ListItem","position":3,"name":"Saale-Orla-Schau 2024"}]},{"@type":"WebSite","@id":"https://www.leeb-balkone.com/de/#website","url":"https://www.leeb-balkone.com/de/","name":"Leeb Balkone","description":"Balkone und Zäune","publisher":{"@id":"https://www.leeb-balkone.com/de/#organization"},"potentialAction":[{"@type":"SearchAction","target":{"@type":"EntryPoint","urlTemplate":"https://www.leeb-balkone.com/de/?s={search_term_string}"},"query-input":{"@type":"PropertyValueSpecification","valueRequired":true,"valueName":"search_term_string"}}],"inLanguage":"de"},{"@type":"Organization","@id":"https://www.leeb-balkone.com/de/#organization","name":"Leeb Balkone Gmbh","url":"https://www.leeb-balkone.com/de/","logo":{"@type":"ImageObject","inLanguage":"de","@id":"https://www.leeb-balkone.com/de/#/schema/logo/image/","url":"https://www.leeb-balkone.com/app/uploads/2020/11/leeb-logo.svg","contentUrl":"https://www.leeb-balkone.com/app/uploads/2020/11/leeb-logo.svg","width":741,"height":204,"caption":"Leeb Balkone Gmbh"},"image":{"@id":"https://www.leeb-balkone.com/de/#/schema/logo/image/"},"sameAs":["https://www.facebook.com/balkone/","https://www.trustedshops.at/bewertung/info_X4587CCF5833E31AFE0B11F47D86999F2.html","https://www.trustedshops.de/bewertung/info_X7BA536A7A0BDC86D36C4718E4DCAEEEF.html","https://www.google.com/maps/place/?q=place_id:ChIJ5-zH19-IcEcR9HonWRTllHI"]}]}</script>
<!-- / Yoast SEO plugin. -->

Die Saale-Orla-Schau Pößneck ist die große Regionalmesse rund ums Bauen, Wohnen und Schöner Leben. Zahlreiche Aussteller präsentieren auf der

Balkone und Zäune
