{"id":116804,"date":"2023-02-22T10:48:44","date_gmt":"2023-02-22T10:48:44","guid":{"rendered":"https:\/\/www.leeb-balkone.com\/de\/?post_type=tribe_events&#038;p=116804"},"modified":"2023-02-22T10:48:44","modified_gmt":"2023-02-22T10:48:44","slug":"lenzrosen-oster-markt-schloss-thurnau","status":"publish","type":"tribe_events","link":"https:\/\/www.leeb-balkone.com\/de\/messe\/lenzrosen-oster-markt-schloss-thurnau\/","title":{"rendered":"Lenzrosen &#038; Oster Markt Schloss Thurnau"},"content":{"rendered":"<p class=\"has-text-align-left has-text-color\">Entdecke die Sch\u00e4tze von rund 100 Ausstellern, entspanne bei Live Musik im<br \/>\nM\u00f6nchshof Biergarten, genie\u00dfe Caf\u00e9 und frische K\u00fcchla, Wein,\u00a0Veggies, Flammkuchen<br \/>\nund Fischspezialit\u00e4ten.<\/p>\n","protected":false},"excerpt":{"rendered":"","protected":false},"author":3,"featured_media":116805,"template":"","meta":{"_acf_changed":false,"_tribe_events_status":"","_tribe_events_status_reason":"","_tribe_events_is_hybrid":"","_tribe_events_is_virtual":"","_tribe_events_virtual_video_source":"","_tribe_events_virtual_embed_video":"","_tribe_events_virtual_linked_button_text":"","_tribe_events_virtual_linked_button":"","_tribe_events_virtual_show_embed_at":"","_tribe_events_virtual_show_embed_to":[],"_tribe_events_virtual_show_on_event":"","_tribe_events_virtual_show_on_views":"","_tribe_events_virtual_url":"","footnotes":""},"tags":[],"tribe_events_cat":[],"class_list":["post-116804","tribe_events","type-tribe_events","status-publish","has-post-thumbnail","hentry"],"acf":[],"yoast_head":"<!-- This site is optimized with the Yoast SEO plugin v27.2 - https:\/\/yoast.com\/product\/yoast-seo-wordpress\/ -->\n<title>Lenzrosen &amp; Oster Markt Schloss Thurnau - Leeb Balkone Deutschland<\/title>\n<meta name=\"description\" content=\"Entdecke die Sch\u00e4tze von rund 100 Ausstellern, entspanne bei Live Musik im M\u00f6nchshof Biergarten, genie\u00dfe Caf\u00e9 und frische K\u00fcchla, Wein,\u00a0Veggies,\" \/>\n<meta name=\"robots\" content=\"index, follow, max-snippet:-1, max-image-preview:large, max-video-preview:-1\" \/>\n<meta property=\"og:locale\" content=\"de_DE\" \/>\n<meta property=\"og:type\" content=\"article\" \/>\n<meta property=\"og:title\" content=\"Lenzrosen &amp; Oster Markt Schloss Thurnau - Leeb Balkone\" \/>\n<meta property=\"og:description\" content=\"Entdecke die Sch\u00e4tze von rund 100 Ausstellern, entspanne bei Live Musik im M\u00f6nchshof Biergarten, genie\u00dfe Caf\u00e9 und frische K\u00fcchla, Wein,\u00a0Veggies,\" \/>\n<meta property=\"og:url\" content=\"https:\/\/www.leeb-balkone.com\/de\/messe\/lenzrosen-oster-markt-schloss-thurnau\/\" \/>\n<meta property=\"og:site_name\" content=\"Leeb Balkone\" \/>\n<meta property=\"article:publisher\" content=\"https:\/\/www.facebook.com\/balkone\/\" \/>\n<meta property=\"og:image\" content=\"https:\/\/www.leeb-balkone.com\/app\/uploads\/2023\/02\/lenzrosen-und-ostermarkt-schloss-thurnau.jpg\" \/>\n\t<meta property=\"og:image:width\" content=\"238\" \/>\n\t<meta property=\"og:image:height\" content=\"118\" \/>\n\t<meta property=\"og:image:type\" content=\"image\/jpeg\" \/>\n<meta name=\"twitter:card\" content=\"summary_large_image\" \/>\n<script type=\"application\/ld+json\" class=\"yoast-schema-graph\">{\"@context\":\"https:\/\/schema.org\",\"@graph\":[{\"@type\":\"WebPage\",\"@id\":\"https:\/\/www.leeb-balkone.com\/de\/messe\/lenzrosen-oster-markt-schloss-thurnau\/\",\"url\":\"https:\/\/www.leeb-balkone.com\/de\/messe\/lenzrosen-oster-markt-schloss-thurnau\/\",\"name\":\"Lenzrosen & Oster Markt Schloss Thurnau - Leeb Balkone\",\"isPartOf\":{\"@id\":\"https:\/\/www.leeb-balkone.com\/de\/#website\"},\"primaryImageOfPage\":{\"@id\":\"https:\/\/www.leeb-balkone.com\/de\/messe\/lenzrosen-oster-markt-schloss-thurnau\/#primaryimage\"},\"image\":{\"@id\":\"https:\/\/www.leeb-balkone.com\/de\/messe\/lenzrosen-oster-markt-schloss-thurnau\/#primaryimage\"},\"thumbnailUrl\":\"https:\/\/www.leeb-balkone.com\/app\/uploads\/2023\/02\/lenzrosen-und-ostermarkt-schloss-thurnau.jpg\",\"datePublished\":\"2023-02-22T10:48:44+00:00\",\"description\":\"Entdecke die Sch\u00e4tze von rund 100 Ausstellern, entspanne bei Live Musik im M\u00f6nchshof Biergarten, genie\u00dfe Caf\u00e9 und frische K\u00fcchla, Wein,\u00a0Veggies,\",\"breadcrumb\":{\"@id\":\"https:\/\/www.leeb-balkone.com\/de\/messe\/lenzrosen-oster-markt-schloss-thurnau\/#breadcrumb\"},\"inLanguage\":\"de\",\"potentialAction\":[{\"@type\":\"ReadAction\",\"target\":[\"https:\/\/www.leeb-balkone.com\/de\/messe\/lenzrosen-oster-markt-schloss-thurnau\/\"]}]},{\"@type\":\"ImageObject\",\"inLanguage\":\"de\",\"@id\":\"https:\/\/www.leeb-balkone.com\/de\/messe\/lenzrosen-oster-markt-schloss-thurnau\/#primaryimage\",\"url\":\"https:\/\/www.leeb-balkone.com\/app\/uploads\/2023\/02\/lenzrosen-und-ostermarkt-schloss-thurnau.jpg\",\"contentUrl\":\"https:\/\/www.leeb-balkone.com\/app\/uploads\/2023\/02\/lenzrosen-und-ostermarkt-schloss-thurnau.jpg\",\"width\":238,\"height\":118},{\"@type\":\"BreadcrumbList\",\"@id\":\"https:\/\/www.leeb-balkone.com\/de\/messe\/lenzrosen-oster-markt-schloss-thurnau\/#breadcrumb\",\"itemListElement\":[{\"@type\":\"ListItem\",\"position\":1,\"name\":\"Home\",\"item\":\"https:\/\/www.leeb-balkone.com\/de\/\"},{\"@type\":\"ListItem\",\"position\":2,\"name\":\"Veranstaltungen\",\"item\":\"https:\/\/www.leeb-balkone.com\/de\/messe\/\"},{\"@type\":\"ListItem\",\"position\":3,\"name\":\"Lenzrosen &#038; Oster Markt Schloss Thurnau\"}]},{\"@type\":\"WebSite\",\"@id\":\"https:\/\/www.leeb-balkone.com\/de\/#website\",\"url\":\"https:\/\/www.leeb-balkone.com\/de\/\",\"name\":\"Leeb Balkone\",\"description\":\"Balkone und Z\u00e4une\",\"publisher\":{\"@id\":\"https:\/\/www.leeb-balkone.com\/de\/#organization\"},\"potentialAction\":[{\"@type\":\"SearchAction\",\"target\":{\"@type\":\"EntryPoint\",\"urlTemplate\":\"https:\/\/www.leeb-balkone.com\/de\/?s={search_term_string}\"},\"query-input\":{\"@type\":\"PropertyValueSpecification\",\"valueRequired\":true,\"valueName\":\"search_term_string\"}}],\"inLanguage\":\"de\"},{\"@type\":\"Organization\",\"@id\":\"https:\/\/www.leeb-balkone.com\/de\/#organization\",\"name\":\"Leeb Balkone Gmbh\",\"url\":\"https:\/\/www.leeb-balkone.com\/de\/\",\"logo\":{\"@type\":\"ImageObject\",\"inLanguage\":\"de\",\"@id\":\"https:\/\/www.leeb-balkone.com\/de\/#\/schema\/logo\/image\/\",\"url\":\"https:\/\/www.leeb-balkone.com\/app\/uploads\/2020\/11\/leeb-logo.svg\",\"contentUrl\":\"https:\/\/www.leeb-balkone.com\/app\/uploads\/2020\/11\/leeb-logo.svg\",\"width\":741,\"height\":204,\"caption\":\"Leeb Balkone Gmbh\"},\"image\":{\"@id\":\"https:\/\/www.leeb-balkone.com\/de\/#\/schema\/logo\/image\/\"},\"sameAs\":[\"https:\/\/www.facebook.com\/balkone\/\",\"https:\/\/www.trustedshops.at\/bewertung\/info_X4587CCF5833E31AFE0B11F47D86999F2.html\",\"https:\/\/www.trustedshops.de\/bewertung\/info_X7BA536A7A0BDC86D36C4718E4DCAEEEF.html\",\"https:\/\/www.google.com\/maps\/place\/?q=place_id:ChIJ5-zH19-IcEcR9HonWRTllHI\"]}]}<\/script>\n<!-- \/ Yoast SEO plugin. -->","yoast_head_json":{"title":"Lenzrosen & Oster Markt Schloss Thurnau - Leeb Balkone Deutschland","description":"Entdecke die Sch\u00e4tze von rund 100 Ausstellern, entspanne bei Live Musik im M\u00f6nchshof Biergarten, genie\u00dfe Caf\u00e9 und frische K\u00fcchla, Wein,\u00a0Veggies,","robots":{"index":"index","follow":"follow","max-snippet":"max-snippet:-1","max-image-preview":"max-image-preview:large","max-video-preview":"max-video-preview:-1"},"og_locale":"de_DE","og_type":"article","og_title":"Lenzrosen & Oster Markt Schloss Thurnau - Leeb Balkone","og_description":"Entdecke die Sch\u00e4tze von rund 100 Ausstellern, entspanne bei Live Musik im M\u00f6nchshof Biergarten, genie\u00dfe Caf\u00e9 und frische K\u00fcchla, Wein,\u00a0Veggies,","og_url":"https:\/\/www.leeb-balkone.com\/de\/messe\/lenzrosen-oster-markt-schloss-thurnau\/","og_site_name":"Leeb Balkone","article_publisher":"https:\/\/www.facebook.com\/balkone\/","og_image":[{"width":238,"height":118,"url":"https:\/\/www.leeb-balkone.com\/app\/uploads\/2023\/02\/lenzrosen-und-ostermarkt-schloss-thurnau.jpg","type":"image\/jpeg"}],"twitter_card":"summary_large_image","schema":{"@context":"https:\/\/schema.org","@graph":[{"@type":"WebPage","@id":"https:\/\/www.leeb-balkone.com\/de\/messe\/lenzrosen-oster-markt-schloss-thurnau\/","url":"https:\/\/www.leeb-balkone.com\/de\/messe\/lenzrosen-oster-markt-schloss-thurnau\/","name":"Lenzrosen & Oster Markt Schloss Thurnau - Leeb Balkone","isPartOf":{"@id":"https:\/\/www.leeb-balkone.com\/de\/#website"},"primaryImageOfPage":{"@id":"https:\/\/www.leeb-balkone.com\/de\/messe\/lenzrosen-oster-markt-schloss-thurnau\/#primaryimage"},"image":{"@id":"https:\/\/www.leeb-balkone.com\/de\/messe\/lenzrosen-oster-markt-schloss-thurnau\/#primaryimage"},"thumbnailUrl":"https:\/\/www.leeb-balkone.com\/app\/uploads\/2023\/02\/lenzrosen-und-ostermarkt-schloss-thurnau.jpg","datePublished":"2023-02-22T10:48:44+00:00","description":"Entdecke die Sch\u00e4tze von rund 100 Ausstellern, entspanne bei Live Musik im M\u00f6nchshof Biergarten, genie\u00dfe Caf\u00e9 und frische K\u00fcchla, Wein,\u00a0Veggies,","breadcrumb":{"@id":"https:\/\/www.leeb-balkone.com\/de\/messe\/lenzrosen-oster-markt-schloss-thurnau\/#breadcrumb"},"inLanguage":"de","potentialAction":[{"@type":"ReadAction","target":["https:\/\/www.leeb-balkone.com\/de\/messe\/lenzrosen-oster-markt-schloss-thurnau\/"]}]},{"@type":"ImageObject","inLanguage":"de","@id":"https:\/\/www.leeb-balkone.com\/de\/messe\/lenzrosen-oster-markt-schloss-thurnau\/#primaryimage","url":"https:\/\/www.leeb-balkone.com\/app\/uploads\/2023\/02\/lenzrosen-und-ostermarkt-schloss-thurnau.jpg","contentUrl":"https:\/\/www.leeb-balkone.com\/app\/uploads\/2023\/02\/lenzrosen-und-ostermarkt-schloss-thurnau.jpg","width":238,"height":118},{"@type":"BreadcrumbList","@id":"https:\/\/www.leeb-balkone.com\/de\/messe\/lenzrosen-oster-markt-schloss-thurnau\/#breadcrumb","itemListElement":[{"@type":"ListItem","position":1,"name":"Home","item":"https:\/\/www.leeb-balkone.com\/de\/"},{"@type":"ListItem","position":2,"name":"Veranstaltungen","item":"https:\/\/www.leeb-balkone.com\/de\/messe\/"},{"@type":"ListItem","position":3,"name":"Lenzrosen &#038; Oster Markt Schloss Thurnau"}]},{"@type":"WebSite","@id":"https:\/\/www.leeb-balkone.com\/de\/#website","url":"https:\/\/www.leeb-balkone.com\/de\/","name":"Leeb Balkone","description":"Balkone und Z\u00e4une","publisher":{"@id":"https:\/\/www.leeb-balkone.com\/de\/#organization"},"potentialAction":[{"@type":"SearchAction","target":{"@type":"EntryPoint","urlTemplate":"https:\/\/www.leeb-balkone.com\/de\/?s={search_term_string}"},"query-input":{"@type":"PropertyValueSpecification","valueRequired":true,"valueName":"search_term_string"}}],"inLanguage":"de"},{"@type":"Organization","@id":"https:\/\/www.leeb-balkone.com\/de\/#organization","name":"Leeb Balkone Gmbh","url":"https:\/\/www.leeb-balkone.com\/de\/","logo":{"@type":"ImageObject","inLanguage":"de","@id":"https:\/\/www.leeb-balkone.com\/de\/#\/schema\/logo\/image\/","url":"https:\/\/www.leeb-balkone.com\/app\/uploads\/2020\/11\/leeb-logo.svg","contentUrl":"https:\/\/www.leeb-balkone.com\/app\/uploads\/2020\/11\/leeb-logo.svg","width":741,"height":204,"caption":"Leeb Balkone Gmbh"},"image":{"@id":"https:\/\/www.leeb-balkone.com\/de\/#\/schema\/logo\/image\/"},"sameAs":["https:\/\/www.facebook.com\/balkone\/","https:\/\/www.trustedshops.at\/bewertung\/info_X4587CCF5833E31AFE0B11F47D86999F2.html","https:\/\/www.trustedshops.de\/bewertung\/info_X7BA536A7A0BDC86D36C4718E4DCAEEEF.html","https:\/\/www.google.com\/maps\/place\/?q=place_id:ChIJ5-zH19-IcEcR9HonWRTllHI"]}]}},"_links":{"self":[{"href":"https:\/\/www.leeb-balkone.com\/de\/wp-json\/wp\/v2\/tribe_events\/116804","targetHints":{"allow":["GET"]}}],"collection":[{"href":"https:\/\/www.leeb-balkone.com\/de\/wp-json\/wp\/v2\/tribe_events"}],"about":[{"href":"https:\/\/www.leeb-balkone.com\/de\/wp-json\/wp\/v2\/types\/tribe_events"}],"author":[{"embeddable":true,"href":"https:\/\/www.leeb-balkone.com\/de\/wp-json\/wp\/v2\/users\/3"}],"version-history":[{"count":0,"href":"https:\/\/www.leeb-balkone.com\/de\/wp-json\/wp\/v2\/tribe_events\/116804\/revisions"}],"wp:featuredmedia":[{"embeddable":true,"href":"https:\/\/www.leeb-balkone.com\/de\/wp-json\/wp\/v2\/media\/116805"}],"wp:attachment":[{"href":"https:\/\/www.leeb-balkone.com\/de\/wp-json\/wp\/v2\/media?parent=116804"}],"wp:term":[{"taxonomy":"post_tag","embeddable":true,"href":"https:\/\/www.leeb-balkone.com\/de\/wp-json\/wp\/v2\/tags?post=116804"},{"taxonomy":"tribe_events_cat","embeddable":true,"href":"https:\/\/www.leeb-balkone.com\/de\/wp-json\/wp\/v2\/tribe_events_cat?post=116804"}],"curies":[{"name":"wp","href":"https:\/\/api.w.org\/{rel}","templated":true}]}}

<p class="has-text-align-left has-text-color">Entdecke die Schätze von rund 100 Ausstellern, entspanne bei Live Musik im<br />
Mönchshof Biergarten, genieße Café und frische Küchla, Wein, Veggies, Flammkuchen<br />
und Fischspezialitäten.</p>

<!-- This site is optimized with the Yoast SEO plugin v27.2 - https://yoast.com/product/yoast-seo-wordpress/ -->
<title>Lenzrosen &amp; Oster Markt Schloss Thurnau - Leeb Balkone Deutschland</title>
<meta name="description" content="Entdecke die Schätze von rund 100 Ausstellern, entspanne bei Live Musik im Mönchshof Biergarten, genieße Café und frische Küchla, Wein, Veggies," />
<meta name="robots" content="index, follow, max-snippet:-1, max-image-preview:large, max-video-preview:-1" />
<meta property="og:locale" content="de_DE" />
<meta property="og:type" content="article" />
<meta property="og:title" content="Lenzrosen &amp; Oster Markt Schloss Thurnau - Leeb Balkone" />
<meta property="og:description" content="Entdecke die Schätze von rund 100 Ausstellern, entspanne bei Live Musik im Mönchshof Biergarten, genieße Café und frische Küchla, Wein, Veggies," />
<meta property="og:url" content="https://www.leeb-balkone.com/de/messe/lenzrosen-oster-markt-schloss-thurnau/" />
<meta property="og:site_name" content="Leeb Balkone" />
<meta property="article:publisher" content="https://www.facebook.com/balkone/" />
<meta property="og:image" content="https://www.leeb-balkone.com/app/uploads/2023/02/lenzrosen-und-ostermarkt-schloss-thurnau.jpg" />
	<meta property="og:image:width" content="238" />
	<meta property="og:image:height" content="118" />
	<meta property="og:image:type" content="image/jpeg" />
<meta name="twitter:card" content="summary_large_image" />
<script type="application/ld+json" class="yoast-schema-graph">{"@context":"https://schema.org","@graph":[{"@type":"WebPage","@id":"https://www.leeb-balkone.com/de/messe/lenzrosen-oster-markt-schloss-thurnau/","url":"https://www.leeb-balkone.com/de/messe/lenzrosen-oster-markt-schloss-thurnau/","name":"Lenzrosen & Oster Markt Schloss Thurnau - Leeb Balkone","isPartOf":{"@id":"https://www.leeb-balkone.com/de/#website"},"primaryImageOfPage":{"@id":"https://www.leeb-balkone.com/de/messe/lenzrosen-oster-markt-schloss-thurnau/#primaryimage"},"image":{"@id":"https://www.leeb-balkone.com/de/messe/lenzrosen-oster-markt-schloss-thurnau/#primaryimage"},"thumbnailUrl":"https://www.leeb-balkone.com/app/uploads/2023/02/lenzrosen-und-ostermarkt-schloss-thurnau.jpg","datePublished":"2023-02-22T10:48:44+00:00","description":"Entdecke die Schätze von rund 100 Ausstellern, entspanne bei Live Musik im Mönchshof Biergarten, genieße Café und frische Küchla, Wein, Veggies,","breadcrumb":{"@id":"https://www.leeb-balkone.com/de/messe/lenzrosen-oster-markt-schloss-thurnau/#breadcrumb"},"inLanguage":"de","potentialAction":[{"@type":"ReadAction","target":["https://www.leeb-balkone.com/de/messe/lenzrosen-oster-markt-schloss-thurnau/"]}]},{"@type":"ImageObject","inLanguage":"de","@id":"https://www.leeb-balkone.com/de/messe/lenzrosen-oster-markt-schloss-thurnau/#primaryimage","url":"https://www.leeb-balkone.com/app/uploads/2023/02/lenzrosen-und-ostermarkt-schloss-thurnau.jpg","contentUrl":"https://www.leeb-balkone.com/app/uploads/2023/02/lenzrosen-und-ostermarkt-schloss-thurnau.jpg","width":238,"height":118},{"@type":"BreadcrumbList","@id":"https://www.leeb-balkone.com/de/messe/lenzrosen-oster-markt-schloss-thurnau/#breadcrumb","itemListElement":[{"@type":"ListItem","position":1,"name":"Home","item":"https://www.leeb-balkone.com/de/"},{"@type":"ListItem","position":2,"name":"Veranstaltungen","item":"https://www.leeb-balkone.com/de/messe/"},{"@type":"ListItem","position":3,"name":"Lenzrosen &#038; Oster Markt Schloss Thurnau"}]},{"@type":"WebSite","@id":"https://www.leeb-balkone.com/de/#website","url":"https://www.leeb-balkone.com/de/","name":"Leeb Balkone","description":"Balkone und Zäune","publisher":{"@id":"https://www.leeb-balkone.com/de/#organization"},"potentialAction":[{"@type":"SearchAction","target":{"@type":"EntryPoint","urlTemplate":"https://www.leeb-balkone.com/de/?s={search_term_string}"},"query-input":{"@type":"PropertyValueSpecification","valueRequired":true,"valueName":"search_term_string"}}],"inLanguage":"de"},{"@type":"Organization","@id":"https://www.leeb-balkone.com/de/#organization","name":"Leeb Balkone Gmbh","url":"https://www.leeb-balkone.com/de/","logo":{"@type":"ImageObject","inLanguage":"de","@id":"https://www.leeb-balkone.com/de/#/schema/logo/image/","url":"https://www.leeb-balkone.com/app/uploads/2020/11/leeb-logo.svg","contentUrl":"https://www.leeb-balkone.com/app/uploads/2020/11/leeb-logo.svg","width":741,"height":204,"caption":"Leeb Balkone Gmbh"},"image":{"@id":"https://www.leeb-balkone.com/de/#/schema/logo/image/"},"sameAs":["https://www.facebook.com/balkone/","https://www.trustedshops.at/bewertung/info_X4587CCF5833E31AFE0B11F47D86999F2.html","https://www.trustedshops.de/bewertung/info_X7BA536A7A0BDC86D36C4718E4DCAEEEF.html","https://www.google.com/maps/place/?q=place_id:ChIJ5-zH19-IcEcR9HonWRTllHI"]}]}</script>
<!-- / Yoast SEO plugin. -->

Entdecke die Schätze von rund 100 Ausstellern, entspanne bei Live Musik im Mönchshof Biergarten, genieße Café und frische Küchla, Wein, Veggies,

Balkone und Zäune
