{"id":107319,"date":"2022-11-21T11:41:46","date_gmt":"2022-11-21T11:41:46","guid":{"rendered":"https:\/\/www.leeb-balkone.com\/de\/?post_type=tribe_events&#038;p=107319"},"modified":"2026-01-26T09:08:13","modified_gmt":"2026-01-26T09:08:13","slug":"meinzuhause-aschaffenburg","status":"publish","type":"tribe_events","link":"https:\/\/www.leeb-balkone.com\/de\/messe\/meinzuhause-aschaffenburg\/","title":{"rendered":"meinZuhause! Aschaffenburg"},"content":{"rendered":"<p><strong data-start=\"0\" data-end=\"47\">BAU + IMMO MESSE meinZuhause! Aschaffenburg<\/strong> \u2013 Die Messe f\u00fcr Hausbau, Immobilien und Wohnen. Bereits zum 13. Mal bietet die Veranstaltung eine Plattform f\u00fcr alle Themen rund ums Zuhause \u2013 von Finanzierung und Energie bis zu Renovierung und Sicherheit. Besucher erwarten Expertenvortr\u00e4ge, eine gro\u00dfe Expos\u00e9wand und neutrale Beratung der Polizei zum Einbruchschutz. Ideal f\u00fcr alle, die bauen, modernisieren oder ihr Zuhause sicherer gestalten m\u00f6chten.<\/p>\n<p><strong>Messethemen<\/strong><br \/>\n\u2022 Hausbau und Immobilien<br \/>\n\u2022 Finanzierung und F\u00f6rdermittel<br \/>\n\u2022 Baustoffe- und Bauelemente<br \/>\n\u2022 Energie und Haustechnik<br \/>\n\u2022 Renovierung und Sanierung<br \/>\n\u2022 Einbruchschutz und Sicherheit<br \/>\n\u2022 Wohnen und Garten<\/p>\n","protected":false},"excerpt":{"rendered":"","protected":false},"author":3,"featured_media":18283,"template":"","meta":{"_acf_changed":false,"_tribe_events_status":"","_tribe_events_status_reason":"","_tribe_events_is_hybrid":"","_tribe_events_is_virtual":"","_tribe_events_virtual_video_source":"","_tribe_events_virtual_embed_video":"","_tribe_events_virtual_linked_button_text":"","_tribe_events_virtual_linked_button":"","_tribe_events_virtual_show_embed_at":"","_tribe_events_virtual_show_embed_to":[],"_tribe_events_virtual_show_on_event":"","_tribe_events_virtual_show_on_views":"","_tribe_events_virtual_url":"","footnotes":""},"tags":[],"tribe_events_cat":[],"class_list":["post-107319","tribe_events","type-tribe_events","status-publish","has-post-thumbnail","hentry"],"acf":[],"yoast_head":"<!-- This site is optimized with the Yoast SEO plugin v27.2 - https:\/\/yoast.com\/product\/yoast-seo-wordpress\/ -->\n<title>meinZuhause! Aschaffenburg - Leeb Balkone Deutschland<\/title>\n<meta name=\"description\" content=\"BAU + IMMO MESSE meinZuhause! Aschaffenburg \u2013 Die Messe f\u00fcr Hausbau, Immobilien und Wohnen. Bereits zum 13. Mal bietet die Veranstaltung eine Plattform\" \/>\n<meta name=\"robots\" content=\"index, follow, max-snippet:-1, max-image-preview:large, max-video-preview:-1\" \/>\n<meta property=\"og:locale\" content=\"de_DE\" \/>\n<meta property=\"og:type\" content=\"article\" \/>\n<meta property=\"og:title\" content=\"meinZuhause! Aschaffenburg - Leeb Balkone\" \/>\n<meta property=\"og:description\" content=\"BAU + IMMO MESSE meinZuhause! Aschaffenburg \u2013 Die Messe f\u00fcr Hausbau, Immobilien und Wohnen. Bereits zum 13. Mal bietet die Veranstaltung eine Plattform\" \/>\n<meta property=\"og:url\" content=\"https:\/\/www.leeb-balkone.com\/de\/messe\/meinzuhause-aschaffenburg\/\" \/>\n<meta property=\"og:site_name\" content=\"Leeb Balkone\" \/>\n<meta property=\"article:publisher\" content=\"https:\/\/www.facebook.com\/balkone\/\" \/>\n<meta property=\"article:modified_time\" content=\"2026-01-26T09:08:13+00:00\" \/>\n<meta property=\"og:image\" content=\"https:\/\/www.leeb-balkone.com\/app\/uploads\/2020\/12\/meinzuhause-heidenheim.png\" \/>\n\t<meta property=\"og:image:width\" content=\"200\" \/>\n\t<meta property=\"og:image:height\" content=\"200\" \/>\n\t<meta property=\"og:image:type\" content=\"image\/png\" \/>\n<meta name=\"twitter:card\" content=\"summary_large_image\" \/>\n<script type=\"application\/ld+json\" class=\"yoast-schema-graph\">{\"@context\":\"https:\/\/schema.org\",\"@graph\":[{\"@type\":\"WebPage\",\"@id\":\"https:\/\/www.leeb-balkone.com\/de\/messe\/meinzuhause-aschaffenburg\/\",\"url\":\"https:\/\/www.leeb-balkone.com\/de\/messe\/meinzuhause-aschaffenburg\/\",\"name\":\"meinZuhause! Aschaffenburg - Leeb Balkone\",\"isPartOf\":{\"@id\":\"https:\/\/www.leeb-balkone.com\/de\/#website\"},\"primaryImageOfPage\":{\"@id\":\"https:\/\/www.leeb-balkone.com\/de\/messe\/meinzuhause-aschaffenburg\/#primaryimage\"},\"image\":{\"@id\":\"https:\/\/www.leeb-balkone.com\/de\/messe\/meinzuhause-aschaffenburg\/#primaryimage\"},\"thumbnailUrl\":\"https:\/\/www.leeb-balkone.com\/app\/uploads\/2020\/12\/meinzuhause-heidenheim.png\",\"datePublished\":\"2022-11-21T11:41:46+00:00\",\"dateModified\":\"2026-01-26T09:08:13+00:00\",\"description\":\"BAU + IMMO MESSE meinZuhause! Aschaffenburg \u2013 Die Messe f\u00fcr Hausbau, Immobilien und Wohnen. Bereits zum 13. Mal bietet die Veranstaltung eine Plattform\",\"breadcrumb\":{\"@id\":\"https:\/\/www.leeb-balkone.com\/de\/messe\/meinzuhause-aschaffenburg\/#breadcrumb\"},\"inLanguage\":\"de\",\"potentialAction\":[{\"@type\":\"ReadAction\",\"target\":[\"https:\/\/www.leeb-balkone.com\/de\/messe\/meinzuhause-aschaffenburg\/\"]}]},{\"@type\":\"ImageObject\",\"inLanguage\":\"de\",\"@id\":\"https:\/\/www.leeb-balkone.com\/de\/messe\/meinzuhause-aschaffenburg\/#primaryimage\",\"url\":\"https:\/\/www.leeb-balkone.com\/app\/uploads\/2020\/12\/meinzuhause-heidenheim.png\",\"contentUrl\":\"https:\/\/www.leeb-balkone.com\/app\/uploads\/2020\/12\/meinzuhause-heidenheim.png\",\"width\":200,\"height\":200,\"caption\":\"Messe mein Zuhause Heidenheim\"},{\"@type\":\"BreadcrumbList\",\"@id\":\"https:\/\/www.leeb-balkone.com\/de\/messe\/meinzuhause-aschaffenburg\/#breadcrumb\",\"itemListElement\":[{\"@type\":\"ListItem\",\"position\":1,\"name\":\"Home\",\"item\":\"https:\/\/www.leeb-balkone.com\/de\/\"},{\"@type\":\"ListItem\",\"position\":2,\"name\":\"Veranstaltungen\",\"item\":\"https:\/\/www.leeb-balkone.com\/de\/messe\/\"},{\"@type\":\"ListItem\",\"position\":3,\"name\":\"meinZuhause! Aschaffenburg\"}]},{\"@type\":\"WebSite\",\"@id\":\"https:\/\/www.leeb-balkone.com\/de\/#website\",\"url\":\"https:\/\/www.leeb-balkone.com\/de\/\",\"name\":\"Leeb Balkone\",\"description\":\"Balkone und Z\u00e4une\",\"publisher\":{\"@id\":\"https:\/\/www.leeb-balkone.com\/de\/#organization\"},\"potentialAction\":[{\"@type\":\"SearchAction\",\"target\":{\"@type\":\"EntryPoint\",\"urlTemplate\":\"https:\/\/www.leeb-balkone.com\/de\/?s={search_term_string}\"},\"query-input\":{\"@type\":\"PropertyValueSpecification\",\"valueRequired\":true,\"valueName\":\"search_term_string\"}}],\"inLanguage\":\"de\"},{\"@type\":\"Organization\",\"@id\":\"https:\/\/www.leeb-balkone.com\/de\/#organization\",\"name\":\"Leeb Balkone Gmbh\",\"url\":\"https:\/\/www.leeb-balkone.com\/de\/\",\"logo\":{\"@type\":\"ImageObject\",\"inLanguage\":\"de\",\"@id\":\"https:\/\/www.leeb-balkone.com\/de\/#\/schema\/logo\/image\/\",\"url\":\"https:\/\/www.leeb-balkone.com\/app\/uploads\/2020\/11\/leeb-logo.svg\",\"contentUrl\":\"https:\/\/www.leeb-balkone.com\/app\/uploads\/2020\/11\/leeb-logo.svg\",\"width\":741,\"height\":204,\"caption\":\"Leeb Balkone Gmbh\"},\"image\":{\"@id\":\"https:\/\/www.leeb-balkone.com\/de\/#\/schema\/logo\/image\/\"},\"sameAs\":[\"https:\/\/www.facebook.com\/balkone\/\",\"https:\/\/www.trustedshops.at\/bewertung\/info_X4587CCF5833E31AFE0B11F47D86999F2.html\",\"https:\/\/www.trustedshops.de\/bewertung\/info_X7BA536A7A0BDC86D36C4718E4DCAEEEF.html\",\"https:\/\/www.google.com\/maps\/place\/?q=place_id:ChIJ5-zH19-IcEcR9HonWRTllHI\"]}]}<\/script>\n<!-- \/ Yoast SEO plugin. -->","yoast_head_json":{"title":"meinZuhause! Aschaffenburg - Leeb Balkone Deutschland","description":"BAU + IMMO MESSE meinZuhause! Aschaffenburg \u2013 Die Messe f\u00fcr Hausbau, Immobilien und Wohnen. Bereits zum 13. Mal bietet die Veranstaltung eine Plattform","robots":{"index":"index","follow":"follow","max-snippet":"max-snippet:-1","max-image-preview":"max-image-preview:large","max-video-preview":"max-video-preview:-1"},"og_locale":"de_DE","og_type":"article","og_title":"meinZuhause! Aschaffenburg - Leeb Balkone","og_description":"BAU + IMMO MESSE meinZuhause! Aschaffenburg \u2013 Die Messe f\u00fcr Hausbau, Immobilien und Wohnen. Bereits zum 13. Mal bietet die Veranstaltung eine Plattform","og_url":"https:\/\/www.leeb-balkone.com\/de\/messe\/meinzuhause-aschaffenburg\/","og_site_name":"Leeb Balkone","article_publisher":"https:\/\/www.facebook.com\/balkone\/","article_modified_time":"2026-01-26T09:08:13+00:00","og_image":[{"width":200,"height":200,"url":"https:\/\/www.leeb-balkone.com\/app\/uploads\/2020\/12\/meinzuhause-heidenheim.png","type":"image\/png"}],"twitter_card":"summary_large_image","schema":{"@context":"https:\/\/schema.org","@graph":[{"@type":"WebPage","@id":"https:\/\/www.leeb-balkone.com\/de\/messe\/meinzuhause-aschaffenburg\/","url":"https:\/\/www.leeb-balkone.com\/de\/messe\/meinzuhause-aschaffenburg\/","name":"meinZuhause! Aschaffenburg - Leeb Balkone","isPartOf":{"@id":"https:\/\/www.leeb-balkone.com\/de\/#website"},"primaryImageOfPage":{"@id":"https:\/\/www.leeb-balkone.com\/de\/messe\/meinzuhause-aschaffenburg\/#primaryimage"},"image":{"@id":"https:\/\/www.leeb-balkone.com\/de\/messe\/meinzuhause-aschaffenburg\/#primaryimage"},"thumbnailUrl":"https:\/\/www.leeb-balkone.com\/app\/uploads\/2020\/12\/meinzuhause-heidenheim.png","datePublished":"2022-11-21T11:41:46+00:00","dateModified":"2026-01-26T09:08:13+00:00","description":"BAU + IMMO MESSE meinZuhause! Aschaffenburg \u2013 Die Messe f\u00fcr Hausbau, Immobilien und Wohnen. Bereits zum 13. Mal bietet die Veranstaltung eine Plattform","breadcrumb":{"@id":"https:\/\/www.leeb-balkone.com\/de\/messe\/meinzuhause-aschaffenburg\/#breadcrumb"},"inLanguage":"de","potentialAction":[{"@type":"ReadAction","target":["https:\/\/www.leeb-balkone.com\/de\/messe\/meinzuhause-aschaffenburg\/"]}]},{"@type":"ImageObject","inLanguage":"de","@id":"https:\/\/www.leeb-balkone.com\/de\/messe\/meinzuhause-aschaffenburg\/#primaryimage","url":"https:\/\/www.leeb-balkone.com\/app\/uploads\/2020\/12\/meinzuhause-heidenheim.png","contentUrl":"https:\/\/www.leeb-balkone.com\/app\/uploads\/2020\/12\/meinzuhause-heidenheim.png","width":200,"height":200,"caption":"Messe mein Zuhause Heidenheim"},{"@type":"BreadcrumbList","@id":"https:\/\/www.leeb-balkone.com\/de\/messe\/meinzuhause-aschaffenburg\/#breadcrumb","itemListElement":[{"@type":"ListItem","position":1,"name":"Home","item":"https:\/\/www.leeb-balkone.com\/de\/"},{"@type":"ListItem","position":2,"name":"Veranstaltungen","item":"https:\/\/www.leeb-balkone.com\/de\/messe\/"},{"@type":"ListItem","position":3,"name":"meinZuhause! Aschaffenburg"}]},{"@type":"WebSite","@id":"https:\/\/www.leeb-balkone.com\/de\/#website","url":"https:\/\/www.leeb-balkone.com\/de\/","name":"Leeb Balkone","description":"Balkone und Z\u00e4une","publisher":{"@id":"https:\/\/www.leeb-balkone.com\/de\/#organization"},"potentialAction":[{"@type":"SearchAction","target":{"@type":"EntryPoint","urlTemplate":"https:\/\/www.leeb-balkone.com\/de\/?s={search_term_string}"},"query-input":{"@type":"PropertyValueSpecification","valueRequired":true,"valueName":"search_term_string"}}],"inLanguage":"de"},{"@type":"Organization","@id":"https:\/\/www.leeb-balkone.com\/de\/#organization","name":"Leeb Balkone Gmbh","url":"https:\/\/www.leeb-balkone.com\/de\/","logo":{"@type":"ImageObject","inLanguage":"de","@id":"https:\/\/www.leeb-balkone.com\/de\/#\/schema\/logo\/image\/","url":"https:\/\/www.leeb-balkone.com\/app\/uploads\/2020\/11\/leeb-logo.svg","contentUrl":"https:\/\/www.leeb-balkone.com\/app\/uploads\/2020\/11\/leeb-logo.svg","width":741,"height":204,"caption":"Leeb Balkone Gmbh"},"image":{"@id":"https:\/\/www.leeb-balkone.com\/de\/#\/schema\/logo\/image\/"},"sameAs":["https:\/\/www.facebook.com\/balkone\/","https:\/\/www.trustedshops.at\/bewertung\/info_X4587CCF5833E31AFE0B11F47D86999F2.html","https:\/\/www.trustedshops.de\/bewertung\/info_X7BA536A7A0BDC86D36C4718E4DCAEEEF.html","https:\/\/www.google.com\/maps\/place\/?q=place_id:ChIJ5-zH19-IcEcR9HonWRTllHI"]}]}},"_links":{"self":[{"href":"https:\/\/www.leeb-balkone.com\/de\/wp-json\/wp\/v2\/tribe_events\/107319","targetHints":{"allow":["GET"]}}],"collection":[{"href":"https:\/\/www.leeb-balkone.com\/de\/wp-json\/wp\/v2\/tribe_events"}],"about":[{"href":"https:\/\/www.leeb-balkone.com\/de\/wp-json\/wp\/v2\/types\/tribe_events"}],"author":[{"embeddable":true,"href":"https:\/\/www.leeb-balkone.com\/de\/wp-json\/wp\/v2\/users\/3"}],"version-history":[{"count":3,"href":"https:\/\/www.leeb-balkone.com\/de\/wp-json\/wp\/v2\/tribe_events\/107319\/revisions"}],"predecessor-version":[{"id":163283,"href":"https:\/\/www.leeb-balkone.com\/de\/wp-json\/wp\/v2\/tribe_events\/107319\/revisions\/163283"}],"wp:featuredmedia":[{"embeddable":true,"href":"https:\/\/www.leeb-balkone.com\/de\/wp-json\/wp\/v2\/media\/18283"}],"wp:attachment":[{"href":"https:\/\/www.leeb-balkone.com\/de\/wp-json\/wp\/v2\/media?parent=107319"}],"wp:term":[{"taxonomy":"post_tag","embeddable":true,"href":"https:\/\/www.leeb-balkone.com\/de\/wp-json\/wp\/v2\/tags?post=107319"},{"taxonomy":"tribe_events_cat","embeddable":true,"href":"https:\/\/www.leeb-balkone.com\/de\/wp-json\/wp\/v2\/tribe_events_cat?post=107319"}],"curies":[{"name":"wp","href":"https:\/\/api.w.org\/{rel}","templated":true}]}}

<p><strong data-start="0" data-end="47">BAU + IMMO MESSE meinZuhause! Aschaffenburg</strong> – Die Messe für Hausbau, Immobilien und Wohnen. Bereits zum 13. Mal bietet die Veranstaltung eine Plattform für alle Themen rund ums Zuhause – von Finanzierung und Energie bis zu Renovierung und Sicherheit. Besucher erwarten Expertenvorträge, eine große Exposéwand und neutrale Beratung der Polizei zum Einbruchschutz. Ideal für alle, die bauen, modernisieren oder ihr Zuhause sicherer gestalten möchten.</p>
<p><strong>Messethemen</strong><br />
• Hausbau und Immobilien<br />
• Finanzierung und Fördermittel<br />
• Baustoffe- und Bauelemente<br />
• Energie und Haustechnik<br />
• Renovierung und Sanierung<br />
• Einbruchschutz und Sicherheit<br />
• Wohnen und Garten</p>

<!-- This site is optimized with the Yoast SEO plugin v27.2 - https://yoast.com/product/yoast-seo-wordpress/ -->
<title>meinZuhause! Aschaffenburg - Leeb Balkone Deutschland</title>
<meta name="description" content="BAU + IMMO MESSE meinZuhause! Aschaffenburg – Die Messe für Hausbau, Immobilien und Wohnen. Bereits zum 13. Mal bietet die Veranstaltung eine Plattform" />
<meta name="robots" content="index, follow, max-snippet:-1, max-image-preview:large, max-video-preview:-1" />
<meta property="og:locale" content="de_DE" />
<meta property="og:type" content="article" />
<meta property="og:title" content="meinZuhause! Aschaffenburg - Leeb Balkone" />
<meta property="og:description" content="BAU + IMMO MESSE meinZuhause! Aschaffenburg – Die Messe für Hausbau, Immobilien und Wohnen. Bereits zum 13. Mal bietet die Veranstaltung eine Plattform" />
<meta property="og:url" content="https://www.leeb-balkone.com/de/messe/meinzuhause-aschaffenburg/" />
<meta property="og:site_name" content="Leeb Balkone" />
<meta property="article:publisher" content="https://www.facebook.com/balkone/" />
<meta property="article:modified_time" content="2026-01-26T09:08:13+00:00" />
<meta property="og:image" content="https://www.leeb-balkone.com/app/uploads/2020/12/meinzuhause-heidenheim.png" />
	<meta property="og:image:width" content="200" />
	<meta property="og:image:height" content="200" />
	<meta property="og:image:type" content="image/png" />
<meta name="twitter:card" content="summary_large_image" />
<script type="application/ld+json" class="yoast-schema-graph">{"@context":"https://schema.org","@graph":[{"@type":"WebPage","@id":"https://www.leeb-balkone.com/de/messe/meinzuhause-aschaffenburg/","url":"https://www.leeb-balkone.com/de/messe/meinzuhause-aschaffenburg/","name":"meinZuhause! Aschaffenburg - Leeb Balkone","isPartOf":{"@id":"https://www.leeb-balkone.com/de/#website"},"primaryImageOfPage":{"@id":"https://www.leeb-balkone.com/de/messe/meinzuhause-aschaffenburg/#primaryimage"},"image":{"@id":"https://www.leeb-balkone.com/de/messe/meinzuhause-aschaffenburg/#primaryimage"},"thumbnailUrl":"https://www.leeb-balkone.com/app/uploads/2020/12/meinzuhause-heidenheim.png","datePublished":"2022-11-21T11:41:46+00:00","dateModified":"2026-01-26T09:08:13+00:00","description":"BAU + IMMO MESSE meinZuhause! Aschaffenburg – Die Messe für Hausbau, Immobilien und Wohnen. Bereits zum 13. Mal bietet die Veranstaltung eine Plattform","breadcrumb":{"@id":"https://www.leeb-balkone.com/de/messe/meinzuhause-aschaffenburg/#breadcrumb"},"inLanguage":"de","potentialAction":[{"@type":"ReadAction","target":["https://www.leeb-balkone.com/de/messe/meinzuhause-aschaffenburg/"]}]},{"@type":"ImageObject","inLanguage":"de","@id":"https://www.leeb-balkone.com/de/messe/meinzuhause-aschaffenburg/#primaryimage","url":"https://www.leeb-balkone.com/app/uploads/2020/12/meinzuhause-heidenheim.png","contentUrl":"https://www.leeb-balkone.com/app/uploads/2020/12/meinzuhause-heidenheim.png","width":200,"height":200,"caption":"Messe mein Zuhause Heidenheim"},{"@type":"BreadcrumbList","@id":"https://www.leeb-balkone.com/de/messe/meinzuhause-aschaffenburg/#breadcrumb","itemListElement":[{"@type":"ListItem","position":1,"name":"Home","item":"https://www.leeb-balkone.com/de/"},{"@type":"ListItem","position":2,"name":"Veranstaltungen","item":"https://www.leeb-balkone.com/de/messe/"},{"@type":"ListItem","position":3,"name":"meinZuhause! Aschaffenburg"}]},{"@type":"WebSite","@id":"https://www.leeb-balkone.com/de/#website","url":"https://www.leeb-balkone.com/de/","name":"Leeb Balkone","description":"Balkone und Zäune","publisher":{"@id":"https://www.leeb-balkone.com/de/#organization"},"potentialAction":[{"@type":"SearchAction","target":{"@type":"EntryPoint","urlTemplate":"https://www.leeb-balkone.com/de/?s={search_term_string}"},"query-input":{"@type":"PropertyValueSpecification","valueRequired":true,"valueName":"search_term_string"}}],"inLanguage":"de"},{"@type":"Organization","@id":"https://www.leeb-balkone.com/de/#organization","name":"Leeb Balkone Gmbh","url":"https://www.leeb-balkone.com/de/","logo":{"@type":"ImageObject","inLanguage":"de","@id":"https://www.leeb-balkone.com/de/#/schema/logo/image/","url":"https://www.leeb-balkone.com/app/uploads/2020/11/leeb-logo.svg","contentUrl":"https://www.leeb-balkone.com/app/uploads/2020/11/leeb-logo.svg","width":741,"height":204,"caption":"Leeb Balkone Gmbh"},"image":{"@id":"https://www.leeb-balkone.com/de/#/schema/logo/image/"},"sameAs":["https://www.facebook.com/balkone/","https://www.trustedshops.at/bewertung/info_X4587CCF5833E31AFE0B11F47D86999F2.html","https://www.trustedshops.de/bewertung/info_X7BA536A7A0BDC86D36C4718E4DCAEEEF.html","https://www.google.com/maps/place/?q=place_id:ChIJ5-zH19-IcEcR9HonWRTllHI"]}]}</script>
<!-- / Yoast SEO plugin. -->

BAU + IMMO MESSE meinZuhause! Aschaffenburg – Die Messe für Hausbau, Immobilien und Wohnen. Bereits zum 13. Mal bietet die Veranstaltung eine Plattform

Balkone und Zäune
