{"id":101051,"date":"2022-09-15T07:10:49","date_gmt":"2022-09-15T07:10:49","guid":{"rendered":"https:\/\/www.leeb-balkone.com\/de\/?post_type=tribe_events&#038;p=101051"},"modified":"2022-09-15T07:11:03","modified_gmt":"2022-09-15T07:11:03","slug":"bauplus-ulm","status":"publish","type":"tribe_events","link":"https:\/\/www.leeb-balkone.com\/de\/messe\/bauplus-ulm\/","title":{"rendered":"Bauplus Ulm"},"content":{"rendered":"<p>Die Bau- und Einrichtungsfachmesse BAUPLUS ist ein Treffpunkt mit Ausstellern aus der regionalen Wirtschaft f\u00fcr Haus- und Wohnungseigent\u00fcmer, Bauherren, Modernisierer und Renovierer sowie Heimwerker und alle die es werden wollen. Mittelst\u00e4ndische Unternehmen, Handwerker und Dienstleister stellen ihr Angebot an Produkten, Dienstleistungen und technischen Innovationen vor. Die Schwerpunkte der BAUPLUS drehen sich um\u00a0<strong>Bauen, Sanieren, Modernisieren, Wohnen und Garten.\u00a0<\/strong><\/p>\n","protected":false},"excerpt":{"rendered":"","protected":false},"author":3,"featured_media":9214,"template":"","meta":{"_acf_changed":false,"_tribe_events_status":"","_tribe_events_status_reason":"","_tribe_events_is_hybrid":"","_tribe_events_is_virtual":"","_tribe_events_virtual_video_source":"","_tribe_events_virtual_embed_video":"","_tribe_events_virtual_linked_button_text":"","_tribe_events_virtual_linked_button":"","_tribe_events_virtual_show_embed_at":"","_tribe_events_virtual_show_embed_to":[],"_tribe_events_virtual_show_on_event":"","_tribe_events_virtual_show_on_views":"","_tribe_events_virtual_url":"","footnotes":""},"tags":[],"tribe_events_cat":[],"class_list":["post-101051","tribe_events","type-tribe_events","status-publish","has-post-thumbnail","hentry"],"acf":[],"yoast_head":"<!-- This site is optimized with the Yoast SEO plugin v27.2 - https:\/\/yoast.com\/product\/yoast-seo-wordpress\/ -->\n<title>Bauplus Ulm - Leeb Balkone Deutschland<\/title>\n<meta name=\"description\" content=\"Die Bau- und Einrichtungsfachmesse BAUPLUS ist ein Treffpunkt mit Ausstellern aus der regionalen Wirtschaft f\u00fcr Haus- und Wohnungseigent\u00fcmer, Bauherren,\" \/>\n<meta name=\"robots\" content=\"index, follow, max-snippet:-1, max-image-preview:large, max-video-preview:-1\" \/>\n<meta property=\"og:locale\" content=\"de_DE\" \/>\n<meta property=\"og:type\" content=\"article\" \/>\n<meta property=\"og:title\" content=\"Bauplus Ulm - Leeb Balkone\" \/>\n<meta property=\"og:description\" content=\"Die Bau- und Einrichtungsfachmesse BAUPLUS ist ein Treffpunkt mit Ausstellern aus der regionalen Wirtschaft f\u00fcr Haus- und Wohnungseigent\u00fcmer, Bauherren,\" \/>\n<meta property=\"og:url\" content=\"https:\/\/www.leeb-balkone.com\/de\/messe\/bauplus-ulm\/\" \/>\n<meta property=\"og:site_name\" content=\"Leeb Balkone\" \/>\n<meta property=\"article:publisher\" content=\"https:\/\/www.facebook.com\/balkone\/\" \/>\n<meta property=\"article:modified_time\" content=\"2022-09-15T07:11:03+00:00\" \/>\n<meta property=\"og:image\" content=\"https:\/\/www.leeb-balkone.com\/app\/uploads\/2020\/10\/bauplus-kaufbeuren-1.jpg\" \/>\n\t<meta property=\"og:image:width\" content=\"952\" \/>\n\t<meta property=\"og:image:height\" content=\"472\" \/>\n\t<meta property=\"og:image:type\" content=\"image\/jpeg\" \/>\n<meta name=\"twitter:card\" content=\"summary_large_image\" \/>\n<script type=\"application\/ld+json\" class=\"yoast-schema-graph\">{\"@context\":\"https:\/\/schema.org\",\"@graph\":[{\"@type\":\"WebPage\",\"@id\":\"https:\/\/www.leeb-balkone.com\/de\/messe\/bauplus-ulm\/\",\"url\":\"https:\/\/www.leeb-balkone.com\/de\/messe\/bauplus-ulm\/\",\"name\":\"Bauplus Ulm - Leeb Balkone\",\"isPartOf\":{\"@id\":\"https:\/\/www.leeb-balkone.com\/de\/#website\"},\"primaryImageOfPage\":{\"@id\":\"https:\/\/www.leeb-balkone.com\/de\/messe\/bauplus-ulm\/#primaryimage\"},\"image\":{\"@id\":\"https:\/\/www.leeb-balkone.com\/de\/messe\/bauplus-ulm\/#primaryimage\"},\"thumbnailUrl\":\"https:\/\/www.leeb-balkone.com\/app\/uploads\/2020\/10\/bauplus-kaufbeuren-1.jpg\",\"datePublished\":\"2022-09-15T07:10:49+00:00\",\"dateModified\":\"2022-09-15T07:11:03+00:00\",\"description\":\"Die Bau- und Einrichtungsfachmesse BAUPLUS ist ein Treffpunkt mit Ausstellern aus der regionalen Wirtschaft f\u00fcr Haus- und Wohnungseigent\u00fcmer, Bauherren,\",\"breadcrumb\":{\"@id\":\"https:\/\/www.leeb-balkone.com\/de\/messe\/bauplus-ulm\/#breadcrumb\"},\"inLanguage\":\"de\",\"potentialAction\":[{\"@type\":\"ReadAction\",\"target\":[\"https:\/\/www.leeb-balkone.com\/de\/messe\/bauplus-ulm\/\"]}]},{\"@type\":\"ImageObject\",\"inLanguage\":\"de\",\"@id\":\"https:\/\/www.leeb-balkone.com\/de\/messe\/bauplus-ulm\/#primaryimage\",\"url\":\"https:\/\/www.leeb-balkone.com\/app\/uploads\/2020\/10\/bauplus-kaufbeuren-1.jpg\",\"contentUrl\":\"https:\/\/www.leeb-balkone.com\/app\/uploads\/2020\/10\/bauplus-kaufbeuren-1.jpg\",\"width\":952,\"height\":472},{\"@type\":\"BreadcrumbList\",\"@id\":\"https:\/\/www.leeb-balkone.com\/de\/messe\/bauplus-ulm\/#breadcrumb\",\"itemListElement\":[{\"@type\":\"ListItem\",\"position\":1,\"name\":\"Home\",\"item\":\"https:\/\/www.leeb-balkone.com\/de\/\"},{\"@type\":\"ListItem\",\"position\":2,\"name\":\"Veranstaltungen\",\"item\":\"https:\/\/www.leeb-balkone.com\/de\/messe\/\"},{\"@type\":\"ListItem\",\"position\":3,\"name\":\"Bauplus Ulm\"}]},{\"@type\":\"WebSite\",\"@id\":\"https:\/\/www.leeb-balkone.com\/de\/#website\",\"url\":\"https:\/\/www.leeb-balkone.com\/de\/\",\"name\":\"Leeb Balkone\",\"description\":\"Balkone und Z\u00e4une\",\"publisher\":{\"@id\":\"https:\/\/www.leeb-balkone.com\/de\/#organization\"},\"potentialAction\":[{\"@type\":\"SearchAction\",\"target\":{\"@type\":\"EntryPoint\",\"urlTemplate\":\"https:\/\/www.leeb-balkone.com\/de\/?s={search_term_string}\"},\"query-input\":{\"@type\":\"PropertyValueSpecification\",\"valueRequired\":true,\"valueName\":\"search_term_string\"}}],\"inLanguage\":\"de\"},{\"@type\":\"Organization\",\"@id\":\"https:\/\/www.leeb-balkone.com\/de\/#organization\",\"name\":\"Leeb Balkone Gmbh\",\"url\":\"https:\/\/www.leeb-balkone.com\/de\/\",\"logo\":{\"@type\":\"ImageObject\",\"inLanguage\":\"de\",\"@id\":\"https:\/\/www.leeb-balkone.com\/de\/#\/schema\/logo\/image\/\",\"url\":\"https:\/\/www.leeb-balkone.com\/app\/uploads\/2020\/11\/leeb-logo.svg\",\"contentUrl\":\"https:\/\/www.leeb-balkone.com\/app\/uploads\/2020\/11\/leeb-logo.svg\",\"width\":741,\"height\":204,\"caption\":\"Leeb Balkone Gmbh\"},\"image\":{\"@id\":\"https:\/\/www.leeb-balkone.com\/de\/#\/schema\/logo\/image\/\"},\"sameAs\":[\"https:\/\/www.facebook.com\/balkone\/\",\"https:\/\/www.trustedshops.at\/bewertung\/info_X4587CCF5833E31AFE0B11F47D86999F2.html\",\"https:\/\/www.trustedshops.de\/bewertung\/info_X7BA536A7A0BDC86D36C4718E4DCAEEEF.html\",\"https:\/\/www.google.com\/maps\/place\/?q=place_id:ChIJ5-zH19-IcEcR9HonWRTllHI\"]}]}<\/script>\n<!-- \/ Yoast SEO plugin. -->","yoast_head_json":{"title":"Bauplus Ulm - Leeb Balkone Deutschland","description":"Die Bau- und Einrichtungsfachmesse BAUPLUS ist ein Treffpunkt mit Ausstellern aus der regionalen Wirtschaft f\u00fcr Haus- und Wohnungseigent\u00fcmer, Bauherren,","robots":{"index":"index","follow":"follow","max-snippet":"max-snippet:-1","max-image-preview":"max-image-preview:large","max-video-preview":"max-video-preview:-1"},"og_locale":"de_DE","og_type":"article","og_title":"Bauplus Ulm - Leeb Balkone","og_description":"Die Bau- und Einrichtungsfachmesse BAUPLUS ist ein Treffpunkt mit Ausstellern aus der regionalen Wirtschaft f\u00fcr Haus- und Wohnungseigent\u00fcmer, Bauherren,","og_url":"https:\/\/www.leeb-balkone.com\/de\/messe\/bauplus-ulm\/","og_site_name":"Leeb Balkone","article_publisher":"https:\/\/www.facebook.com\/balkone\/","article_modified_time":"2022-09-15T07:11:03+00:00","og_image":[{"width":952,"height":472,"url":"https:\/\/www.leeb-balkone.com\/app\/uploads\/2020\/10\/bauplus-kaufbeuren-1.jpg","type":"image\/jpeg"}],"twitter_card":"summary_large_image","schema":{"@context":"https:\/\/schema.org","@graph":[{"@type":"WebPage","@id":"https:\/\/www.leeb-balkone.com\/de\/messe\/bauplus-ulm\/","url":"https:\/\/www.leeb-balkone.com\/de\/messe\/bauplus-ulm\/","name":"Bauplus Ulm - Leeb Balkone","isPartOf":{"@id":"https:\/\/www.leeb-balkone.com\/de\/#website"},"primaryImageOfPage":{"@id":"https:\/\/www.leeb-balkone.com\/de\/messe\/bauplus-ulm\/#primaryimage"},"image":{"@id":"https:\/\/www.leeb-balkone.com\/de\/messe\/bauplus-ulm\/#primaryimage"},"thumbnailUrl":"https:\/\/www.leeb-balkone.com\/app\/uploads\/2020\/10\/bauplus-kaufbeuren-1.jpg","datePublished":"2022-09-15T07:10:49+00:00","dateModified":"2022-09-15T07:11:03+00:00","description":"Die Bau- und Einrichtungsfachmesse BAUPLUS ist ein Treffpunkt mit Ausstellern aus der regionalen Wirtschaft f\u00fcr Haus- und Wohnungseigent\u00fcmer, Bauherren,","breadcrumb":{"@id":"https:\/\/www.leeb-balkone.com\/de\/messe\/bauplus-ulm\/#breadcrumb"},"inLanguage":"de","potentialAction":[{"@type":"ReadAction","target":["https:\/\/www.leeb-balkone.com\/de\/messe\/bauplus-ulm\/"]}]},{"@type":"ImageObject","inLanguage":"de","@id":"https:\/\/www.leeb-balkone.com\/de\/messe\/bauplus-ulm\/#primaryimage","url":"https:\/\/www.leeb-balkone.com\/app\/uploads\/2020\/10\/bauplus-kaufbeuren-1.jpg","contentUrl":"https:\/\/www.leeb-balkone.com\/app\/uploads\/2020\/10\/bauplus-kaufbeuren-1.jpg","width":952,"height":472},{"@type":"BreadcrumbList","@id":"https:\/\/www.leeb-balkone.com\/de\/messe\/bauplus-ulm\/#breadcrumb","itemListElement":[{"@type":"ListItem","position":1,"name":"Home","item":"https:\/\/www.leeb-balkone.com\/de\/"},{"@type":"ListItem","position":2,"name":"Veranstaltungen","item":"https:\/\/www.leeb-balkone.com\/de\/messe\/"},{"@type":"ListItem","position":3,"name":"Bauplus Ulm"}]},{"@type":"WebSite","@id":"https:\/\/www.leeb-balkone.com\/de\/#website","url":"https:\/\/www.leeb-balkone.com\/de\/","name":"Leeb Balkone","description":"Balkone und Z\u00e4une","publisher":{"@id":"https:\/\/www.leeb-balkone.com\/de\/#organization"},"potentialAction":[{"@type":"SearchAction","target":{"@type":"EntryPoint","urlTemplate":"https:\/\/www.leeb-balkone.com\/de\/?s={search_term_string}"},"query-input":{"@type":"PropertyValueSpecification","valueRequired":true,"valueName":"search_term_string"}}],"inLanguage":"de"},{"@type":"Organization","@id":"https:\/\/www.leeb-balkone.com\/de\/#organization","name":"Leeb Balkone Gmbh","url":"https:\/\/www.leeb-balkone.com\/de\/","logo":{"@type":"ImageObject","inLanguage":"de","@id":"https:\/\/www.leeb-balkone.com\/de\/#\/schema\/logo\/image\/","url":"https:\/\/www.leeb-balkone.com\/app\/uploads\/2020\/11\/leeb-logo.svg","contentUrl":"https:\/\/www.leeb-balkone.com\/app\/uploads\/2020\/11\/leeb-logo.svg","width":741,"height":204,"caption":"Leeb Balkone Gmbh"},"image":{"@id":"https:\/\/www.leeb-balkone.com\/de\/#\/schema\/logo\/image\/"},"sameAs":["https:\/\/www.facebook.com\/balkone\/","https:\/\/www.trustedshops.at\/bewertung\/info_X4587CCF5833E31AFE0B11F47D86999F2.html","https:\/\/www.trustedshops.de\/bewertung\/info_X7BA536A7A0BDC86D36C4718E4DCAEEEF.html","https:\/\/www.google.com\/maps\/place\/?q=place_id:ChIJ5-zH19-IcEcR9HonWRTllHI"]}]}},"_links":{"self":[{"href":"https:\/\/www.leeb-balkone.com\/de\/wp-json\/wp\/v2\/tribe_events\/101051","targetHints":{"allow":["GET"]}}],"collection":[{"href":"https:\/\/www.leeb-balkone.com\/de\/wp-json\/wp\/v2\/tribe_events"}],"about":[{"href":"https:\/\/www.leeb-balkone.com\/de\/wp-json\/wp\/v2\/types\/tribe_events"}],"author":[{"embeddable":true,"href":"https:\/\/www.leeb-balkone.com\/de\/wp-json\/wp\/v2\/users\/3"}],"version-history":[{"count":0,"href":"https:\/\/www.leeb-balkone.com\/de\/wp-json\/wp\/v2\/tribe_events\/101051\/revisions"}],"wp:featuredmedia":[{"embeddable":true,"href":"https:\/\/www.leeb-balkone.com\/de\/wp-json\/wp\/v2\/media\/9214"}],"wp:attachment":[{"href":"https:\/\/www.leeb-balkone.com\/de\/wp-json\/wp\/v2\/media?parent=101051"}],"wp:term":[{"taxonomy":"post_tag","embeddable":true,"href":"https:\/\/www.leeb-balkone.com\/de\/wp-json\/wp\/v2\/tags?post=101051"},{"taxonomy":"tribe_events_cat","embeddable":true,"href":"https:\/\/www.leeb-balkone.com\/de\/wp-json\/wp\/v2\/tribe_events_cat?post=101051"}],"curies":[{"name":"wp","href":"https:\/\/api.w.org\/{rel}","templated":true}]}}

<p>Die Bau- und Einrichtungsfachmesse BAUPLUS ist ein Treffpunkt mit Ausstellern aus der regionalen Wirtschaft für Haus- und Wohnungseigentümer, Bauherren, Modernisierer und Renovierer sowie Heimwerker und alle die es werden wollen. Mittelständische Unternehmen, Handwerker und Dienstleister stellen ihr Angebot an Produkten, Dienstleistungen und technischen Innovationen vor. Die Schwerpunkte der BAUPLUS drehen sich um <strong>Bauen, Sanieren, Modernisieren, Wohnen und Garten. </strong></p>

<!-- This site is optimized with the Yoast SEO plugin v27.2 - https://yoast.com/product/yoast-seo-wordpress/ -->
<title>Bauplus Ulm - Leeb Balkone Deutschland</title>
<meta name="description" content="Die Bau- und Einrichtungsfachmesse BAUPLUS ist ein Treffpunkt mit Ausstellern aus der regionalen Wirtschaft für Haus- und Wohnungseigentümer, Bauherren," />
<meta name="robots" content="index, follow, max-snippet:-1, max-image-preview:large, max-video-preview:-1" />
<meta property="og:locale" content="de_DE" />
<meta property="og:type" content="article" />
<meta property="og:title" content="Bauplus Ulm - Leeb Balkone" />
<meta property="og:description" content="Die Bau- und Einrichtungsfachmesse BAUPLUS ist ein Treffpunkt mit Ausstellern aus der regionalen Wirtschaft für Haus- und Wohnungseigentümer, Bauherren," />
<meta property="og:url" content="https://www.leeb-balkone.com/de/messe/bauplus-ulm/" />
<meta property="og:site_name" content="Leeb Balkone" />
<meta property="article:publisher" content="https://www.facebook.com/balkone/" />
<meta property="article:modified_time" content="2022-09-15T07:11:03+00:00" />
<meta property="og:image" content="https://www.leeb-balkone.com/app/uploads/2020/10/bauplus-kaufbeuren-1.jpg" />
	<meta property="og:image:width" content="952" />
	<meta property="og:image:height" content="472" />
	<meta property="og:image:type" content="image/jpeg" />
<meta name="twitter:card" content="summary_large_image" />
<script type="application/ld+json" class="yoast-schema-graph">{"@context":"https://schema.org","@graph":[{"@type":"WebPage","@id":"https://www.leeb-balkone.com/de/messe/bauplus-ulm/","url":"https://www.leeb-balkone.com/de/messe/bauplus-ulm/","name":"Bauplus Ulm - Leeb Balkone","isPartOf":{"@id":"https://www.leeb-balkone.com/de/#website"},"primaryImageOfPage":{"@id":"https://www.leeb-balkone.com/de/messe/bauplus-ulm/#primaryimage"},"image":{"@id":"https://www.leeb-balkone.com/de/messe/bauplus-ulm/#primaryimage"},"thumbnailUrl":"https://www.leeb-balkone.com/app/uploads/2020/10/bauplus-kaufbeuren-1.jpg","datePublished":"2022-09-15T07:10:49+00:00","dateModified":"2022-09-15T07:11:03+00:00","description":"Die Bau- und Einrichtungsfachmesse BAUPLUS ist ein Treffpunkt mit Ausstellern aus der regionalen Wirtschaft für Haus- und Wohnungseigentümer, Bauherren,","breadcrumb":{"@id":"https://www.leeb-balkone.com/de/messe/bauplus-ulm/#breadcrumb"},"inLanguage":"de","potentialAction":[{"@type":"ReadAction","target":["https://www.leeb-balkone.com/de/messe/bauplus-ulm/"]}]},{"@type":"ImageObject","inLanguage":"de","@id":"https://www.leeb-balkone.com/de/messe/bauplus-ulm/#primaryimage","url":"https://www.leeb-balkone.com/app/uploads/2020/10/bauplus-kaufbeuren-1.jpg","contentUrl":"https://www.leeb-balkone.com/app/uploads/2020/10/bauplus-kaufbeuren-1.jpg","width":952,"height":472},{"@type":"BreadcrumbList","@id":"https://www.leeb-balkone.com/de/messe/bauplus-ulm/#breadcrumb","itemListElement":[{"@type":"ListItem","position":1,"name":"Home","item":"https://www.leeb-balkone.com/de/"},{"@type":"ListItem","position":2,"name":"Veranstaltungen","item":"https://www.leeb-balkone.com/de/messe/"},{"@type":"ListItem","position":3,"name":"Bauplus Ulm"}]},{"@type":"WebSite","@id":"https://www.leeb-balkone.com/de/#website","url":"https://www.leeb-balkone.com/de/","name":"Leeb Balkone","description":"Balkone und Zäune","publisher":{"@id":"https://www.leeb-balkone.com/de/#organization"},"potentialAction":[{"@type":"SearchAction","target":{"@type":"EntryPoint","urlTemplate":"https://www.leeb-balkone.com/de/?s={search_term_string}"},"query-input":{"@type":"PropertyValueSpecification","valueRequired":true,"valueName":"search_term_string"}}],"inLanguage":"de"},{"@type":"Organization","@id":"https://www.leeb-balkone.com/de/#organization","name":"Leeb Balkone Gmbh","url":"https://www.leeb-balkone.com/de/","logo":{"@type":"ImageObject","inLanguage":"de","@id":"https://www.leeb-balkone.com/de/#/schema/logo/image/","url":"https://www.leeb-balkone.com/app/uploads/2020/11/leeb-logo.svg","contentUrl":"https://www.leeb-balkone.com/app/uploads/2020/11/leeb-logo.svg","width":741,"height":204,"caption":"Leeb Balkone Gmbh"},"image":{"@id":"https://www.leeb-balkone.com/de/#/schema/logo/image/"},"sameAs":["https://www.facebook.com/balkone/","https://www.trustedshops.at/bewertung/info_X4587CCF5833E31AFE0B11F47D86999F2.html","https://www.trustedshops.de/bewertung/info_X7BA536A7A0BDC86D36C4718E4DCAEEEF.html","https://www.google.com/maps/place/?q=place_id:ChIJ5-zH19-IcEcR9HonWRTllHI"]}]}</script>
<!-- / Yoast SEO plugin. -->

Die Bau- und Einrichtungsfachmesse BAUPLUS ist ein Treffpunkt mit Ausstellern aus der regionalen Wirtschaft für Haus- und Wohnungseigentümer, Bauherren,

Balkone und Zäune
