{"id":99746,"date":"2022-07-25T12:20:33","date_gmt":"2022-07-25T12:20:33","guid":{"rendered":"https:\/\/www.leeb-balkone.com\/de\/messe\/maxlaunmarkt\/"},"modified":"2026-04-15T08:30:13","modified_gmt":"2026-04-15T08:30:13","slug":"maxlaunmarkt","status":"publish","type":"tribe_events","link":"https:\/\/www.leeb-balkone.com\/at\/messe\/maxlaunmarkt\/","title":{"rendered":"Maxlaunmarkt"},"content":{"rendered":"<p>Der Maxlaunmarkt ist ein beliebtes und \u00fcberregionales Volksfest in der Steiermark. Mit bis zu 80 000 Besuchern hat die schon seit 485 Jahren gef\u00fchrte Tradition und Veranstaltung einen gro\u00dfen Wirtschaftsfaktor.<\/p>\n<p>&nbsp;<\/p>\n","protected":false},"excerpt":{"rendered":"","protected":false},"author":3,"featured_media":94989,"template":"","meta":{"_acf_changed":false,"_tribe_events_status":"","_tribe_events_status_reason":"","_tribe_events_is_hybrid":"","_tribe_events_is_virtual":"","_tribe_events_virtual_video_source":"","_tribe_events_virtual_embed_video":"","_tribe_events_virtual_linked_button_text":"","_tribe_events_virtual_linked_button":"","_tribe_events_virtual_show_embed_at":"","_tribe_events_virtual_show_embed_to":[],"_tribe_events_virtual_show_on_event":"","_tribe_events_virtual_show_on_views":"","_tribe_events_virtual_url":"","footnotes":""},"tags":[],"tribe_events_cat":[],"class_list":["post-99746","tribe_events","type-tribe_events","status-publish","has-post-thumbnail","hentry"],"acf":[],"yoast_head":"<!-- This site is optimized with the Yoast SEO plugin v27.2 - https:\/\/yoast.com\/product\/yoast-seo-wordpress\/ -->\n<title>Maxlaunmarkt - Leeb Balkone \u00d6sterreich<\/title>\n<meta name=\"description\" content=\"Der Maxlaunmarkt ist ein beliebtes und \u00fcberregionales Volksfest in der Steiermark. Mit bis zu 80 000 Besuchern hat die schon seit 485 Jahren gef\u00fchrte\" \/>\n<meta name=\"robots\" content=\"index, follow, max-snippet:-1, max-image-preview:large, max-video-preview:-1\" \/>\n<meta property=\"og:locale\" content=\"de_DE\" \/>\n<meta property=\"og:type\" content=\"article\" \/>\n<meta property=\"og:title\" content=\"Maxlaunmarkt - Leeb Balkone\" \/>\n<meta property=\"og:description\" content=\"Der Maxlaunmarkt ist ein beliebtes und \u00fcberregionales Volksfest in der Steiermark. Mit bis zu 80 000 Besuchern hat die schon seit 485 Jahren gef\u00fchrte\" \/>\n<meta property=\"og:url\" content=\"https:\/\/www.leeb-balkone.com\/at\/messe\/maxlaunmarkt\/\" \/>\n<meta property=\"og:site_name\" content=\"Leeb Balkone\" \/>\n<meta property=\"article:publisher\" content=\"https:\/\/www.facebook.com\/balkone\/\" \/>\n<meta property=\"article:modified_time\" content=\"2026-04-15T08:30:13+00:00\" \/>\n<meta property=\"og:image\" content=\"https:\/\/www.leeb-balkone.com\/app\/uploads\/2022\/07\/Maxlaunmarkt-in-Niederwo\u0308lz.png\" \/>\n\t<meta property=\"og:image:width\" content=\"900\" \/>\n\t<meta property=\"og:image:height\" content=\"562\" \/>\n\t<meta property=\"og:image:type\" content=\"image\/png\" \/>\n<meta name=\"twitter:card\" content=\"summary_large_image\" \/>\n<script type=\"application\/ld+json\" class=\"yoast-schema-graph\">{\"@context\":\"https:\/\/schema.org\",\"@graph\":[{\"@type\":\"WebPage\",\"@id\":\"https:\/\/www.leeb-balkone.com\/at\/messe\/maxlaunmarkt\/\",\"url\":\"https:\/\/www.leeb-balkone.com\/at\/messe\/maxlaunmarkt\/\",\"name\":\"Maxlaunmarkt - Leeb Balkone\",\"isPartOf\":{\"@id\":\"https:\/\/www.leeb-balkone.com\/at\/#website\"},\"primaryImageOfPage\":{\"@id\":\"https:\/\/www.leeb-balkone.com\/at\/messe\/maxlaunmarkt\/#primaryimage\"},\"image\":{\"@id\":\"https:\/\/www.leeb-balkone.com\/at\/messe\/maxlaunmarkt\/#primaryimage\"},\"thumbnailUrl\":\"https:\/\/www.leeb-balkone.com\/app\/uploads\/2022\/07\/Maxlaunmarkt-in-Niederwo\u0308lz.png\",\"datePublished\":\"2022-07-25T12:20:33+00:00\",\"dateModified\":\"2026-04-15T08:30:13+00:00\",\"description\":\"Der Maxlaunmarkt ist ein beliebtes und \u00fcberregionales Volksfest in der Steiermark. Mit bis zu 80 000 Besuchern hat die schon seit 485 Jahren gef\u00fchrte\",\"breadcrumb\":{\"@id\":\"https:\/\/www.leeb-balkone.com\/at\/messe\/maxlaunmarkt\/#breadcrumb\"},\"inLanguage\":\"de-AT\",\"potentialAction\":[{\"@type\":\"ReadAction\",\"target\":[\"https:\/\/www.leeb-balkone.com\/at\/messe\/maxlaunmarkt\/\"]}]},{\"@type\":\"ImageObject\",\"inLanguage\":\"de-AT\",\"@id\":\"https:\/\/www.leeb-balkone.com\/at\/messe\/maxlaunmarkt\/#primaryimage\",\"url\":\"https:\/\/www.leeb-balkone.com\/app\/uploads\/2022\/07\/Maxlaunmarkt-in-Niederwo\u0308lz.png\",\"contentUrl\":\"https:\/\/www.leeb-balkone.com\/app\/uploads\/2022\/07\/Maxlaunmarkt-in-Niederwo\u0308lz.png\",\"width\":900,\"height\":562},{\"@type\":\"BreadcrumbList\",\"@id\":\"https:\/\/www.leeb-balkone.com\/at\/messe\/maxlaunmarkt\/#breadcrumb\",\"itemListElement\":[{\"@type\":\"ListItem\",\"position\":1,\"name\":\"Home\",\"item\":\"https:\/\/www.leeb-balkone.com\/at\/\"},{\"@type\":\"ListItem\",\"position\":2,\"name\":\"Veranstaltungen\",\"item\":\"https:\/\/www.leeb-balkone.com\/at\/messe\/\"},{\"@type\":\"ListItem\",\"position\":3,\"name\":\"Maxlaunmarkt\"}]},{\"@type\":\"WebSite\",\"@id\":\"https:\/\/www.leeb-balkone.com\/at\/#website\",\"url\":\"https:\/\/www.leeb-balkone.com\/at\/\",\"name\":\"Leeb Balkone\",\"description\":\"Balkone und Z\u00e4une\",\"publisher\":{\"@id\":\"https:\/\/www.leeb-balkone.com\/at\/#organization\"},\"potentialAction\":[{\"@type\":\"SearchAction\",\"target\":{\"@type\":\"EntryPoint\",\"urlTemplate\":\"https:\/\/www.leeb-balkone.com\/at\/?s={search_term_string}\"},\"query-input\":{\"@type\":\"PropertyValueSpecification\",\"valueRequired\":true,\"valueName\":\"search_term_string\"}}],\"inLanguage\":\"de-AT\"},{\"@type\":\"Organization\",\"@id\":\"https:\/\/www.leeb-balkone.com\/at\/#organization\",\"name\":\"Leeb Balkone Gmbh\",\"url\":\"https:\/\/www.leeb-balkone.com\/at\/\",\"logo\":{\"@type\":\"ImageObject\",\"inLanguage\":\"de-AT\",\"@id\":\"https:\/\/www.leeb-balkone.com\/at\/#\/schema\/logo\/image\/\",\"url\":\"https:\/\/www.leeb-balkone.com\/app\/uploads\/2020\/11\/leeb-logo.svg\",\"contentUrl\":\"https:\/\/www.leeb-balkone.com\/app\/uploads\/2020\/11\/leeb-logo.svg\",\"width\":741,\"height\":204,\"caption\":\"Leeb Balkone Gmbh\"},\"image\":{\"@id\":\"https:\/\/www.leeb-balkone.com\/at\/#\/schema\/logo\/image\/\"},\"sameAs\":[\"https:\/\/www.facebook.com\/balkone\/\",\"https:\/\/www.trustedshops.at\/bewertung\/info_X4587CCF5833E31AFE0B11F47D86999F2.html\",\"https:\/\/www.trustedshops.de\/bewertung\/info_X7BA536A7A0BDC86D36C4718E4DCAEEEF.html\",\"https:\/\/www.google.com\/maps\/place\/?q=place_id:ChIJ5-zH19-IcEcR9HonWRTllHI\"]}]}<\/script>\n<!-- \/ Yoast SEO plugin. -->","yoast_head_json":{"title":"Maxlaunmarkt - Leeb Balkone \u00d6sterreich","description":"Der Maxlaunmarkt ist ein beliebtes und \u00fcberregionales Volksfest in der Steiermark. Mit bis zu 80 000 Besuchern hat die schon seit 485 Jahren gef\u00fchrte","robots":{"index":"index","follow":"follow","max-snippet":"max-snippet:-1","max-image-preview":"max-image-preview:large","max-video-preview":"max-video-preview:-1"},"og_locale":"de_DE","og_type":"article","og_title":"Maxlaunmarkt - Leeb Balkone","og_description":"Der Maxlaunmarkt ist ein beliebtes und \u00fcberregionales Volksfest in der Steiermark. Mit bis zu 80 000 Besuchern hat die schon seit 485 Jahren gef\u00fchrte","og_url":"https:\/\/www.leeb-balkone.com\/at\/messe\/maxlaunmarkt\/","og_site_name":"Leeb Balkone","article_publisher":"https:\/\/www.facebook.com\/balkone\/","article_modified_time":"2026-04-15T08:30:13+00:00","og_image":[{"width":900,"height":562,"url":"https:\/\/www.leeb-balkone.com\/app\/uploads\/2022\/07\/Maxlaunmarkt-in-Niederwo\u0308lz.png","type":"image\/png"}],"twitter_card":"summary_large_image","schema":{"@context":"https:\/\/schema.org","@graph":[{"@type":"WebPage","@id":"https:\/\/www.leeb-balkone.com\/at\/messe\/maxlaunmarkt\/","url":"https:\/\/www.leeb-balkone.com\/at\/messe\/maxlaunmarkt\/","name":"Maxlaunmarkt - Leeb Balkone","isPartOf":{"@id":"https:\/\/www.leeb-balkone.com\/at\/#website"},"primaryImageOfPage":{"@id":"https:\/\/www.leeb-balkone.com\/at\/messe\/maxlaunmarkt\/#primaryimage"},"image":{"@id":"https:\/\/www.leeb-balkone.com\/at\/messe\/maxlaunmarkt\/#primaryimage"},"thumbnailUrl":"https:\/\/www.leeb-balkone.com\/app\/uploads\/2022\/07\/Maxlaunmarkt-in-Niederwo\u0308lz.png","datePublished":"2022-07-25T12:20:33+00:00","dateModified":"2026-04-15T08:30:13+00:00","description":"Der Maxlaunmarkt ist ein beliebtes und \u00fcberregionales Volksfest in der Steiermark. Mit bis zu 80 000 Besuchern hat die schon seit 485 Jahren gef\u00fchrte","breadcrumb":{"@id":"https:\/\/www.leeb-balkone.com\/at\/messe\/maxlaunmarkt\/#breadcrumb"},"inLanguage":"de-AT","potentialAction":[{"@type":"ReadAction","target":["https:\/\/www.leeb-balkone.com\/at\/messe\/maxlaunmarkt\/"]}]},{"@type":"ImageObject","inLanguage":"de-AT","@id":"https:\/\/www.leeb-balkone.com\/at\/messe\/maxlaunmarkt\/#primaryimage","url":"https:\/\/www.leeb-balkone.com\/app\/uploads\/2022\/07\/Maxlaunmarkt-in-Niederwo\u0308lz.png","contentUrl":"https:\/\/www.leeb-balkone.com\/app\/uploads\/2022\/07\/Maxlaunmarkt-in-Niederwo\u0308lz.png","width":900,"height":562},{"@type":"BreadcrumbList","@id":"https:\/\/www.leeb-balkone.com\/at\/messe\/maxlaunmarkt\/#breadcrumb","itemListElement":[{"@type":"ListItem","position":1,"name":"Home","item":"https:\/\/www.leeb-balkone.com\/at\/"},{"@type":"ListItem","position":2,"name":"Veranstaltungen","item":"https:\/\/www.leeb-balkone.com\/at\/messe\/"},{"@type":"ListItem","position":3,"name":"Maxlaunmarkt"}]},{"@type":"WebSite","@id":"https:\/\/www.leeb-balkone.com\/at\/#website","url":"https:\/\/www.leeb-balkone.com\/at\/","name":"Leeb Balkone","description":"Balkone und Z\u00e4une","publisher":{"@id":"https:\/\/www.leeb-balkone.com\/at\/#organization"},"potentialAction":[{"@type":"SearchAction","target":{"@type":"EntryPoint","urlTemplate":"https:\/\/www.leeb-balkone.com\/at\/?s={search_term_string}"},"query-input":{"@type":"PropertyValueSpecification","valueRequired":true,"valueName":"search_term_string"}}],"inLanguage":"de-AT"},{"@type":"Organization","@id":"https:\/\/www.leeb-balkone.com\/at\/#organization","name":"Leeb Balkone Gmbh","url":"https:\/\/www.leeb-balkone.com\/at\/","logo":{"@type":"ImageObject","inLanguage":"de-AT","@id":"https:\/\/www.leeb-balkone.com\/at\/#\/schema\/logo\/image\/","url":"https:\/\/www.leeb-balkone.com\/app\/uploads\/2020\/11\/leeb-logo.svg","contentUrl":"https:\/\/www.leeb-balkone.com\/app\/uploads\/2020\/11\/leeb-logo.svg","width":741,"height":204,"caption":"Leeb Balkone Gmbh"},"image":{"@id":"https:\/\/www.leeb-balkone.com\/at\/#\/schema\/logo\/image\/"},"sameAs":["https:\/\/www.facebook.com\/balkone\/","https:\/\/www.trustedshops.at\/bewertung\/info_X4587CCF5833E31AFE0B11F47D86999F2.html","https:\/\/www.trustedshops.de\/bewertung\/info_X7BA536A7A0BDC86D36C4718E4DCAEEEF.html","https:\/\/www.google.com\/maps\/place\/?q=place_id:ChIJ5-zH19-IcEcR9HonWRTllHI"]}]}},"_links":{"self":[{"href":"https:\/\/www.leeb-balkone.com\/at\/wp-json\/wp\/v2\/tribe_events\/99746","targetHints":{"allow":["GET"]}}],"collection":[{"href":"https:\/\/www.leeb-balkone.com\/at\/wp-json\/wp\/v2\/tribe_events"}],"about":[{"href":"https:\/\/www.leeb-balkone.com\/at\/wp-json\/wp\/v2\/types\/tribe_events"}],"author":[{"embeddable":true,"href":"https:\/\/www.leeb-balkone.com\/at\/wp-json\/wp\/v2\/users\/3"}],"version-history":[{"count":1,"href":"https:\/\/www.leeb-balkone.com\/at\/wp-json\/wp\/v2\/tribe_events\/99746\/revisions"}],"predecessor-version":[{"id":141159,"href":"https:\/\/www.leeb-balkone.com\/at\/wp-json\/wp\/v2\/tribe_events\/99746\/revisions\/141159"}],"wp:featuredmedia":[{"embeddable":true,"href":"https:\/\/www.leeb-balkone.com\/at\/wp-json\/wp\/v2\/media\/94989"}],"wp:attachment":[{"href":"https:\/\/www.leeb-balkone.com\/at\/wp-json\/wp\/v2\/media?parent=99746"}],"wp:term":[{"taxonomy":"post_tag","embeddable":true,"href":"https:\/\/www.leeb-balkone.com\/at\/wp-json\/wp\/v2\/tags?post=99746"},{"taxonomy":"tribe_events_cat","embeddable":true,"href":"https:\/\/www.leeb-balkone.com\/at\/wp-json\/wp\/v2\/tribe_events_cat?post=99746"}],"curies":[{"name":"wp","href":"https:\/\/api.w.org\/{rel}","templated":true}]}}

<p>Der Maxlaunmarkt ist ein beliebtes und überregionales Volksfest in der Steiermark. Mit bis zu 80 000 Besuchern hat die schon seit 485 Jahren geführte Tradition und Veranstaltung einen großen Wirtschaftsfaktor.</p>
<p>&nbsp;</p>

<!-- This site is optimized with the Yoast SEO plugin v27.2 - https://yoast.com/product/yoast-seo-wordpress/ -->
<title>Maxlaunmarkt - Leeb Balkone Österreich</title>
<meta name="description" content="Der Maxlaunmarkt ist ein beliebtes und überregionales Volksfest in der Steiermark. Mit bis zu 80 000 Besuchern hat die schon seit 485 Jahren geführte" />
<meta name="robots" content="index, follow, max-snippet:-1, max-image-preview:large, max-video-preview:-1" />
<meta property="og:locale" content="de_DE" />
<meta property="og:type" content="article" />
<meta property="og:title" content="Maxlaunmarkt - Leeb Balkone" />
<meta property="og:description" content="Der Maxlaunmarkt ist ein beliebtes und überregionales Volksfest in der Steiermark. Mit bis zu 80 000 Besuchern hat die schon seit 485 Jahren geführte" />
<meta property="og:url" content="https://www.leeb-balkone.com/at/messe/maxlaunmarkt/" />
<meta property="og:site_name" content="Leeb Balkone" />
<meta property="article:publisher" content="https://www.facebook.com/balkone/" />
<meta property="article:modified_time" content="2026-04-15T08:30:13+00:00" />
<meta property="og:image" content="https://www.leeb-balkone.com/app/uploads/2022/07/Maxlaunmarkt-in-Niederwölz.png" />
	<meta property="og:image:width" content="900" />
	<meta property="og:image:height" content="562" />
	<meta property="og:image:type" content="image/png" />
<meta name="twitter:card" content="summary_large_image" />
<script type="application/ld+json" class="yoast-schema-graph">{"@context":"https://schema.org","@graph":[{"@type":"WebPage","@id":"https://www.leeb-balkone.com/at/messe/maxlaunmarkt/","url":"https://www.leeb-balkone.com/at/messe/maxlaunmarkt/","name":"Maxlaunmarkt - Leeb Balkone","isPartOf":{"@id":"https://www.leeb-balkone.com/at/#website"},"primaryImageOfPage":{"@id":"https://www.leeb-balkone.com/at/messe/maxlaunmarkt/#primaryimage"},"image":{"@id":"https://www.leeb-balkone.com/at/messe/maxlaunmarkt/#primaryimage"},"thumbnailUrl":"https://www.leeb-balkone.com/app/uploads/2022/07/Maxlaunmarkt-in-Niederwölz.png","datePublished":"2022-07-25T12:20:33+00:00","dateModified":"2026-04-15T08:30:13+00:00","description":"Der Maxlaunmarkt ist ein beliebtes und überregionales Volksfest in der Steiermark. Mit bis zu 80 000 Besuchern hat die schon seit 485 Jahren geführte","breadcrumb":{"@id":"https://www.leeb-balkone.com/at/messe/maxlaunmarkt/#breadcrumb"},"inLanguage":"de-AT","potentialAction":[{"@type":"ReadAction","target":["https://www.leeb-balkone.com/at/messe/maxlaunmarkt/"]}]},{"@type":"ImageObject","inLanguage":"de-AT","@id":"https://www.leeb-balkone.com/at/messe/maxlaunmarkt/#primaryimage","url":"https://www.leeb-balkone.com/app/uploads/2022/07/Maxlaunmarkt-in-Niederwölz.png","contentUrl":"https://www.leeb-balkone.com/app/uploads/2022/07/Maxlaunmarkt-in-Niederwölz.png","width":900,"height":562},{"@type":"BreadcrumbList","@id":"https://www.leeb-balkone.com/at/messe/maxlaunmarkt/#breadcrumb","itemListElement":[{"@type":"ListItem","position":1,"name":"Home","item":"https://www.leeb-balkone.com/at/"},{"@type":"ListItem","position":2,"name":"Veranstaltungen","item":"https://www.leeb-balkone.com/at/messe/"},{"@type":"ListItem","position":3,"name":"Maxlaunmarkt"}]},{"@type":"WebSite","@id":"https://www.leeb-balkone.com/at/#website","url":"https://www.leeb-balkone.com/at/","name":"Leeb Balkone","description":"Balkone und Zäune","publisher":{"@id":"https://www.leeb-balkone.com/at/#organization"},"potentialAction":[{"@type":"SearchAction","target":{"@type":"EntryPoint","urlTemplate":"https://www.leeb-balkone.com/at/?s={search_term_string}"},"query-input":{"@type":"PropertyValueSpecification","valueRequired":true,"valueName":"search_term_string"}}],"inLanguage":"de-AT"},{"@type":"Organization","@id":"https://www.leeb-balkone.com/at/#organization","name":"Leeb Balkone Gmbh","url":"https://www.leeb-balkone.com/at/","logo":{"@type":"ImageObject","inLanguage":"de-AT","@id":"https://www.leeb-balkone.com/at/#/schema/logo/image/","url":"https://www.leeb-balkone.com/app/uploads/2020/11/leeb-logo.svg","contentUrl":"https://www.leeb-balkone.com/app/uploads/2020/11/leeb-logo.svg","width":741,"height":204,"caption":"Leeb Balkone Gmbh"},"image":{"@id":"https://www.leeb-balkone.com/at/#/schema/logo/image/"},"sameAs":["https://www.facebook.com/balkone/","https://www.trustedshops.at/bewertung/info_X4587CCF5833E31AFE0B11F47D86999F2.html","https://www.trustedshops.de/bewertung/info_X7BA536A7A0BDC86D36C4718E4DCAEEEF.html","https://www.google.com/maps/place/?q=place_id:ChIJ5-zH19-IcEcR9HonWRTllHI"]}]}</script>
<!-- / Yoast SEO plugin. -->

Maxlaunmarkt - Leeb Balkone Österreich

Der Maxlaunmarkt ist ein beliebtes und überregionales Volksfest in der Steiermark. Mit bis zu 80 000 Besuchern hat die schon seit 485 Jahren geführte

Balkone und Zäune
