{"id":167768,"date":"2026-04-15T07:52:13","date_gmt":"2026-04-15T07:52:13","guid":{"rendered":"https:\/\/www.leeb-balkone.com\/messe\/wirtschaftsmeile-reutte\/"},"modified":"2026-04-15T08:08:05","modified_gmt":"2026-04-15T08:08:05","slug":"wirtschaftsmeile-reutte","status":"publish","type":"tribe_events","link":"https:\/\/www.leeb-balkone.com\/at\/messe\/wirtschaftsmeile-reutte\/","title":{"rendered":"Wirtschaftsmeile Reutte"},"content":{"rendered":"<p>Die Wirtschaftsmeile Reutte ist eine dreit\u00e4gige Regionalmesse, bei der Unternehmen aus Tirol und dem Allg\u00e4u ihre Produkte, Innovationen und Dienstleistungen pr\u00e4sentieren und zahlreiche Besucher anziehen. Erg\u00e4nzt wird die Veranstaltung durch ein vielf\u00e4ltiges Rahmenprogramm mit Networking, Gastronomie und Public Viewing der Fu\u00dfball-WM, wodurch Messe und Eventerlebnis miteinander verbunden werden.<\/p>\n<h4 class=\"font-bold text-slate-900\">\u00d6ffnungszeiten<\/h4>\n<p class=\"mt-1 whitespace-pre-line text-sm text-slate-500\">Freitag, 10.07. von 12 bis 17 Uhr<br \/>\nSamstag, 11.07. von 09 bis 17 Uhr<br \/>\nSonntag, 12.07. von 09 bis 17 Uhr<\/p>\n","protected":false},"excerpt":{"rendered":"","protected":false},"author":12,"featured_media":167771,"template":"","meta":{"_acf_changed":false,"_tribe_events_status":"","_tribe_events_status_reason":"","_tribe_events_is_hybrid":"","_tribe_events_is_virtual":"","_tribe_events_virtual_video_source":"","_tribe_events_virtual_embed_video":"","_tribe_events_virtual_linked_button_text":"","_tribe_events_virtual_linked_button":"","_tribe_events_virtual_show_embed_at":"","_tribe_events_virtual_show_embed_to":[],"_tribe_events_virtual_show_on_event":"","_tribe_events_virtual_show_on_views":"","_tribe_events_virtual_url":"","footnotes":""},"tags":[],"tribe_events_cat":[],"class_list":["post-167768","tribe_events","type-tribe_events","status-publish","has-post-thumbnail","hentry"],"acf":[],"yoast_head":"<!-- This site is optimized with the Yoast SEO plugin v27.2 - https:\/\/yoast.com\/product\/yoast-seo-wordpress\/ -->\n<title>Wirtschaftsmeile Reutte - Leeb Balkone \u00d6sterreich<\/title>\n<meta name=\"description\" content=\"Die Wirtschaftsmeile Reutte ist eine dreit\u00e4gige Regionalmesse, bei der Unternehmen aus Tirol und dem Allg\u00e4u ihre Produkte, Innovationen und\" \/>\n<meta name=\"robots\" content=\"index, follow, max-snippet:-1, max-image-preview:large, max-video-preview:-1\" \/>\n<meta property=\"og:locale\" content=\"de_DE\" \/>\n<meta property=\"og:type\" content=\"article\" \/>\n<meta property=\"og:title\" content=\"Wirtschaftsmeile Reutte - Leeb Balkone\" \/>\n<meta property=\"og:description\" content=\"Die Wirtschaftsmeile Reutte ist eine dreit\u00e4gige Regionalmesse, bei der Unternehmen aus Tirol und dem Allg\u00e4u ihre Produkte, Innovationen und\" \/>\n<meta property=\"og:url\" content=\"https:\/\/www.leeb-balkone.com\/at\/messe\/wirtschaftsmeile-reutte\/\" \/>\n<meta property=\"og:site_name\" content=\"Leeb Balkone\" \/>\n<meta property=\"article:publisher\" content=\"https:\/\/www.facebook.com\/balkone\/\" \/>\n<meta property=\"article:modified_time\" content=\"2026-04-15T08:08:05+00:00\" \/>\n<meta property=\"og:image\" content=\"https:\/\/www.leeb-balkone.com\/app\/uploads\/2020\/09\/alu-balkongelaender-zufriedene-kunden-1.jpg\" \/>\n\t<meta property=\"og:image:width\" content=\"2560\" \/>\n\t<meta property=\"og:image:height\" content=\"1762\" \/>\n\t<meta property=\"og:image:type\" content=\"image\/jpeg\" \/>\n<meta name=\"twitter:card\" content=\"summary_large_image\" \/>\n<script type=\"application\/ld+json\" class=\"yoast-schema-graph\">{\"@context\":\"https:\/\/schema.org\",\"@graph\":[{\"@type\":\"WebPage\",\"@id\":\"https:\/\/www.leeb-balkone.com\/at\/messe\/wirtschaftsmeile-reutte\/\",\"url\":\"https:\/\/www.leeb-balkone.com\/at\/messe\/wirtschaftsmeile-reutte\/\",\"name\":\"Wirtschaftsmeile Reutte - Leeb Balkone\",\"isPartOf\":{\"@id\":\"https:\/\/www.leeb-balkone.com\/at\/#website\"},\"primaryImageOfPage\":{\"@id\":\"https:\/\/www.leeb-balkone.com\/at\/messe\/wirtschaftsmeile-reutte\/#primaryimage\"},\"image\":{\"@id\":\"https:\/\/www.leeb-balkone.com\/at\/messe\/wirtschaftsmeile-reutte\/#primaryimage\"},\"thumbnailUrl\":\"https:\/\/www.leeb-balkone.com\/app\/uploads\/2026\/04\/reutte.com-2.svg\",\"datePublished\":\"2026-04-15T07:52:13+00:00\",\"dateModified\":\"2026-04-15T08:08:05+00:00\",\"description\":\"Die Wirtschaftsmeile Reutte ist eine dreit\u00e4gige Regionalmesse, bei der Unternehmen aus Tirol und dem Allg\u00e4u ihre Produkte, Innovationen und\",\"breadcrumb\":{\"@id\":\"https:\/\/www.leeb-balkone.com\/at\/messe\/wirtschaftsmeile-reutte\/#breadcrumb\"},\"inLanguage\":\"de-AT\",\"potentialAction\":[{\"@type\":\"ReadAction\",\"target\":[\"https:\/\/www.leeb-balkone.com\/at\/messe\/wirtschaftsmeile-reutte\/\"]}]},{\"@type\":\"ImageObject\",\"inLanguage\":\"de-AT\",\"@id\":\"https:\/\/www.leeb-balkone.com\/at\/messe\/wirtschaftsmeile-reutte\/#primaryimage\",\"url\":\"https:\/\/www.leeb-balkone.com\/app\/uploads\/2026\/04\/reutte.com-2.svg\",\"contentUrl\":\"https:\/\/www.leeb-balkone.com\/app\/uploads\/2026\/04\/reutte.com-2.svg\",\"width\":185,\"height\":185},{\"@type\":\"BreadcrumbList\",\"@id\":\"https:\/\/www.leeb-balkone.com\/at\/messe\/wirtschaftsmeile-reutte\/#breadcrumb\",\"itemListElement\":[{\"@type\":\"ListItem\",\"position\":1,\"name\":\"Home\",\"item\":\"https:\/\/www.leeb-balkone.com\/at\/\"},{\"@type\":\"ListItem\",\"position\":2,\"name\":\"Veranstaltungen\",\"item\":\"https:\/\/www.leeb-balkone.com\/at\/messe\/\"},{\"@type\":\"ListItem\",\"position\":3,\"name\":\"Wirtschaftsmeile Reutte\"}]},{\"@type\":\"WebSite\",\"@id\":\"https:\/\/www.leeb-balkone.com\/at\/#website\",\"url\":\"https:\/\/www.leeb-balkone.com\/at\/\",\"name\":\"Leeb Balkone\",\"description\":\"Balkone und Z\u00e4une\",\"publisher\":{\"@id\":\"https:\/\/www.leeb-balkone.com\/at\/#organization\"},\"potentialAction\":[{\"@type\":\"SearchAction\",\"target\":{\"@type\":\"EntryPoint\",\"urlTemplate\":\"https:\/\/www.leeb-balkone.com\/at\/?s={search_term_string}\"},\"query-input\":{\"@type\":\"PropertyValueSpecification\",\"valueRequired\":true,\"valueName\":\"search_term_string\"}}],\"inLanguage\":\"de-AT\"},{\"@type\":\"Organization\",\"@id\":\"https:\/\/www.leeb-balkone.com\/at\/#organization\",\"name\":\"Leeb Balkone Gmbh\",\"url\":\"https:\/\/www.leeb-balkone.com\/at\/\",\"logo\":{\"@type\":\"ImageObject\",\"inLanguage\":\"de-AT\",\"@id\":\"https:\/\/www.leeb-balkone.com\/at\/#\/schema\/logo\/image\/\",\"url\":\"https:\/\/www.leeb-balkone.com\/app\/uploads\/2020\/11\/leeb-logo.svg\",\"contentUrl\":\"https:\/\/www.leeb-balkone.com\/app\/uploads\/2020\/11\/leeb-logo.svg\",\"width\":741,\"height\":204,\"caption\":\"Leeb Balkone Gmbh\"},\"image\":{\"@id\":\"https:\/\/www.leeb-balkone.com\/at\/#\/schema\/logo\/image\/\"},\"sameAs\":[\"https:\/\/www.facebook.com\/balkone\/\",\"https:\/\/www.trustedshops.at\/bewertung\/info_X4587CCF5833E31AFE0B11F47D86999F2.html\",\"https:\/\/www.trustedshops.de\/bewertung\/info_X7BA536A7A0BDC86D36C4718E4DCAEEEF.html\",\"https:\/\/www.google.com\/maps\/place\/?q=place_id:ChIJ5-zH19-IcEcR9HonWRTllHI\"]}]}<\/script>\n<!-- \/ Yoast SEO plugin. -->","yoast_head_json":{"title":"Wirtschaftsmeile Reutte - Leeb Balkone \u00d6sterreich","description":"Die Wirtschaftsmeile Reutte ist eine dreit\u00e4gige Regionalmesse, bei der Unternehmen aus Tirol und dem Allg\u00e4u ihre Produkte, Innovationen und","robots":{"index":"index","follow":"follow","max-snippet":"max-snippet:-1","max-image-preview":"max-image-preview:large","max-video-preview":"max-video-preview:-1"},"og_locale":"de_DE","og_type":"article","og_title":"Wirtschaftsmeile Reutte - Leeb Balkone","og_description":"Die Wirtschaftsmeile Reutte ist eine dreit\u00e4gige Regionalmesse, bei der Unternehmen aus Tirol und dem Allg\u00e4u ihre Produkte, Innovationen und","og_url":"https:\/\/www.leeb-balkone.com\/at\/messe\/wirtschaftsmeile-reutte\/","og_site_name":"Leeb Balkone","article_publisher":"https:\/\/www.facebook.com\/balkone\/","article_modified_time":"2026-04-15T08:08:05+00:00","og_image":[{"width":2560,"height":1762,"url":"https:\/\/www.leeb-balkone.com\/app\/uploads\/2020\/09\/alu-balkongelaender-zufriedene-kunden-1.jpg","type":"image\/jpeg"}],"twitter_card":"summary_large_image","schema":{"@context":"https:\/\/schema.org","@graph":[{"@type":"WebPage","@id":"https:\/\/www.leeb-balkone.com\/at\/messe\/wirtschaftsmeile-reutte\/","url":"https:\/\/www.leeb-balkone.com\/at\/messe\/wirtschaftsmeile-reutte\/","name":"Wirtschaftsmeile Reutte - Leeb Balkone","isPartOf":{"@id":"https:\/\/www.leeb-balkone.com\/at\/#website"},"primaryImageOfPage":{"@id":"https:\/\/www.leeb-balkone.com\/at\/messe\/wirtschaftsmeile-reutte\/#primaryimage"},"image":{"@id":"https:\/\/www.leeb-balkone.com\/at\/messe\/wirtschaftsmeile-reutte\/#primaryimage"},"thumbnailUrl":"https:\/\/www.leeb-balkone.com\/app\/uploads\/2026\/04\/reutte.com-2.svg","datePublished":"2026-04-15T07:52:13+00:00","dateModified":"2026-04-15T08:08:05+00:00","description":"Die Wirtschaftsmeile Reutte ist eine dreit\u00e4gige Regionalmesse, bei der Unternehmen aus Tirol und dem Allg\u00e4u ihre Produkte, Innovationen und","breadcrumb":{"@id":"https:\/\/www.leeb-balkone.com\/at\/messe\/wirtschaftsmeile-reutte\/#breadcrumb"},"inLanguage":"de-AT","potentialAction":[{"@type":"ReadAction","target":["https:\/\/www.leeb-balkone.com\/at\/messe\/wirtschaftsmeile-reutte\/"]}]},{"@type":"ImageObject","inLanguage":"de-AT","@id":"https:\/\/www.leeb-balkone.com\/at\/messe\/wirtschaftsmeile-reutte\/#primaryimage","url":"https:\/\/www.leeb-balkone.com\/app\/uploads\/2026\/04\/reutte.com-2.svg","contentUrl":"https:\/\/www.leeb-balkone.com\/app\/uploads\/2026\/04\/reutte.com-2.svg","width":185,"height":185},{"@type":"BreadcrumbList","@id":"https:\/\/www.leeb-balkone.com\/at\/messe\/wirtschaftsmeile-reutte\/#breadcrumb","itemListElement":[{"@type":"ListItem","position":1,"name":"Home","item":"https:\/\/www.leeb-balkone.com\/at\/"},{"@type":"ListItem","position":2,"name":"Veranstaltungen","item":"https:\/\/www.leeb-balkone.com\/at\/messe\/"},{"@type":"ListItem","position":3,"name":"Wirtschaftsmeile Reutte"}]},{"@type":"WebSite","@id":"https:\/\/www.leeb-balkone.com\/at\/#website","url":"https:\/\/www.leeb-balkone.com\/at\/","name":"Leeb Balkone","description":"Balkone und Z\u00e4une","publisher":{"@id":"https:\/\/www.leeb-balkone.com\/at\/#organization"},"potentialAction":[{"@type":"SearchAction","target":{"@type":"EntryPoint","urlTemplate":"https:\/\/www.leeb-balkone.com\/at\/?s={search_term_string}"},"query-input":{"@type":"PropertyValueSpecification","valueRequired":true,"valueName":"search_term_string"}}],"inLanguage":"de-AT"},{"@type":"Organization","@id":"https:\/\/www.leeb-balkone.com\/at\/#organization","name":"Leeb Balkone Gmbh","url":"https:\/\/www.leeb-balkone.com\/at\/","logo":{"@type":"ImageObject","inLanguage":"de-AT","@id":"https:\/\/www.leeb-balkone.com\/at\/#\/schema\/logo\/image\/","url":"https:\/\/www.leeb-balkone.com\/app\/uploads\/2020\/11\/leeb-logo.svg","contentUrl":"https:\/\/www.leeb-balkone.com\/app\/uploads\/2020\/11\/leeb-logo.svg","width":741,"height":204,"caption":"Leeb Balkone Gmbh"},"image":{"@id":"https:\/\/www.leeb-balkone.com\/at\/#\/schema\/logo\/image\/"},"sameAs":["https:\/\/www.facebook.com\/balkone\/","https:\/\/www.trustedshops.at\/bewertung\/info_X4587CCF5833E31AFE0B11F47D86999F2.html","https:\/\/www.trustedshops.de\/bewertung\/info_X7BA536A7A0BDC86D36C4718E4DCAEEEF.html","https:\/\/www.google.com\/maps\/place\/?q=place_id:ChIJ5-zH19-IcEcR9HonWRTllHI"]}]}},"_links":{"self":[{"href":"https:\/\/www.leeb-balkone.com\/at\/wp-json\/wp\/v2\/tribe_events\/167768","targetHints":{"allow":["GET"]}}],"collection":[{"href":"https:\/\/www.leeb-balkone.com\/at\/wp-json\/wp\/v2\/tribe_events"}],"about":[{"href":"https:\/\/www.leeb-balkone.com\/at\/wp-json\/wp\/v2\/types\/tribe_events"}],"author":[{"embeddable":true,"href":"https:\/\/www.leeb-balkone.com\/at\/wp-json\/wp\/v2\/users\/12"}],"version-history":[{"count":1,"href":"https:\/\/www.leeb-balkone.com\/at\/wp-json\/wp\/v2\/tribe_events\/167768\/revisions"}],"predecessor-version":[{"id":167770,"href":"https:\/\/www.leeb-balkone.com\/at\/wp-json\/wp\/v2\/tribe_events\/167768\/revisions\/167770"}],"wp:featuredmedia":[{"embeddable":true,"href":"https:\/\/www.leeb-balkone.com\/at\/wp-json\/wp\/v2\/media\/167771"}],"wp:attachment":[{"href":"https:\/\/www.leeb-balkone.com\/at\/wp-json\/wp\/v2\/media?parent=167768"}],"wp:term":[{"taxonomy":"post_tag","embeddable":true,"href":"https:\/\/www.leeb-balkone.com\/at\/wp-json\/wp\/v2\/tags?post=167768"},{"taxonomy":"tribe_events_cat","embeddable":true,"href":"https:\/\/www.leeb-balkone.com\/at\/wp-json\/wp\/v2\/tribe_events_cat?post=167768"}],"curies":[{"name":"wp","href":"https:\/\/api.w.org\/{rel}","templated":true}]}}

<p>Die Wirtschaftsmeile Reutte ist eine dreitägige Regionalmesse, bei der Unternehmen aus Tirol und dem Allgäu ihre Produkte, Innovationen und Dienstleistungen präsentieren und zahlreiche Besucher anziehen. Ergänzt wird die Veranstaltung durch ein vielfältiges Rahmenprogramm mit Networking, Gastronomie und Public Viewing der Fußball-WM, wodurch Messe und Eventerlebnis miteinander verbunden werden.</p>
<h4 class="font-bold text-slate-900">Öffnungszeiten</h4>
<p class="mt-1 whitespace-pre-line text-sm text-slate-500">Freitag, 10.07. von 12 bis 17 Uhr<br />
Samstag, 11.07. von 09 bis 17 Uhr<br />
Sonntag, 12.07. von 09 bis 17 Uhr</p>

<!-- This site is optimized with the Yoast SEO plugin v27.2 - https://yoast.com/product/yoast-seo-wordpress/ -->
<title>Wirtschaftsmeile Reutte - Leeb Balkone Österreich</title>
<meta name="description" content="Die Wirtschaftsmeile Reutte ist eine dreitägige Regionalmesse, bei der Unternehmen aus Tirol und dem Allgäu ihre Produkte, Innovationen und" />
<meta name="robots" content="index, follow, max-snippet:-1, max-image-preview:large, max-video-preview:-1" />
<meta property="og:locale" content="de_DE" />
<meta property="og:type" content="article" />
<meta property="og:title" content="Wirtschaftsmeile Reutte - Leeb Balkone" />
<meta property="og:description" content="Die Wirtschaftsmeile Reutte ist eine dreitägige Regionalmesse, bei der Unternehmen aus Tirol und dem Allgäu ihre Produkte, Innovationen und" />
<meta property="og:url" content="https://www.leeb-balkone.com/at/messe/wirtschaftsmeile-reutte/" />
<meta property="og:site_name" content="Leeb Balkone" />
<meta property="article:publisher" content="https://www.facebook.com/balkone/" />
<meta property="article:modified_time" content="2026-04-15T08:08:05+00:00" />
<meta property="og:image" content="https://www.leeb-balkone.com/app/uploads/2020/09/alu-balkongelaender-zufriedene-kunden-1.jpg" />
	<meta property="og:image:width" content="2560" />
	<meta property="og:image:height" content="1762" />
	<meta property="og:image:type" content="image/jpeg" />
<meta name="twitter:card" content="summary_large_image" />
<script type="application/ld+json" class="yoast-schema-graph">{"@context":"https://schema.org","@graph":[{"@type":"WebPage","@id":"https://www.leeb-balkone.com/at/messe/wirtschaftsmeile-reutte/","url":"https://www.leeb-balkone.com/at/messe/wirtschaftsmeile-reutte/","name":"Wirtschaftsmeile Reutte - Leeb Balkone","isPartOf":{"@id":"https://www.leeb-balkone.com/at/#website"},"primaryImageOfPage":{"@id":"https://www.leeb-balkone.com/at/messe/wirtschaftsmeile-reutte/#primaryimage"},"image":{"@id":"https://www.leeb-balkone.com/at/messe/wirtschaftsmeile-reutte/#primaryimage"},"thumbnailUrl":"https://www.leeb-balkone.com/app/uploads/2026/04/reutte.com-2.svg","datePublished":"2026-04-15T07:52:13+00:00","dateModified":"2026-04-15T08:08:05+00:00","description":"Die Wirtschaftsmeile Reutte ist eine dreitägige Regionalmesse, bei der Unternehmen aus Tirol und dem Allgäu ihre Produkte, Innovationen und","breadcrumb":{"@id":"https://www.leeb-balkone.com/at/messe/wirtschaftsmeile-reutte/#breadcrumb"},"inLanguage":"de-AT","potentialAction":[{"@type":"ReadAction","target":["https://www.leeb-balkone.com/at/messe/wirtschaftsmeile-reutte/"]}]},{"@type":"ImageObject","inLanguage":"de-AT","@id":"https://www.leeb-balkone.com/at/messe/wirtschaftsmeile-reutte/#primaryimage","url":"https://www.leeb-balkone.com/app/uploads/2026/04/reutte.com-2.svg","contentUrl":"https://www.leeb-balkone.com/app/uploads/2026/04/reutte.com-2.svg","width":185,"height":185},{"@type":"BreadcrumbList","@id":"https://www.leeb-balkone.com/at/messe/wirtschaftsmeile-reutte/#breadcrumb","itemListElement":[{"@type":"ListItem","position":1,"name":"Home","item":"https://www.leeb-balkone.com/at/"},{"@type":"ListItem","position":2,"name":"Veranstaltungen","item":"https://www.leeb-balkone.com/at/messe/"},{"@type":"ListItem","position":3,"name":"Wirtschaftsmeile Reutte"}]},{"@type":"WebSite","@id":"https://www.leeb-balkone.com/at/#website","url":"https://www.leeb-balkone.com/at/","name":"Leeb Balkone","description":"Balkone und Zäune","publisher":{"@id":"https://www.leeb-balkone.com/at/#organization"},"potentialAction":[{"@type":"SearchAction","target":{"@type":"EntryPoint","urlTemplate":"https://www.leeb-balkone.com/at/?s={search_term_string}"},"query-input":{"@type":"PropertyValueSpecification","valueRequired":true,"valueName":"search_term_string"}}],"inLanguage":"de-AT"},{"@type":"Organization","@id":"https://www.leeb-balkone.com/at/#organization","name":"Leeb Balkone Gmbh","url":"https://www.leeb-balkone.com/at/","logo":{"@type":"ImageObject","inLanguage":"de-AT","@id":"https://www.leeb-balkone.com/at/#/schema/logo/image/","url":"https://www.leeb-balkone.com/app/uploads/2020/11/leeb-logo.svg","contentUrl":"https://www.leeb-balkone.com/app/uploads/2020/11/leeb-logo.svg","width":741,"height":204,"caption":"Leeb Balkone Gmbh"},"image":{"@id":"https://www.leeb-balkone.com/at/#/schema/logo/image/"},"sameAs":["https://www.facebook.com/balkone/","https://www.trustedshops.at/bewertung/info_X4587CCF5833E31AFE0B11F47D86999F2.html","https://www.trustedshops.de/bewertung/info_X7BA536A7A0BDC86D36C4718E4DCAEEEF.html","https://www.google.com/maps/place/?q=place_id:ChIJ5-zH19-IcEcR9HonWRTllHI"]}]}</script>
<!-- / Yoast SEO plugin. -->

Wirtschaftsmeile Reutte - Leeb Balkone Österreich

Die Wirtschaftsmeile Reutte ist eine dreitägige Regionalmesse, bei der Unternehmen aus Tirol und dem Allgäu ihre Produkte, Innovationen und

Balkone und Zäune
