{"id":165805,"date":"2026-03-09T08:41:43","date_gmt":"2026-03-09T08:41:43","guid":{"rendered":"https:\/\/www.leeb-balkone.com\/messe\/hausmesse-kirchdorf\/"},"modified":"2026-03-25T14:35:38","modified_gmt":"2026-03-25T14:35:38","slug":"hausmesse-kirchdorf","status":"publish","type":"tribe_events","link":"https:\/\/www.leeb-balkone.com\/at\/messe\/hausmesse-kirchdorf\/","title":{"rendered":"Hausmesse Kirchdorf"},"content":{"rendered":"<p>Profitieren Sie von der pers\u00f6nlichen Beratung des kompetenten Teams vor Ort und ergreifen Sie die Gelegenheit, einige unserer sch\u00f6nsten Zaun- und Balkonmodelle zu entdecken.<\/p>\n<h3>Hausmesse in Kirchdorf in Tirol \u2013 Sepp Bichler<\/h3>\n<p>Freitag, 10. April von 10 bis 17 Uhr<\/p>\n<p>Samstag, 11. April von 10 bis 17 Uhr<\/p>\n<p>Innsbruckerstra\u00dfe 17, 6382 Kirchdorf in Tirol, \u00d6sterreich<\/p>\n","protected":false},"excerpt":{"rendered":"","protected":false},"author":3,"featured_media":57005,"template":"","meta":{"_acf_changed":false,"_tribe_events_status":"","_tribe_events_status_reason":"","_tribe_events_is_hybrid":"","_tribe_events_is_virtual":"","_tribe_events_virtual_video_source":"","_tribe_events_virtual_embed_video":"","_tribe_events_virtual_linked_button_text":"","_tribe_events_virtual_linked_button":"","_tribe_events_virtual_show_embed_at":"","_tribe_events_virtual_show_embed_to":[],"_tribe_events_virtual_show_on_event":"","_tribe_events_virtual_show_on_views":"","_tribe_events_virtual_url":"","footnotes":""},"tags":[],"tribe_events_cat":[264],"class_list":["post-165805","tribe_events","type-tribe_events","status-publish","has-post-thumbnail","hentry","tribe_events_cat-hausmessen","cat_hausmessen"],"acf":[],"yoast_head":"<!-- This site is optimized with the Yoast SEO plugin v27.2 - https:\/\/yoast.com\/product\/yoast-seo-wordpress\/ -->\n<title>Hausmesse Kirchdorf - Leeb Balkone \u00d6sterreich<\/title>\n<meta name=\"description\" content=\"Profitieren Sie von der pers\u00f6nlichen Beratung des kompetenten Teams vor Ort und ergreifen Sie die Gelegenheit, einige unserer sch\u00f6nsten Zaun- und\" \/>\n<meta name=\"robots\" content=\"index, follow, max-snippet:-1, max-image-preview:large, max-video-preview:-1\" \/>\n<meta property=\"og:locale\" content=\"de_DE\" \/>\n<meta property=\"og:type\" content=\"article\" \/>\n<meta property=\"og:title\" content=\"Hausmesse Kirchdorf - Leeb Balkone\" \/>\n<meta property=\"og:description\" content=\"Profitieren Sie von der pers\u00f6nlichen Beratung des kompetenten Teams vor Ort und ergreifen Sie die Gelegenheit, einige unserer sch\u00f6nsten Zaun- und\" \/>\n<meta property=\"og:url\" content=\"https:\/\/www.leeb-balkone.com\/at\/messe\/hausmesse-kirchdorf\/\" \/>\n<meta property=\"og:site_name\" content=\"Leeb Balkone\" \/>\n<meta property=\"article:publisher\" content=\"https:\/\/www.facebook.com\/balkone\/\" \/>\n<meta property=\"article:modified_time\" content=\"2026-03-25T14:35:38+00:00\" \/>\n<meta property=\"og:image\" content=\"https:\/\/www.leeb-balkone.com\/app\/uploads\/2021\/10\/leeb-balkone-messe-scaled.jpg\" \/>\n\t<meta property=\"og:image:width\" content=\"2560\" \/>\n\t<meta property=\"og:image:height\" content=\"1543\" \/>\n\t<meta property=\"og:image:type\" content=\"image\/jpeg\" \/>\n<meta name=\"twitter:card\" content=\"summary_large_image\" \/>\n<script type=\"application\/ld+json\" class=\"yoast-schema-graph\">{\"@context\":\"https:\/\/schema.org\",\"@graph\":[{\"@type\":\"WebPage\",\"@id\":\"https:\/\/www.leeb-balkone.com\/at\/messe\/hausmesse-kirchdorf\/\",\"url\":\"https:\/\/www.leeb-balkone.com\/at\/messe\/hausmesse-kirchdorf\/\",\"name\":\"Hausmesse Kirchdorf - Leeb Balkone\",\"isPartOf\":{\"@id\":\"https:\/\/www.leeb-balkone.com\/at\/#website\"},\"primaryImageOfPage\":{\"@id\":\"https:\/\/www.leeb-balkone.com\/at\/messe\/hausmesse-kirchdorf\/#primaryimage\"},\"image\":{\"@id\":\"https:\/\/www.leeb-balkone.com\/at\/messe\/hausmesse-kirchdorf\/#primaryimage\"},\"thumbnailUrl\":\"https:\/\/www.leeb-balkone.com\/app\/uploads\/2021\/10\/leeb-balkone-messe-scaled.jpg\",\"datePublished\":\"2026-03-09T08:41:43+00:00\",\"dateModified\":\"2026-03-25T14:35:38+00:00\",\"description\":\"Profitieren Sie von der pers\u00f6nlichen Beratung des kompetenten Teams vor Ort und ergreifen Sie die Gelegenheit, einige unserer sch\u00f6nsten Zaun- und\",\"breadcrumb\":{\"@id\":\"https:\/\/www.leeb-balkone.com\/at\/messe\/hausmesse-kirchdorf\/#breadcrumb\"},\"inLanguage\":\"de-AT\",\"potentialAction\":[{\"@type\":\"ReadAction\",\"target\":[\"https:\/\/www.leeb-balkone.com\/at\/messe\/hausmesse-kirchdorf\/\"]}]},{\"@type\":\"ImageObject\",\"inLanguage\":\"de-AT\",\"@id\":\"https:\/\/www.leeb-balkone.com\/at\/messe\/hausmesse-kirchdorf\/#primaryimage\",\"url\":\"https:\/\/www.leeb-balkone.com\/app\/uploads\/2021\/10\/leeb-balkone-messe-scaled.jpg\",\"contentUrl\":\"https:\/\/www.leeb-balkone.com\/app\/uploads\/2021\/10\/leeb-balkone-messe-scaled.jpg\",\"width\":2560,\"height\":1543},{\"@type\":\"BreadcrumbList\",\"@id\":\"https:\/\/www.leeb-balkone.com\/at\/messe\/hausmesse-kirchdorf\/#breadcrumb\",\"itemListElement\":[{\"@type\":\"ListItem\",\"position\":1,\"name\":\"Home\",\"item\":\"https:\/\/www.leeb-balkone.com\/at\/\"},{\"@type\":\"ListItem\",\"position\":2,\"name\":\"Veranstaltungen\",\"item\":\"https:\/\/www.leeb-balkone.com\/at\/messe\/\"},{\"@type\":\"ListItem\",\"position\":3,\"name\":\"Hausmesse Kirchdorf\"}]},{\"@type\":\"WebSite\",\"@id\":\"https:\/\/www.leeb-balkone.com\/at\/#website\",\"url\":\"https:\/\/www.leeb-balkone.com\/at\/\",\"name\":\"Leeb Balkone\",\"description\":\"Balkone und Z\u00e4une\",\"publisher\":{\"@id\":\"https:\/\/www.leeb-balkone.com\/at\/#organization\"},\"potentialAction\":[{\"@type\":\"SearchAction\",\"target\":{\"@type\":\"EntryPoint\",\"urlTemplate\":\"https:\/\/www.leeb-balkone.com\/at\/?s={search_term_string}\"},\"query-input\":{\"@type\":\"PropertyValueSpecification\",\"valueRequired\":true,\"valueName\":\"search_term_string\"}}],\"inLanguage\":\"de-AT\"},{\"@type\":\"Organization\",\"@id\":\"https:\/\/www.leeb-balkone.com\/at\/#organization\",\"name\":\"Leeb Balkone Gmbh\",\"url\":\"https:\/\/www.leeb-balkone.com\/at\/\",\"logo\":{\"@type\":\"ImageObject\",\"inLanguage\":\"de-AT\",\"@id\":\"https:\/\/www.leeb-balkone.com\/at\/#\/schema\/logo\/image\/\",\"url\":\"https:\/\/www.leeb-balkone.com\/app\/uploads\/2020\/11\/leeb-logo.svg\",\"contentUrl\":\"https:\/\/www.leeb-balkone.com\/app\/uploads\/2020\/11\/leeb-logo.svg\",\"width\":741,\"height\":204,\"caption\":\"Leeb Balkone Gmbh\"},\"image\":{\"@id\":\"https:\/\/www.leeb-balkone.com\/at\/#\/schema\/logo\/image\/\"},\"sameAs\":[\"https:\/\/www.facebook.com\/balkone\/\",\"https:\/\/www.trustedshops.at\/bewertung\/info_X4587CCF5833E31AFE0B11F47D86999F2.html\",\"https:\/\/www.trustedshops.de\/bewertung\/info_X7BA536A7A0BDC86D36C4718E4DCAEEEF.html\",\"https:\/\/www.google.com\/maps\/place\/?q=place_id:ChIJ5-zH19-IcEcR9HonWRTllHI\"]}]}<\/script>\n<!-- \/ Yoast SEO plugin. -->","yoast_head_json":{"title":"Hausmesse Kirchdorf - Leeb Balkone \u00d6sterreich","description":"Profitieren Sie von der pers\u00f6nlichen Beratung des kompetenten Teams vor Ort und ergreifen Sie die Gelegenheit, einige unserer sch\u00f6nsten Zaun- und","robots":{"index":"index","follow":"follow","max-snippet":"max-snippet:-1","max-image-preview":"max-image-preview:large","max-video-preview":"max-video-preview:-1"},"og_locale":"de_DE","og_type":"article","og_title":"Hausmesse Kirchdorf - Leeb Balkone","og_description":"Profitieren Sie von der pers\u00f6nlichen Beratung des kompetenten Teams vor Ort und ergreifen Sie die Gelegenheit, einige unserer sch\u00f6nsten Zaun- und","og_url":"https:\/\/www.leeb-balkone.com\/at\/messe\/hausmesse-kirchdorf\/","og_site_name":"Leeb Balkone","article_publisher":"https:\/\/www.facebook.com\/balkone\/","article_modified_time":"2026-03-25T14:35:38+00:00","og_image":[{"width":2560,"height":1543,"url":"https:\/\/www.leeb-balkone.com\/app\/uploads\/2021\/10\/leeb-balkone-messe-scaled.jpg","type":"image\/jpeg"}],"twitter_card":"summary_large_image","schema":{"@context":"https:\/\/schema.org","@graph":[{"@type":"WebPage","@id":"https:\/\/www.leeb-balkone.com\/at\/messe\/hausmesse-kirchdorf\/","url":"https:\/\/www.leeb-balkone.com\/at\/messe\/hausmesse-kirchdorf\/","name":"Hausmesse Kirchdorf - Leeb Balkone","isPartOf":{"@id":"https:\/\/www.leeb-balkone.com\/at\/#website"},"primaryImageOfPage":{"@id":"https:\/\/www.leeb-balkone.com\/at\/messe\/hausmesse-kirchdorf\/#primaryimage"},"image":{"@id":"https:\/\/www.leeb-balkone.com\/at\/messe\/hausmesse-kirchdorf\/#primaryimage"},"thumbnailUrl":"https:\/\/www.leeb-balkone.com\/app\/uploads\/2021\/10\/leeb-balkone-messe-scaled.jpg","datePublished":"2026-03-09T08:41:43+00:00","dateModified":"2026-03-25T14:35:38+00:00","description":"Profitieren Sie von der pers\u00f6nlichen Beratung des kompetenten Teams vor Ort und ergreifen Sie die Gelegenheit, einige unserer sch\u00f6nsten Zaun- und","breadcrumb":{"@id":"https:\/\/www.leeb-balkone.com\/at\/messe\/hausmesse-kirchdorf\/#breadcrumb"},"inLanguage":"de-AT","potentialAction":[{"@type":"ReadAction","target":["https:\/\/www.leeb-balkone.com\/at\/messe\/hausmesse-kirchdorf\/"]}]},{"@type":"ImageObject","inLanguage":"de-AT","@id":"https:\/\/www.leeb-balkone.com\/at\/messe\/hausmesse-kirchdorf\/#primaryimage","url":"https:\/\/www.leeb-balkone.com\/app\/uploads\/2021\/10\/leeb-balkone-messe-scaled.jpg","contentUrl":"https:\/\/www.leeb-balkone.com\/app\/uploads\/2021\/10\/leeb-balkone-messe-scaled.jpg","width":2560,"height":1543},{"@type":"BreadcrumbList","@id":"https:\/\/www.leeb-balkone.com\/at\/messe\/hausmesse-kirchdorf\/#breadcrumb","itemListElement":[{"@type":"ListItem","position":1,"name":"Home","item":"https:\/\/www.leeb-balkone.com\/at\/"},{"@type":"ListItem","position":2,"name":"Veranstaltungen","item":"https:\/\/www.leeb-balkone.com\/at\/messe\/"},{"@type":"ListItem","position":3,"name":"Hausmesse Kirchdorf"}]},{"@type":"WebSite","@id":"https:\/\/www.leeb-balkone.com\/at\/#website","url":"https:\/\/www.leeb-balkone.com\/at\/","name":"Leeb Balkone","description":"Balkone und Z\u00e4une","publisher":{"@id":"https:\/\/www.leeb-balkone.com\/at\/#organization"},"potentialAction":[{"@type":"SearchAction","target":{"@type":"EntryPoint","urlTemplate":"https:\/\/www.leeb-balkone.com\/at\/?s={search_term_string}"},"query-input":{"@type":"PropertyValueSpecification","valueRequired":true,"valueName":"search_term_string"}}],"inLanguage":"de-AT"},{"@type":"Organization","@id":"https:\/\/www.leeb-balkone.com\/at\/#organization","name":"Leeb Balkone Gmbh","url":"https:\/\/www.leeb-balkone.com\/at\/","logo":{"@type":"ImageObject","inLanguage":"de-AT","@id":"https:\/\/www.leeb-balkone.com\/at\/#\/schema\/logo\/image\/","url":"https:\/\/www.leeb-balkone.com\/app\/uploads\/2020\/11\/leeb-logo.svg","contentUrl":"https:\/\/www.leeb-balkone.com\/app\/uploads\/2020\/11\/leeb-logo.svg","width":741,"height":204,"caption":"Leeb Balkone Gmbh"},"image":{"@id":"https:\/\/www.leeb-balkone.com\/at\/#\/schema\/logo\/image\/"},"sameAs":["https:\/\/www.facebook.com\/balkone\/","https:\/\/www.trustedshops.at\/bewertung\/info_X4587CCF5833E31AFE0B11F47D86999F2.html","https:\/\/www.trustedshops.de\/bewertung\/info_X7BA536A7A0BDC86D36C4718E4DCAEEEF.html","https:\/\/www.google.com\/maps\/place\/?q=place_id:ChIJ5-zH19-IcEcR9HonWRTllHI"]}]}},"_links":{"self":[{"href":"https:\/\/www.leeb-balkone.com\/at\/wp-json\/wp\/v2\/tribe_events\/165805","targetHints":{"allow":["GET"]}}],"collection":[{"href":"https:\/\/www.leeb-balkone.com\/at\/wp-json\/wp\/v2\/tribe_events"}],"about":[{"href":"https:\/\/www.leeb-balkone.com\/at\/wp-json\/wp\/v2\/types\/tribe_events"}],"author":[{"embeddable":true,"href":"https:\/\/www.leeb-balkone.com\/at\/wp-json\/wp\/v2\/users\/3"}],"version-history":[{"count":2,"href":"https:\/\/www.leeb-balkone.com\/at\/wp-json\/wp\/v2\/tribe_events\/165805\/revisions"}],"predecessor-version":[{"id":165810,"href":"https:\/\/www.leeb-balkone.com\/at\/wp-json\/wp\/v2\/tribe_events\/165805\/revisions\/165810"}],"wp:featuredmedia":[{"embeddable":true,"href":"https:\/\/www.leeb-balkone.com\/at\/wp-json\/wp\/v2\/media\/57005"}],"wp:attachment":[{"href":"https:\/\/www.leeb-balkone.com\/at\/wp-json\/wp\/v2\/media?parent=165805"}],"wp:term":[{"taxonomy":"post_tag","embeddable":true,"href":"https:\/\/www.leeb-balkone.com\/at\/wp-json\/wp\/v2\/tags?post=165805"},{"taxonomy":"tribe_events_cat","embeddable":true,"href":"https:\/\/www.leeb-balkone.com\/at\/wp-json\/wp\/v2\/tribe_events_cat?post=165805"}],"curies":[{"name":"wp","href":"https:\/\/api.w.org\/{rel}","templated":true}]}}

<p>Profitieren Sie von der persönlichen Beratung des kompetenten Teams vor Ort und ergreifen Sie die Gelegenheit, einige unserer schönsten Zaun- und Balkonmodelle zu entdecken.</p>
<h3>Hausmesse in Kirchdorf in Tirol – Sepp Bichler</h3>
<p>Freitag, 10. April von 10 bis 17 Uhr</p>
<p>Samstag, 11. April von 10 bis 17 Uhr</p>
<p>Innsbruckerstraße 17, 6382 Kirchdorf in Tirol, Österreich</p>

<!-- This site is optimized with the Yoast SEO plugin v27.2 - https://yoast.com/product/yoast-seo-wordpress/ -->
<title>Hausmesse Kirchdorf - Leeb Balkone Österreich</title>
<meta name="description" content="Profitieren Sie von der persönlichen Beratung des kompetenten Teams vor Ort und ergreifen Sie die Gelegenheit, einige unserer schönsten Zaun- und" />
<meta name="robots" content="index, follow, max-snippet:-1, max-image-preview:large, max-video-preview:-1" />
<meta property="og:locale" content="de_DE" />
<meta property="og:type" content="article" />
<meta property="og:title" content="Hausmesse Kirchdorf - Leeb Balkone" />
<meta property="og:description" content="Profitieren Sie von der persönlichen Beratung des kompetenten Teams vor Ort und ergreifen Sie die Gelegenheit, einige unserer schönsten Zaun- und" />
<meta property="og:url" content="https://www.leeb-balkone.com/at/messe/hausmesse-kirchdorf/" />
<meta property="og:site_name" content="Leeb Balkone" />
<meta property="article:publisher" content="https://www.facebook.com/balkone/" />
<meta property="article:modified_time" content="2026-03-25T14:35:38+00:00" />
<meta property="og:image" content="https://www.leeb-balkone.com/app/uploads/2021/10/leeb-balkone-messe-scaled.jpg" />
	<meta property="og:image:width" content="2560" />
	<meta property="og:image:height" content="1543" />
	<meta property="og:image:type" content="image/jpeg" />
<meta name="twitter:card" content="summary_large_image" />
<script type="application/ld+json" class="yoast-schema-graph">{"@context":"https://schema.org","@graph":[{"@type":"WebPage","@id":"https://www.leeb-balkone.com/at/messe/hausmesse-kirchdorf/","url":"https://www.leeb-balkone.com/at/messe/hausmesse-kirchdorf/","name":"Hausmesse Kirchdorf - Leeb Balkone","isPartOf":{"@id":"https://www.leeb-balkone.com/at/#website"},"primaryImageOfPage":{"@id":"https://www.leeb-balkone.com/at/messe/hausmesse-kirchdorf/#primaryimage"},"image":{"@id":"https://www.leeb-balkone.com/at/messe/hausmesse-kirchdorf/#primaryimage"},"thumbnailUrl":"https://www.leeb-balkone.com/app/uploads/2021/10/leeb-balkone-messe-scaled.jpg","datePublished":"2026-03-09T08:41:43+00:00","dateModified":"2026-03-25T14:35:38+00:00","description":"Profitieren Sie von der persönlichen Beratung des kompetenten Teams vor Ort und ergreifen Sie die Gelegenheit, einige unserer schönsten Zaun- und","breadcrumb":{"@id":"https://www.leeb-balkone.com/at/messe/hausmesse-kirchdorf/#breadcrumb"},"inLanguage":"de-AT","potentialAction":[{"@type":"ReadAction","target":["https://www.leeb-balkone.com/at/messe/hausmesse-kirchdorf/"]}]},{"@type":"ImageObject","inLanguage":"de-AT","@id":"https://www.leeb-balkone.com/at/messe/hausmesse-kirchdorf/#primaryimage","url":"https://www.leeb-balkone.com/app/uploads/2021/10/leeb-balkone-messe-scaled.jpg","contentUrl":"https://www.leeb-balkone.com/app/uploads/2021/10/leeb-balkone-messe-scaled.jpg","width":2560,"height":1543},{"@type":"BreadcrumbList","@id":"https://www.leeb-balkone.com/at/messe/hausmesse-kirchdorf/#breadcrumb","itemListElement":[{"@type":"ListItem","position":1,"name":"Home","item":"https://www.leeb-balkone.com/at/"},{"@type":"ListItem","position":2,"name":"Veranstaltungen","item":"https://www.leeb-balkone.com/at/messe/"},{"@type":"ListItem","position":3,"name":"Hausmesse Kirchdorf"}]},{"@type":"WebSite","@id":"https://www.leeb-balkone.com/at/#website","url":"https://www.leeb-balkone.com/at/","name":"Leeb Balkone","description":"Balkone und Zäune","publisher":{"@id":"https://www.leeb-balkone.com/at/#organization"},"potentialAction":[{"@type":"SearchAction","target":{"@type":"EntryPoint","urlTemplate":"https://www.leeb-balkone.com/at/?s={search_term_string}"},"query-input":{"@type":"PropertyValueSpecification","valueRequired":true,"valueName":"search_term_string"}}],"inLanguage":"de-AT"},{"@type":"Organization","@id":"https://www.leeb-balkone.com/at/#organization","name":"Leeb Balkone Gmbh","url":"https://www.leeb-balkone.com/at/","logo":{"@type":"ImageObject","inLanguage":"de-AT","@id":"https://www.leeb-balkone.com/at/#/schema/logo/image/","url":"https://www.leeb-balkone.com/app/uploads/2020/11/leeb-logo.svg","contentUrl":"https://www.leeb-balkone.com/app/uploads/2020/11/leeb-logo.svg","width":741,"height":204,"caption":"Leeb Balkone Gmbh"},"image":{"@id":"https://www.leeb-balkone.com/at/#/schema/logo/image/"},"sameAs":["https://www.facebook.com/balkone/","https://www.trustedshops.at/bewertung/info_X4587CCF5833E31AFE0B11F47D86999F2.html","https://www.trustedshops.de/bewertung/info_X7BA536A7A0BDC86D36C4718E4DCAEEEF.html","https://www.google.com/maps/place/?q=place_id:ChIJ5-zH19-IcEcR9HonWRTllHI"]}]}</script>
<!-- / Yoast SEO plugin. -->

Hausmesse Kirchdorf - Leeb Balkone Österreich

Profitieren Sie von der persönlichen Beratung des kompetenten Teams vor Ort und ergreifen Sie die Gelegenheit, einige unserer schönsten Zaun- und

Balkone und Zäune
