{"id":144000,"date":"2023-06-06T13:30:35","date_gmt":"2023-06-06T13:30:35","guid":{"rendered":"https:\/\/www.leeb-balkone.com\/de\/messe\/haeuslbauermesse-klagenfurt\/"},"modified":"2026-03-16T06:10:05","modified_gmt":"2026-03-16T06:10:05","slug":"haeuslbauermesse-klagenfurt","status":"publish","type":"tribe_events","link":"https:\/\/www.leeb-balkone.com\/at\/messe\/haeuslbauermesse-klagenfurt\/","title":{"rendered":"H\u00e4uslbauermesse Klagenfurt"},"content":{"rendered":"<p><strong>Die Nr. 1 Fachmesse im Alpe-Adria Raum f\u00fcr Bauen, Renovieren &amp; Energiesparen<\/strong><\/p>\n<p>Bereits zum 36. Mal findet vom 21.- 23. Feber 2025 die H\u00c4USLBAUERMESSE in Klagenfurt statt. Rund 26.000 BesucherInnen n\u00fctzten allein im Jahr 2023 diese Fachmesse als ihre Informationsplattform in Sachen Bauen,Renovieren, Energiesparen und Finanzieren.<\/p>\n","protected":false},"excerpt":{"rendered":"","protected":false},"author":3,"featured_media":130127,"template":"","meta":{"_acf_changed":false,"_tribe_events_status":"","_tribe_events_status_reason":"","_tribe_events_is_hybrid":"","_tribe_events_is_virtual":"","_tribe_events_virtual_video_source":"","_tribe_events_virtual_embed_video":"","_tribe_events_virtual_linked_button_text":"","_tribe_events_virtual_linked_button":"","_tribe_events_virtual_show_embed_at":"","_tribe_events_virtual_show_embed_to":[],"_tribe_events_virtual_show_on_event":"","_tribe_events_virtual_show_on_views":"","_tribe_events_virtual_url":"","footnotes":""},"tags":[],"tribe_events_cat":[],"class_list":["post-144000","tribe_events","type-tribe_events","status-publish","has-post-thumbnail","hentry"],"acf":[],"yoast_head":"<!-- This site is optimized with the Yoast SEO plugin v27.2 - https:\/\/yoast.com\/product\/yoast-seo-wordpress\/ -->\n<title>H\u00e4uslbauermesse Klagenfurt - Leeb Balkone \u00d6sterreich<\/title>\n<meta name=\"description\" content=\"Die Nr. 1 Fachmesse im Alpe-Adria Raum f\u00fcr Bauen, Renovieren &amp; Energiesparen Bereits zum 36. Mal findet vom 21.- 23. Feber 2025 die H\u00c4USLBAUERMESSE in\" \/>\n<meta name=\"robots\" content=\"index, follow, max-snippet:-1, max-image-preview:large, max-video-preview:-1\" \/>\n<meta property=\"og:locale\" content=\"de_DE\" \/>\n<meta property=\"og:type\" content=\"article\" \/>\n<meta property=\"og:title\" content=\"H\u00e4uslbauermesse Klagenfurt - Leeb Balkone\" \/>\n<meta property=\"og:description\" content=\"Die Nr. 1 Fachmesse im Alpe-Adria Raum f\u00fcr Bauen, Renovieren &amp; Energiesparen Bereits zum 36. Mal findet vom 21.- 23. Feber 2025 die H\u00c4USLBAUERMESSE in\" \/>\n<meta property=\"og:url\" content=\"https:\/\/www.leeb-balkone.com\/at\/messe\/haeuslbauermesse-klagenfurt\/\" \/>\n<meta property=\"og:site_name\" content=\"Leeb Balkone\" \/>\n<meta property=\"article:publisher\" content=\"https:\/\/www.facebook.com\/balkone\/\" \/>\n<meta property=\"article:modified_time\" content=\"2026-03-16T06:10:05+00:00\" \/>\n<meta property=\"og:image\" content=\"https:\/\/www.leeb-balkone.com\/app\/uploads\/2023\/06\/Pikto_haeuslbauer.jpg\" \/>\n\t<meta property=\"og:image:width\" content=\"300\" \/>\n\t<meta property=\"og:image:height\" content=\"300\" \/>\n\t<meta property=\"og:image:type\" content=\"image\/jpeg\" \/>\n<meta name=\"twitter:card\" content=\"summary_large_image\" \/>\n<script type=\"application\/ld+json\" class=\"yoast-schema-graph\">{\"@context\":\"https:\/\/schema.org\",\"@graph\":[{\"@type\":\"WebPage\",\"@id\":\"https:\/\/www.leeb-balkone.com\/at\/messe\/haeuslbauermesse-klagenfurt\/\",\"url\":\"https:\/\/www.leeb-balkone.com\/at\/messe\/haeuslbauermesse-klagenfurt\/\",\"name\":\"H\u00e4uslbauermesse Klagenfurt - Leeb Balkone\",\"isPartOf\":{\"@id\":\"https:\/\/www.leeb-balkone.com\/at\/#website\"},\"primaryImageOfPage\":{\"@id\":\"https:\/\/www.leeb-balkone.com\/at\/messe\/haeuslbauermesse-klagenfurt\/#primaryimage\"},\"image\":{\"@id\":\"https:\/\/www.leeb-balkone.com\/at\/messe\/haeuslbauermesse-klagenfurt\/#primaryimage\"},\"thumbnailUrl\":\"https:\/\/www.leeb-balkone.com\/app\/uploads\/2023\/06\/Pikto_haeuslbauer.jpg\",\"datePublished\":\"2023-06-06T13:30:35+00:00\",\"dateModified\":\"2026-03-16T06:10:05+00:00\",\"description\":\"Die Nr. 1 Fachmesse im Alpe-Adria Raum f\u00fcr Bauen, Renovieren &amp; Energiesparen Bereits zum 36. Mal findet vom 21.- 23. Feber 2025 die H\u00c4USLBAUERMESSE in\",\"breadcrumb\":{\"@id\":\"https:\/\/www.leeb-balkone.com\/at\/messe\/haeuslbauermesse-klagenfurt\/#breadcrumb\"},\"inLanguage\":\"de-AT\",\"potentialAction\":[{\"@type\":\"ReadAction\",\"target\":[\"https:\/\/www.leeb-balkone.com\/at\/messe\/haeuslbauermesse-klagenfurt\/\"]}]},{\"@type\":\"ImageObject\",\"inLanguage\":\"de-AT\",\"@id\":\"https:\/\/www.leeb-balkone.com\/at\/messe\/haeuslbauermesse-klagenfurt\/#primaryimage\",\"url\":\"https:\/\/www.leeb-balkone.com\/app\/uploads\/2023\/06\/Pikto_haeuslbauer.jpg\",\"contentUrl\":\"https:\/\/www.leeb-balkone.com\/app\/uploads\/2023\/06\/Pikto_haeuslbauer.jpg\",\"width\":300,\"height\":300},{\"@type\":\"BreadcrumbList\",\"@id\":\"https:\/\/www.leeb-balkone.com\/at\/messe\/haeuslbauermesse-klagenfurt\/#breadcrumb\",\"itemListElement\":[{\"@type\":\"ListItem\",\"position\":1,\"name\":\"Home\",\"item\":\"https:\/\/www.leeb-balkone.com\/at\/\"},{\"@type\":\"ListItem\",\"position\":2,\"name\":\"Veranstaltungen\",\"item\":\"https:\/\/www.leeb-balkone.com\/at\/messe\/\"},{\"@type\":\"ListItem\",\"position\":3,\"name\":\"H\u00e4uslbauermesse Klagenfurt\"}]},{\"@type\":\"WebSite\",\"@id\":\"https:\/\/www.leeb-balkone.com\/at\/#website\",\"url\":\"https:\/\/www.leeb-balkone.com\/at\/\",\"name\":\"Leeb Balkone\",\"description\":\"Balkone und Z\u00e4une\",\"publisher\":{\"@id\":\"https:\/\/www.leeb-balkone.com\/at\/#organization\"},\"potentialAction\":[{\"@type\":\"SearchAction\",\"target\":{\"@type\":\"EntryPoint\",\"urlTemplate\":\"https:\/\/www.leeb-balkone.com\/at\/?s={search_term_string}\"},\"query-input\":{\"@type\":\"PropertyValueSpecification\",\"valueRequired\":true,\"valueName\":\"search_term_string\"}}],\"inLanguage\":\"de-AT\"},{\"@type\":\"Organization\",\"@id\":\"https:\/\/www.leeb-balkone.com\/at\/#organization\",\"name\":\"Leeb Balkone Gmbh\",\"url\":\"https:\/\/www.leeb-balkone.com\/at\/\",\"logo\":{\"@type\":\"ImageObject\",\"inLanguage\":\"de-AT\",\"@id\":\"https:\/\/www.leeb-balkone.com\/at\/#\/schema\/logo\/image\/\",\"url\":\"https:\/\/www.leeb-balkone.com\/app\/uploads\/2020\/11\/leeb-logo.svg\",\"contentUrl\":\"https:\/\/www.leeb-balkone.com\/app\/uploads\/2020\/11\/leeb-logo.svg\",\"width\":741,\"height\":204,\"caption\":\"Leeb Balkone Gmbh\"},\"image\":{\"@id\":\"https:\/\/www.leeb-balkone.com\/at\/#\/schema\/logo\/image\/\"},\"sameAs\":[\"https:\/\/www.facebook.com\/balkone\/\",\"https:\/\/www.trustedshops.at\/bewertung\/info_X4587CCF5833E31AFE0B11F47D86999F2.html\",\"https:\/\/www.trustedshops.de\/bewertung\/info_X7BA536A7A0BDC86D36C4718E4DCAEEEF.html\",\"https:\/\/www.google.com\/maps\/place\/?q=place_id:ChIJ5-zH19-IcEcR9HonWRTllHI\"]}]}<\/script>\n<!-- \/ Yoast SEO plugin. -->","yoast_head_json":{"title":"H\u00e4uslbauermesse Klagenfurt - Leeb Balkone \u00d6sterreich","description":"Die Nr. 1 Fachmesse im Alpe-Adria Raum f\u00fcr Bauen, Renovieren &amp; Energiesparen Bereits zum 36. Mal findet vom 21.- 23. Feber 2025 die H\u00c4USLBAUERMESSE in","robots":{"index":"index","follow":"follow","max-snippet":"max-snippet:-1","max-image-preview":"max-image-preview:large","max-video-preview":"max-video-preview:-1"},"og_locale":"de_DE","og_type":"article","og_title":"H\u00e4uslbauermesse Klagenfurt - Leeb Balkone","og_description":"Die Nr. 1 Fachmesse im Alpe-Adria Raum f\u00fcr Bauen, Renovieren &amp; Energiesparen Bereits zum 36. Mal findet vom 21.- 23. Feber 2025 die H\u00c4USLBAUERMESSE in","og_url":"https:\/\/www.leeb-balkone.com\/at\/messe\/haeuslbauermesse-klagenfurt\/","og_site_name":"Leeb Balkone","article_publisher":"https:\/\/www.facebook.com\/balkone\/","article_modified_time":"2026-03-16T06:10:05+00:00","og_image":[{"width":300,"height":300,"url":"https:\/\/www.leeb-balkone.com\/app\/uploads\/2023\/06\/Pikto_haeuslbauer.jpg","type":"image\/jpeg"}],"twitter_card":"summary_large_image","schema":{"@context":"https:\/\/schema.org","@graph":[{"@type":"WebPage","@id":"https:\/\/www.leeb-balkone.com\/at\/messe\/haeuslbauermesse-klagenfurt\/","url":"https:\/\/www.leeb-balkone.com\/at\/messe\/haeuslbauermesse-klagenfurt\/","name":"H\u00e4uslbauermesse Klagenfurt - Leeb Balkone","isPartOf":{"@id":"https:\/\/www.leeb-balkone.com\/at\/#website"},"primaryImageOfPage":{"@id":"https:\/\/www.leeb-balkone.com\/at\/messe\/haeuslbauermesse-klagenfurt\/#primaryimage"},"image":{"@id":"https:\/\/www.leeb-balkone.com\/at\/messe\/haeuslbauermesse-klagenfurt\/#primaryimage"},"thumbnailUrl":"https:\/\/www.leeb-balkone.com\/app\/uploads\/2023\/06\/Pikto_haeuslbauer.jpg","datePublished":"2023-06-06T13:30:35+00:00","dateModified":"2026-03-16T06:10:05+00:00","description":"Die Nr. 1 Fachmesse im Alpe-Adria Raum f\u00fcr Bauen, Renovieren &amp; Energiesparen Bereits zum 36. Mal findet vom 21.- 23. Feber 2025 die H\u00c4USLBAUERMESSE in","breadcrumb":{"@id":"https:\/\/www.leeb-balkone.com\/at\/messe\/haeuslbauermesse-klagenfurt\/#breadcrumb"},"inLanguage":"de-AT","potentialAction":[{"@type":"ReadAction","target":["https:\/\/www.leeb-balkone.com\/at\/messe\/haeuslbauermesse-klagenfurt\/"]}]},{"@type":"ImageObject","inLanguage":"de-AT","@id":"https:\/\/www.leeb-balkone.com\/at\/messe\/haeuslbauermesse-klagenfurt\/#primaryimage","url":"https:\/\/www.leeb-balkone.com\/app\/uploads\/2023\/06\/Pikto_haeuslbauer.jpg","contentUrl":"https:\/\/www.leeb-balkone.com\/app\/uploads\/2023\/06\/Pikto_haeuslbauer.jpg","width":300,"height":300},{"@type":"BreadcrumbList","@id":"https:\/\/www.leeb-balkone.com\/at\/messe\/haeuslbauermesse-klagenfurt\/#breadcrumb","itemListElement":[{"@type":"ListItem","position":1,"name":"Home","item":"https:\/\/www.leeb-balkone.com\/at\/"},{"@type":"ListItem","position":2,"name":"Veranstaltungen","item":"https:\/\/www.leeb-balkone.com\/at\/messe\/"},{"@type":"ListItem","position":3,"name":"H\u00e4uslbauermesse Klagenfurt"}]},{"@type":"WebSite","@id":"https:\/\/www.leeb-balkone.com\/at\/#website","url":"https:\/\/www.leeb-balkone.com\/at\/","name":"Leeb Balkone","description":"Balkone und Z\u00e4une","publisher":{"@id":"https:\/\/www.leeb-balkone.com\/at\/#organization"},"potentialAction":[{"@type":"SearchAction","target":{"@type":"EntryPoint","urlTemplate":"https:\/\/www.leeb-balkone.com\/at\/?s={search_term_string}"},"query-input":{"@type":"PropertyValueSpecification","valueRequired":true,"valueName":"search_term_string"}}],"inLanguage":"de-AT"},{"@type":"Organization","@id":"https:\/\/www.leeb-balkone.com\/at\/#organization","name":"Leeb Balkone Gmbh","url":"https:\/\/www.leeb-balkone.com\/at\/","logo":{"@type":"ImageObject","inLanguage":"de-AT","@id":"https:\/\/www.leeb-balkone.com\/at\/#\/schema\/logo\/image\/","url":"https:\/\/www.leeb-balkone.com\/app\/uploads\/2020\/11\/leeb-logo.svg","contentUrl":"https:\/\/www.leeb-balkone.com\/app\/uploads\/2020\/11\/leeb-logo.svg","width":741,"height":204,"caption":"Leeb Balkone Gmbh"},"image":{"@id":"https:\/\/www.leeb-balkone.com\/at\/#\/schema\/logo\/image\/"},"sameAs":["https:\/\/www.facebook.com\/balkone\/","https:\/\/www.trustedshops.at\/bewertung\/info_X4587CCF5833E31AFE0B11F47D86999F2.html","https:\/\/www.trustedshops.de\/bewertung\/info_X7BA536A7A0BDC86D36C4718E4DCAEEEF.html","https:\/\/www.google.com\/maps\/place\/?q=place_id:ChIJ5-zH19-IcEcR9HonWRTllHI"]}]}},"_links":{"self":[{"href":"https:\/\/www.leeb-balkone.com\/at\/wp-json\/wp\/v2\/tribe_events\/144000","targetHints":{"allow":["GET"]}}],"collection":[{"href":"https:\/\/www.leeb-balkone.com\/at\/wp-json\/wp\/v2\/tribe_events"}],"about":[{"href":"https:\/\/www.leeb-balkone.com\/at\/wp-json\/wp\/v2\/types\/tribe_events"}],"author":[{"embeddable":true,"href":"https:\/\/www.leeb-balkone.com\/at\/wp-json\/wp\/v2\/users\/3"}],"version-history":[{"count":1,"href":"https:\/\/www.leeb-balkone.com\/at\/wp-json\/wp\/v2\/tribe_events\/144000\/revisions"}],"predecessor-version":[{"id":144001,"href":"https:\/\/www.leeb-balkone.com\/at\/wp-json\/wp\/v2\/tribe_events\/144000\/revisions\/144001"}],"wp:featuredmedia":[{"embeddable":true,"href":"https:\/\/www.leeb-balkone.com\/at\/wp-json\/wp\/v2\/media\/130127"}],"wp:attachment":[{"href":"https:\/\/www.leeb-balkone.com\/at\/wp-json\/wp\/v2\/media?parent=144000"}],"wp:term":[{"taxonomy":"post_tag","embeddable":true,"href":"https:\/\/www.leeb-balkone.com\/at\/wp-json\/wp\/v2\/tags?post=144000"},{"taxonomy":"tribe_events_cat","embeddable":true,"href":"https:\/\/www.leeb-balkone.com\/at\/wp-json\/wp\/v2\/tribe_events_cat?post=144000"}],"curies":[{"name":"wp","href":"https:\/\/api.w.org\/{rel}","templated":true}]}}

Häuslbauermesse Klagenfurt

<p><strong>Die Nr. 1 Fachmesse im Alpe-Adria Raum für Bauen, Renovieren &amp; Energiesparen</strong></p>
<p>Bereits zum 36. Mal findet vom 21.- 23. Feber 2025 die HÄUSLBAUERMESSE in Klagenfurt statt. Rund 26.000 BesucherInnen nützten allein im Jahr 2023 diese Fachmesse als ihre Informationsplattform in Sachen Bauen,Renovieren, Energiesparen und Finanzieren.</p>

<!-- This site is optimized with the Yoast SEO plugin v27.2 - https://yoast.com/product/yoast-seo-wordpress/ -->
<title>Häuslbauermesse Klagenfurt - Leeb Balkone Österreich</title>
<meta name="description" content="Die Nr. 1 Fachmesse im Alpe-Adria Raum für Bauen, Renovieren &amp; Energiesparen Bereits zum 36. Mal findet vom 21.- 23. Feber 2025 die HÄUSLBAUERMESSE in" />
<meta name="robots" content="index, follow, max-snippet:-1, max-image-preview:large, max-video-preview:-1" />
<meta property="og:locale" content="de_DE" />
<meta property="og:type" content="article" />
<meta property="og:title" content="Häuslbauermesse Klagenfurt - Leeb Balkone" />
<meta property="og:description" content="Die Nr. 1 Fachmesse im Alpe-Adria Raum für Bauen, Renovieren &amp; Energiesparen Bereits zum 36. Mal findet vom 21.- 23. Feber 2025 die HÄUSLBAUERMESSE in" />
<meta property="og:url" content="https://www.leeb-balkone.com/at/messe/haeuslbauermesse-klagenfurt/" />
<meta property="og:site_name" content="Leeb Balkone" />
<meta property="article:publisher" content="https://www.facebook.com/balkone/" />
<meta property="article:modified_time" content="2026-03-16T06:10:05+00:00" />
<meta property="og:image" content="https://www.leeb-balkone.com/app/uploads/2023/06/Pikto_haeuslbauer.jpg" />
	<meta property="og:image:width" content="300" />
	<meta property="og:image:height" content="300" />
	<meta property="og:image:type" content="image/jpeg" />
<meta name="twitter:card" content="summary_large_image" />
<script type="application/ld+json" class="yoast-schema-graph">{"@context":"https://schema.org","@graph":[{"@type":"WebPage","@id":"https://www.leeb-balkone.com/at/messe/haeuslbauermesse-klagenfurt/","url":"https://www.leeb-balkone.com/at/messe/haeuslbauermesse-klagenfurt/","name":"Häuslbauermesse Klagenfurt - Leeb Balkone","isPartOf":{"@id":"https://www.leeb-balkone.com/at/#website"},"primaryImageOfPage":{"@id":"https://www.leeb-balkone.com/at/messe/haeuslbauermesse-klagenfurt/#primaryimage"},"image":{"@id":"https://www.leeb-balkone.com/at/messe/haeuslbauermesse-klagenfurt/#primaryimage"},"thumbnailUrl":"https://www.leeb-balkone.com/app/uploads/2023/06/Pikto_haeuslbauer.jpg","datePublished":"2023-06-06T13:30:35+00:00","dateModified":"2026-03-16T06:10:05+00:00","description":"Die Nr. 1 Fachmesse im Alpe-Adria Raum für Bauen, Renovieren &amp; Energiesparen Bereits zum 36. Mal findet vom 21.- 23. Feber 2025 die HÄUSLBAUERMESSE in","breadcrumb":{"@id":"https://www.leeb-balkone.com/at/messe/haeuslbauermesse-klagenfurt/#breadcrumb"},"inLanguage":"de-AT","potentialAction":[{"@type":"ReadAction","target":["https://www.leeb-balkone.com/at/messe/haeuslbauermesse-klagenfurt/"]}]},{"@type":"ImageObject","inLanguage":"de-AT","@id":"https://www.leeb-balkone.com/at/messe/haeuslbauermesse-klagenfurt/#primaryimage","url":"https://www.leeb-balkone.com/app/uploads/2023/06/Pikto_haeuslbauer.jpg","contentUrl":"https://www.leeb-balkone.com/app/uploads/2023/06/Pikto_haeuslbauer.jpg","width":300,"height":300},{"@type":"BreadcrumbList","@id":"https://www.leeb-balkone.com/at/messe/haeuslbauermesse-klagenfurt/#breadcrumb","itemListElement":[{"@type":"ListItem","position":1,"name":"Home","item":"https://www.leeb-balkone.com/at/"},{"@type":"ListItem","position":2,"name":"Veranstaltungen","item":"https://www.leeb-balkone.com/at/messe/"},{"@type":"ListItem","position":3,"name":"Häuslbauermesse Klagenfurt"}]},{"@type":"WebSite","@id":"https://www.leeb-balkone.com/at/#website","url":"https://www.leeb-balkone.com/at/","name":"Leeb Balkone","description":"Balkone und Zäune","publisher":{"@id":"https://www.leeb-balkone.com/at/#organization"},"potentialAction":[{"@type":"SearchAction","target":{"@type":"EntryPoint","urlTemplate":"https://www.leeb-balkone.com/at/?s={search_term_string}"},"query-input":{"@type":"PropertyValueSpecification","valueRequired":true,"valueName":"search_term_string"}}],"inLanguage":"de-AT"},{"@type":"Organization","@id":"https://www.leeb-balkone.com/at/#organization","name":"Leeb Balkone Gmbh","url":"https://www.leeb-balkone.com/at/","logo":{"@type":"ImageObject","inLanguage":"de-AT","@id":"https://www.leeb-balkone.com/at/#/schema/logo/image/","url":"https://www.leeb-balkone.com/app/uploads/2020/11/leeb-logo.svg","contentUrl":"https://www.leeb-balkone.com/app/uploads/2020/11/leeb-logo.svg","width":741,"height":204,"caption":"Leeb Balkone Gmbh"},"image":{"@id":"https://www.leeb-balkone.com/at/#/schema/logo/image/"},"sameAs":["https://www.facebook.com/balkone/","https://www.trustedshops.at/bewertung/info_X4587CCF5833E31AFE0B11F47D86999F2.html","https://www.trustedshops.de/bewertung/info_X7BA536A7A0BDC86D36C4718E4DCAEEEF.html","https://www.google.com/maps/place/?q=place_id:ChIJ5-zH19-IcEcR9HonWRTllHI"]}]}</script>
<!-- / Yoast SEO plugin. -->

Häuslbauermesse Klagenfurt - Leeb Balkone Österreich

Die Nr. 1 Fachmesse im Alpe-Adria Raum für Bauen, Renovieren &amp; Energiesparen Bereits zum 36. Mal findet vom 21.- 23. Feber 2025 die HÄUSLBAUERMESSE in

Häuslbauermesse Klagenfurt - Leeb Balkone

Balkone und Zäune
