{"id":19583,"date":"2020-11-04T10:05:43","date_gmt":"2020-11-04T10:05:43","guid":{"rendered":"https:\/\/www.leeb-balkone.com\/de\/impressum\/"},"modified":"2026-04-30T07:59:09","modified_gmt":"2026-04-30T07:59:09","slug":"impressum","status":"publish","type":"page","link":"https:\/\/www.leeb-balkone.com\/at\/impressum\/","title":{"rendered":"Impressum"},"content":{"rendered":"<header class=\"wp-block-group alignfull t3-header u-max-wide t3-header-text has-white-background-color has-background has-global-padding is-layout-constrained wp-block-group-is-layout-constrained\">\n    <div class=\"wp-block-group o-grid u-md-1 u-sm-1 is-layout-flow wp-block-group-is-layout-flow\">\n  <div class=\"wp-block-group u-g-10 u-g-s-2\">\n      <div class=\"yoast-breadcrumbs\"><span><span><a href=\"https:\/\/www.leeb-balkone.com\/at\/\">Home<\/a><\/span><\/span><\/div>\n      \n    <h1>Impressum<\/h1>\n  <\/div>\n<\/div>\n  <\/header>\n\n\n\n\n\n\n\n<section class=\"wp-block-cgb-t3-section-block b-pt-none  is-style-bg-white\" style=\"display:inherit;min-height:inherit\">\n<div class=\"wp-block-cgb-t3-container-block none\" style=\"background-color:none\"><div class=\"grid-container\"><div class=\"grid-x\"><div class=\"cell small-12 medium-0 large-9 medium-offset-1\">\n<h2 class=\"wp-block-heading\">Leeb Balkone GmbH<\/h2>\n\n\n\n<p>Firmensitz:<br>Maitratten 25<br>A-9563 Gnesau<\/p>\n\n\n\n<p>Tel. International: <a href=\"tel:+4342787000\">+43 4278 7000<\/a><br>Mail:&nbsp;<a href=\"mailto:office@leeb-balkone.com\">office@leeb-balkone.com<\/a><\/p>\n\n\n\n<p>UID-NR.: ATU 25562003<br>Firmenbuch Nr.: 109631 y<br>Firmenbuch Gericht: A-9020 Klagenfurt<br>Kammer: Wirtschaftskammer \u00d6sterreich, Fachgruppe Holzbau und Holzindustrie, Metallverarbeitende Industrie<br>Beh\u00f6rde gem\u00e4\u00df \u00a75 ECG: BH Feldkirchen<br>Gesch\u00e4ftsf\u00fchrer: DI (FH) Alexander Ertl<\/p>\n\n\n\n<p>Unsere Website wird st\u00e4ndig aktualisiert und \u00fcberpr\u00fcft. Trotz aller Sorgfalt k\u00f6nnen sich die Daten inzwischen ver\u00e4ndert haben. Eine Haftung oder Garantie f\u00fcr die Aktualit\u00e4t, Richtigkeit und Vollst\u00e4ndigkeit der zur Verf\u00fcgung gestellten Informationen kann daher nicht \u00fcbernommen werden. Gleiches gilt auch f\u00fcr alle anderen Websites, auf die mittels Hyperlink verwiesen wird. Das Herstellen von Verbindungen zu derartigen Websites erfolgt auf eigene Gefahr. Die Leeb Balkone GmbH ist f\u00fcr den Inhalt der Websites, die aufgrund einer solchen Verbindung erreicht werden, nicht verantwortlich.<br>Des weiteren beh\u00e4lt sich die Leeb Balkone GmbH das Recht vor, \u00c4nderungen oder Erg\u00e4nzungen der bereitgestellten Informationen vorzunehmen. Die dargestellten Modelle und Informationen unterliegen der st\u00e4ndigen Weiterentwicklung. Die tats\u00e4chliche Ausf\u00fchrung kann daher von den Abbildungen auf der Website abweichen.<\/p>\n\n\n\n<p><strong>Webauftritt<\/strong> \u2013 Konzept, Design und Umsetzung<br><a href=\"mailto:wb@tordrei.com\">Berger Wolfgang<\/a> | tordrei.com<\/p>\n<\/div><\/div><\/div><\/div>\n\n\n\n<p><\/p>\n<\/section>\n","protected":false},"excerpt":{"rendered":"","protected":false},"author":1,"featured_media":0,"parent":0,"menu_order":200,"comment_status":"closed","ping_status":"open","template":"template-onepager.blade.php","meta":{"_acf_changed":false,"footnotes":"","_sage_theme_css":true,"_wp_block_core_css":false},"folder":[],"class_list":["post-19583","page","type-page","status-publish","hentry"],"acf":[],"yoast_head":"<!-- This site is optimized with the Yoast SEO plugin v27.2 - https:\/\/yoast.com\/product\/yoast-seo-wordpress\/ -->\n<title>Impressum - Leeb Balkone \u00d6sterreich<\/title>\n<meta name=\"description\" content=\"Leeb Balkone GmbH Firmensitz:Maitratten 25A-9563 Gnesau Tel. International: +43 4278 7000Mail:&nbsp;office@leeb-balkone.com UID-NR.: ATU\" \/>\n<meta name=\"robots\" content=\"index, follow, max-snippet:-1, max-image-preview:large, max-video-preview:-1\" \/>\n<meta property=\"og:locale\" content=\"de_DE\" \/>\n<meta property=\"og:type\" content=\"article\" \/>\n<meta property=\"og:title\" content=\"Impressum - Leeb Balkone\" \/>\n<meta property=\"og:description\" content=\"Leeb Balkone GmbH Firmensitz:Maitratten 25A-9563 Gnesau Tel. International: +43 4278 7000Mail:&nbsp;office@leeb-balkone.com UID-NR.: ATU\" \/>\n<meta property=\"og:url\" content=\"https:\/\/www.leeb-balkone.com\/at\/impressum\/\" \/>\n<meta property=\"og:site_name\" content=\"Leeb Balkone\" \/>\n<meta property=\"article:publisher\" content=\"https:\/\/www.facebook.com\/balkone\/\" \/>\n<meta property=\"article:modified_time\" content=\"2026-04-30T07:59:09+00:00\" \/>\n<meta property=\"og:image\" content=\"https:\/\/www.leeb-balkone.com\/app\/uploads\/2020\/09\/alu-balkongelaender-zufriedene-kunden-1.jpg\" \/>\n\t<meta property=\"og:image:width\" content=\"2560\" \/>\n\t<meta property=\"og:image:height\" content=\"1762\" \/>\n\t<meta property=\"og:image:type\" content=\"image\/jpeg\" \/>\n<meta name=\"twitter:card\" content=\"summary_large_image\" \/>\n<script type=\"application\/ld+json\" class=\"yoast-schema-graph\">{\"@context\":\"https:\/\/schema.org\",\"@graph\":[{\"@type\":\"WebPage\",\"@id\":\"https:\/\/www.leeb-balkone.com\/at\/impressum\/\",\"url\":\"https:\/\/www.leeb-balkone.com\/at\/impressum\/\",\"name\":\"Impressum - Leeb Balkone\",\"isPartOf\":{\"@id\":\"https:\/\/www.leeb-balkone.com\/at\/#website\"},\"datePublished\":\"2020-11-04T10:05:43+00:00\",\"dateModified\":\"2026-04-30T07:59:09+00:00\",\"description\":\"Leeb Balkone GmbH Firmensitz:Maitratten 25A-9563 Gnesau Tel. International: +43 4278 7000Mail:&nbsp;office@leeb-balkone.com UID-NR.: ATU\",\"breadcrumb\":{\"@id\":\"https:\/\/www.leeb-balkone.com\/at\/impressum\/#breadcrumb\"},\"inLanguage\":\"de-AT\",\"potentialAction\":[{\"@type\":\"ReadAction\",\"target\":[\"https:\/\/www.leeb-balkone.com\/at\/impressum\/\"]}]},{\"@type\":\"BreadcrumbList\",\"@id\":\"https:\/\/www.leeb-balkone.com\/at\/impressum\/#breadcrumb\",\"itemListElement\":[{\"@type\":\"ListItem\",\"position\":1,\"name\":\"Home\",\"item\":\"https:\/\/www.leeb-balkone.com\/at\/\"},{\"@type\":\"ListItem\",\"position\":2,\"name\":\"Impressum\"}]},{\"@type\":\"WebSite\",\"@id\":\"https:\/\/www.leeb-balkone.com\/at\/#website\",\"url\":\"https:\/\/www.leeb-balkone.com\/at\/\",\"name\":\"Leeb Balkone\",\"description\":\"Balkone und Z\u00e4une\",\"publisher\":{\"@id\":\"https:\/\/www.leeb-balkone.com\/at\/#organization\"},\"potentialAction\":[{\"@type\":\"SearchAction\",\"target\":{\"@type\":\"EntryPoint\",\"urlTemplate\":\"https:\/\/www.leeb-balkone.com\/at\/?s={search_term_string}\"},\"query-input\":{\"@type\":\"PropertyValueSpecification\",\"valueRequired\":true,\"valueName\":\"search_term_string\"}}],\"inLanguage\":\"de-AT\"},{\"@type\":\"Organization\",\"@id\":\"https:\/\/www.leeb-balkone.com\/at\/#organization\",\"name\":\"Leeb Balkone Gmbh\",\"url\":\"https:\/\/www.leeb-balkone.com\/at\/\",\"logo\":{\"@type\":\"ImageObject\",\"inLanguage\":\"de-AT\",\"@id\":\"https:\/\/www.leeb-balkone.com\/at\/#\/schema\/logo\/image\/\",\"url\":\"https:\/\/www.leeb-balkone.com\/app\/uploads\/2020\/11\/leeb-logo.svg\",\"contentUrl\":\"https:\/\/www.leeb-balkone.com\/app\/uploads\/2020\/11\/leeb-logo.svg\",\"width\":741,\"height\":204,\"caption\":\"Leeb Balkone Gmbh\"},\"image\":{\"@id\":\"https:\/\/www.leeb-balkone.com\/at\/#\/schema\/logo\/image\/\"},\"sameAs\":[\"https:\/\/www.facebook.com\/balkone\/\",\"https:\/\/www.trustedshops.at\/bewertung\/info_X4587CCF5833E31AFE0B11F47D86999F2.html\",\"https:\/\/www.trustedshops.de\/bewertung\/info_X7BA536A7A0BDC86D36C4718E4DCAEEEF.html\",\"https:\/\/www.google.com\/maps\/place\/?q=place_id:ChIJ5-zH19-IcEcR9HonWRTllHI\"]}]}<\/script>\n<!-- \/ Yoast SEO plugin. -->","yoast_head_json":{"title":"Impressum - Leeb Balkone \u00d6sterreich","description":"Leeb Balkone GmbH Firmensitz:Maitratten 25A-9563 Gnesau Tel. International: +43 4278 7000Mail:&nbsp;office@leeb-balkone.com UID-NR.: ATU","robots":{"index":"index","follow":"follow","max-snippet":"max-snippet:-1","max-image-preview":"max-image-preview:large","max-video-preview":"max-video-preview:-1"},"og_locale":"de_DE","og_type":"article","og_title":"Impressum - Leeb Balkone","og_description":"Leeb Balkone GmbH Firmensitz:Maitratten 25A-9563 Gnesau Tel. International: +43 4278 7000Mail:&nbsp;office@leeb-balkone.com UID-NR.: ATU","og_url":"https:\/\/www.leeb-balkone.com\/at\/impressum\/","og_site_name":"Leeb Balkone","article_publisher":"https:\/\/www.facebook.com\/balkone\/","article_modified_time":"2026-04-30T07:59:09+00:00","og_image":[{"width":2560,"height":1762,"url":"https:\/\/www.leeb-balkone.com\/app\/uploads\/2020\/09\/alu-balkongelaender-zufriedene-kunden-1.jpg","type":"image\/jpeg"}],"twitter_card":"summary_large_image","schema":{"@context":"https:\/\/schema.org","@graph":[{"@type":"WebPage","@id":"https:\/\/www.leeb-balkone.com\/at\/impressum\/","url":"https:\/\/www.leeb-balkone.com\/at\/impressum\/","name":"Impressum - Leeb Balkone","isPartOf":{"@id":"https:\/\/www.leeb-balkone.com\/at\/#website"},"datePublished":"2020-11-04T10:05:43+00:00","dateModified":"2026-04-30T07:59:09+00:00","description":"Leeb Balkone GmbH Firmensitz:Maitratten 25A-9563 Gnesau Tel. International: +43 4278 7000Mail:&nbsp;office@leeb-balkone.com UID-NR.: ATU","breadcrumb":{"@id":"https:\/\/www.leeb-balkone.com\/at\/impressum\/#breadcrumb"},"inLanguage":"de-AT","potentialAction":[{"@type":"ReadAction","target":["https:\/\/www.leeb-balkone.com\/at\/impressum\/"]}]},{"@type":"BreadcrumbList","@id":"https:\/\/www.leeb-balkone.com\/at\/impressum\/#breadcrumb","itemListElement":[{"@type":"ListItem","position":1,"name":"Home","item":"https:\/\/www.leeb-balkone.com\/at\/"},{"@type":"ListItem","position":2,"name":"Impressum"}]},{"@type":"WebSite","@id":"https:\/\/www.leeb-balkone.com\/at\/#website","url":"https:\/\/www.leeb-balkone.com\/at\/","name":"Leeb Balkone","description":"Balkone und Z\u00e4une","publisher":{"@id":"https:\/\/www.leeb-balkone.com\/at\/#organization"},"potentialAction":[{"@type":"SearchAction","target":{"@type":"EntryPoint","urlTemplate":"https:\/\/www.leeb-balkone.com\/at\/?s={search_term_string}"},"query-input":{"@type":"PropertyValueSpecification","valueRequired":true,"valueName":"search_term_string"}}],"inLanguage":"de-AT"},{"@type":"Organization","@id":"https:\/\/www.leeb-balkone.com\/at\/#organization","name":"Leeb Balkone Gmbh","url":"https:\/\/www.leeb-balkone.com\/at\/","logo":{"@type":"ImageObject","inLanguage":"de-AT","@id":"https:\/\/www.leeb-balkone.com\/at\/#\/schema\/logo\/image\/","url":"https:\/\/www.leeb-balkone.com\/app\/uploads\/2020\/11\/leeb-logo.svg","contentUrl":"https:\/\/www.leeb-balkone.com\/app\/uploads\/2020\/11\/leeb-logo.svg","width":741,"height":204,"caption":"Leeb Balkone Gmbh"},"image":{"@id":"https:\/\/www.leeb-balkone.com\/at\/#\/schema\/logo\/image\/"},"sameAs":["https:\/\/www.facebook.com\/balkone\/","https:\/\/www.trustedshops.at\/bewertung\/info_X4587CCF5833E31AFE0B11F47D86999F2.html","https:\/\/www.trustedshops.de\/bewertung\/info_X7BA536A7A0BDC86D36C4718E4DCAEEEF.html","https:\/\/www.google.com\/maps\/place\/?q=place_id:ChIJ5-zH19-IcEcR9HonWRTllHI"]}]}},"_links":{"self":[{"href":"https:\/\/www.leeb-balkone.com\/at\/wp-json\/wp\/v2\/pages\/19583","targetHints":{"allow":["GET"]}}],"collection":[{"href":"https:\/\/www.leeb-balkone.com\/at\/wp-json\/wp\/v2\/pages"}],"about":[{"href":"https:\/\/www.leeb-balkone.com\/at\/wp-json\/wp\/v2\/types\/page"}],"author":[{"embeddable":true,"href":"https:\/\/www.leeb-balkone.com\/at\/wp-json\/wp\/v2\/users\/1"}],"replies":[{"embeddable":true,"href":"https:\/\/www.leeb-balkone.com\/at\/wp-json\/wp\/v2\/comments?post=19583"}],"version-history":[{"count":9,"href":"https:\/\/www.leeb-balkone.com\/at\/wp-json\/wp\/v2\/pages\/19583\/revisions"}],"predecessor-version":[{"id":168475,"href":"https:\/\/www.leeb-balkone.com\/at\/wp-json\/wp\/v2\/pages\/19583\/revisions\/168475"}],"wp:attachment":[{"href":"https:\/\/www.leeb-balkone.com\/at\/wp-json\/wp\/v2\/media?parent=19583"}],"wp:term":[{"taxonomy":"folder","embeddable":true,"href":"https:\/\/www.leeb-balkone.com\/at\/wp-json\/wp\/v2\/folder?post=19583"}],"curies":[{"name":"wp","href":"https:\/\/api.w.org\/{rel}","templated":true}]}}

<header class="wp-block-group alignfull t3-header u-max-wide t3-header-text has-white-background-color has-background has-global-padding is-layout-constrained wp-block-group-is-layout-constrained">
    <div class="wp-block-group o-grid u-md-1 u-sm-1 is-layout-flow wp-block-group-is-layout-flow">
  <div class="wp-block-group u-g-10 u-g-s-2">
      <div class="yoast-breadcrumbs"><span><span><a href="https://www.leeb-balkone.com/at/">Home</a></span></span></div>
      
    <h1>Impressum</h1>
  </div>
</div>
  </header>







<section class="wp-block-cgb-t3-section-block b-pt-none  is-style-bg-white" style="display:inherit;min-height:inherit">
<div class="wp-block-cgb-t3-container-block none" style="background-color:none"><div class="grid-container"><div class="grid-x"><div class="cell small-12 medium-0 large-9 medium-offset-1">
<h2 class="wp-block-heading">Leeb Balkone GmbH</h2>



<p>Firmensitz:<br>Maitratten 25<br>A-9563 Gnesau</p>



<p>Tel. International: <a href="tel:+4342787000">+43 4278 7000</a><br>Mail:&nbsp;<a href="mailto:office@leeb-balkone.com">office@leeb-balkone.com</a></p>



<p>UID-NR.: ATU 25562003<br>Firmenbuch Nr.: 109631 y<br>Firmenbuch Gericht: A-9020 Klagenfurt<br>Kammer: Wirtschaftskammer Österreich, Fachgruppe Holzbau und Holzindustrie, Metallverarbeitende Industrie<br>Behörde gemäß §5 ECG: BH Feldkirchen<br>Geschäftsführer: DI (FH) Alexander Ertl</p>



<p>Unsere Website wird ständig aktualisiert und überprüft. Trotz aller Sorgfalt können sich die Daten inzwischen verändert haben. Eine Haftung oder Garantie für die Aktualität, Richtigkeit und Vollständigkeit der zur Verfügung gestellten Informationen kann daher nicht übernommen werden. Gleiches gilt auch für alle anderen Websites, auf die mittels Hyperlink verwiesen wird. Das Herstellen von Verbindungen zu derartigen Websites erfolgt auf eigene Gefahr. Die Leeb Balkone GmbH ist für den Inhalt der Websites, die aufgrund einer solchen Verbindung erreicht werden, nicht verantwortlich.<br>Des weiteren behält sich die Leeb Balkone GmbH das Recht vor, Änderungen oder Ergänzungen der bereitgestellten Informationen vorzunehmen. Die dargestellten Modelle und Informationen unterliegen der ständigen Weiterentwicklung. Die tatsächliche Ausführung kann daher von den Abbildungen auf der Website abweichen.</p>



<p><strong>Webauftritt</strong> – Konzept, Design und Umsetzung<br><a href="mailto:wb@tordrei.com">Berger Wolfgang</a> | tordrei.com</p>
</div></div></div></div>



<p></p>
</section>

<!-- This site is optimized with the Yoast SEO plugin v27.2 - https://yoast.com/product/yoast-seo-wordpress/ -->
<title>Impressum - Leeb Balkone Österreich</title>
<meta name="description" content="Leeb Balkone GmbH Firmensitz:Maitratten 25A-9563 Gnesau Tel. International: +43 4278 7000Mail:&nbsp;office@leeb-balkone.com UID-NR.: ATU" />
<meta name="robots" content="index, follow, max-snippet:-1, max-image-preview:large, max-video-preview:-1" />
<meta property="og:locale" content="de_DE" />
<meta property="og:type" content="article" />
<meta property="og:title" content="Impressum - Leeb Balkone" />
<meta property="og:description" content="Leeb Balkone GmbH Firmensitz:Maitratten 25A-9563 Gnesau Tel. International: +43 4278 7000Mail:&nbsp;office@leeb-balkone.com UID-NR.: ATU" />
<meta property="og:url" content="https://www.leeb-balkone.com/at/impressum/" />
<meta property="og:site_name" content="Leeb Balkone" />
<meta property="article:publisher" content="https://www.facebook.com/balkone/" />
<meta property="article:modified_time" content="2026-04-30T07:59:09+00:00" />
<meta property="og:image" content="https://www.leeb-balkone.com/app/uploads/2020/09/alu-balkongelaender-zufriedene-kunden-1.jpg" />
	<meta property="og:image:width" content="2560" />
	<meta property="og:image:height" content="1762" />
	<meta property="og:image:type" content="image/jpeg" />
<meta name="twitter:card" content="summary_large_image" />
<script type="application/ld+json" class="yoast-schema-graph">{"@context":"https://schema.org","@graph":[{"@type":"WebPage","@id":"https://www.leeb-balkone.com/at/impressum/","url":"https://www.leeb-balkone.com/at/impressum/","name":"Impressum - Leeb Balkone","isPartOf":{"@id":"https://www.leeb-balkone.com/at/#website"},"datePublished":"2020-11-04T10:05:43+00:00","dateModified":"2026-04-30T07:59:09+00:00","description":"Leeb Balkone GmbH Firmensitz:Maitratten 25A-9563 Gnesau Tel. International: +43 4278 7000Mail:&nbsp;office@leeb-balkone.com UID-NR.: ATU","breadcrumb":{"@id":"https://www.leeb-balkone.com/at/impressum/#breadcrumb"},"inLanguage":"de-AT","potentialAction":[{"@type":"ReadAction","target":["https://www.leeb-balkone.com/at/impressum/"]}]},{"@type":"BreadcrumbList","@id":"https://www.leeb-balkone.com/at/impressum/#breadcrumb","itemListElement":[{"@type":"ListItem","position":1,"name":"Home","item":"https://www.leeb-balkone.com/at/"},{"@type":"ListItem","position":2,"name":"Impressum"}]},{"@type":"WebSite","@id":"https://www.leeb-balkone.com/at/#website","url":"https://www.leeb-balkone.com/at/","name":"Leeb Balkone","description":"Balkone und Zäune","publisher":{"@id":"https://www.leeb-balkone.com/at/#organization"},"potentialAction":[{"@type":"SearchAction","target":{"@type":"EntryPoint","urlTemplate":"https://www.leeb-balkone.com/at/?s={search_term_string}"},"query-input":{"@type":"PropertyValueSpecification","valueRequired":true,"valueName":"search_term_string"}}],"inLanguage":"de-AT"},{"@type":"Organization","@id":"https://www.leeb-balkone.com/at/#organization","name":"Leeb Balkone Gmbh","url":"https://www.leeb-balkone.com/at/","logo":{"@type":"ImageObject","inLanguage":"de-AT","@id":"https://www.leeb-balkone.com/at/#/schema/logo/image/","url":"https://www.leeb-balkone.com/app/uploads/2020/11/leeb-logo.svg","contentUrl":"https://www.leeb-balkone.com/app/uploads/2020/11/leeb-logo.svg","width":741,"height":204,"caption":"Leeb Balkone Gmbh"},"image":{"@id":"https://www.leeb-balkone.com/at/#/schema/logo/image/"},"sameAs":["https://www.facebook.com/balkone/","https://www.trustedshops.at/bewertung/info_X4587CCF5833E31AFE0B11F47D86999F2.html","https://www.trustedshops.de/bewertung/info_X7BA536A7A0BDC86D36C4718E4DCAEEEF.html","https://www.google.com/maps/place/?q=place_id:ChIJ5-zH19-IcEcR9HonWRTllHI"]}]}</script>
<!-- / Yoast SEO plugin. -->

Impressum - Leeb Balkone Österreich

Balkone und Zäune
